000
CDUS46 KLOX 310118
CLILAX


CLIMATE REPORT
NATIONAL WEATHER SERVICE LOS ANGELES/OXNARD CA
518 PM PST FRI JAN 30 2015


...................................

...THE LOS ANGELES AIRPORT CLIMATE SUMMARY FOR JANUARY 30 2015...
VALID TODAY AS OF 0500 PM LOCAL TIME.

CLIMATE NORMAL PERIOD 1981 TO 2010
CLIMATE RECORD PERIOD 1944 TO 2015


WEATHER ITEM   OBSERVED TIME   RECORD YEAR NORMAL DEPARTURE LAST
                VALUE   (LST)  VALUE       VALUE  FROM      YEAR
                                                  NORMAL
..................................................................
TEMPERATURE (F)
 TODAY
  MAXIMUM         68    115 PM  83    1992  65      3       62
  MINIMUM         60    828 AM  36    1945  49     11       57
  AVERAGE         64                        57      7       60

PRECIPITATION (IN)
  TODAY            0.04          1.18 1979   0.09  -0.05      T
  MONTH TO DATE    1.25                      2.61  -1.36      T
  SINCE OCT 1      5.95                      6.33  -0.38     1.01
  SINCE JAN 1      1.25                      2.61  -1.36      T

SNOWFALL (IN)
  TODAY            0.0
  MONTH TO DATE    0.0
  SINCE DEC 1      0.0
  SINCE JUL 1      0.0

DEGREE DAYS
 HEATING
  TODAY            1                         8     -7        5
  MONTH TO DATE  155                       251    -96      116
  SINCE DEC 1    362                       511   -149      309
  SINCE JUL 1    404                       693   -289      409

 COOLING
  TODAY            0                         0      0        0
  MONTH TO DATE    7                         0      7       16
  SINCE DEC 1      9                         1      8       32
  SINCE JAN 1      7                         0      7       16
..................................................................


WIND (MPH)
  HIGHEST WIND SPEED    13   HIGHEST WIND DIRECTION     W (250)
  HIGHEST GUST SPEED    16   HIGHEST GUST DIRECTION    NW (300)
  AVERAGE WIND SPEED     4.4


SKY COVER
  POSSIBLE SUNSHINE  MM
  AVERAGE SKY COVER 0.8


WEATHER CONDITIONS
 THE FOLLOWING WEATHER WAS RECORDED TODAY.
  LIGHT RAIN


RELATIVE HUMIDITY (PERCENT)
 HIGHEST    72           200 AM
 LOWEST     52           300 AM
 AVERAGE    62

..........................................................


THE LOS ANGELES AIRPORT CLIMATE NORMALS FOR TOMORROW
                         NORMAL    RECORD    YEAR
 MAXIMUM TEMPERATURE (F)   65        91      2003
 MINIMUM TEMPERATURE (F)   49        34      1946


SUNRISE AND SUNSET
JANUARY 30 2015.......SUNRISE   652 AM PST   SUNSET   522 PM PST
JANUARY 31 2015.......SUNRISE   651 AM PST   SUNSET   523 PM PST


-  INDICATES NEGATIVE NUMBERS.
R  INDICATES RECORD WAS SET OR TIED.
MM INDICATES DATA IS MISSING.
T  INDICATES TRACE AMOUNT.




$$
