000
CDUS46 KLOX 230112
CLILAX


CLIMATE REPORT
NATIONAL WEATHER SERVICE LOS ANGELES/OXNARD CA
511 PM PST SAT NOV 22 2014


...................................

...THE LOS ANGELES AIRPORT CLIMATE SUMMARY FOR NOVEMBER 22 2014...
VALID TODAY AS OF 0500 PM LOCAL TIME.

CLIMATE NORMAL PERIOD 1981 TO 2010
CLIMATE RECORD PERIOD 1944 TO 2014


WEATHER ITEM   OBSERVED TIME   RECORD YEAR NORMAL DEPARTURE LAST
                VALUE   (LST)  VALUE       VALUE  FROM      YEAR
                                                  NORMAL
..................................................................
TEMPERATURE (F)
 TODAY
  MAXIMUM         70   1131 AM  89    1950  68      2       66
  MINIMUM         53    537 AM  42    1983  52      1       56
  AVERAGE         62                        60      2       61

PRECIPITATION (IN)
  TODAY            0.00          2.12 1965   0.04  -0.04      T
  MONTH TO DATE    0.20                      0.74  -0.54     0.38
  SINCE JUL 1      0.63                      1.59  -0.96     0.43
  SINCE JAN 1      4.04                     10.40  -6.36     3.04

SNOWFALL (IN)
  TODAY            0.0
  MONTH TO DATE    0.0
  SINCE SEP 1      0.0
  SINCE JUL 1      0.0

DEGREE DAYS
 HEATING
  TODAY            3                         6     -3        4
  MONTH TO DATE   37                        87    -50       33
  SINCE SEP 1     37                       127    -90       72
  SINCE JUL 1     37                       131    -94       73

 COOLING
  TODAY            0                         0      0        0
  MONTH TO DATE   28                        18     10       39
  SINCE SEP 1    438                       203    235      271
  SINCE JAN 1   1156                       549    607      701
..................................................................


WIND (MPH)
  HIGHEST WIND SPEED    14   HIGHEST WIND DIRECTION     W (270)
  HIGHEST GUST SPEED    18   HIGHEST GUST DIRECTION     W (250)
  AVERAGE WIND SPEED     5.5


SKY COVER
  POSSIBLE SUNSHINE  MM
  AVERAGE SKY COVER 0.3


WEATHER CONDITIONS
 THE FOLLOWING WEATHER WAS RECORDED TODAY.
  NO SIGNIFICANT WEATHER WAS OBSERVED.


RELATIVE HUMIDITY (PERCENT)
 HIGHEST    73           200 PM
 LOWEST     53          1200 PM
 AVERAGE    63

..........................................................


THE LOS ANGELES AIRPORT CLIMATE NORMALS FOR TOMORROW
                         NORMAL    RECORD    YEAR
 MAXIMUM TEMPERATURE (F)   68        84      1990
 MINIMUM TEMPERATURE (F)   52        38      1947


SUNRISE AND SUNSET
NOVEMBER 22 2014......SUNRISE   633 AM PST   SUNSET   447 PM PST
NOVEMBER 23 2014......SUNRISE   633 AM PST   SUNSET   446 PM PST


-  INDICATES NEGATIVE NUMBERS.
R  INDICATES RECORD WAS SET OR TIED.
MM INDICATES DATA IS MISSING.
T  INDICATES TRACE AMOUNT.




$$
