000
CDUS46 KLOX 190904
CLILAX


CLIMATE REPORT
NATIONAL WEATHER SERVICE LOS ANGELES/OXNARD CA
204 AM PDT SAT APR 19 2014


...................................

...THE LOS ANGELES INTL AIRPORT CA CLIMATE SUMMARY FOR APRIL 18 2014...

CLIMATE NORMAL PERIOD 1981 TO 2010
CLIMATE RECORD PERIOD 1944 TO 2014


WEATHER ITEM   OBSERVED TIME   RECORD YEAR NORMAL DEPARTURE LAST
                VALUE   (LST)  VALUE       VALUE  FROM      YEAR
                                                  NORMAL
..................................................................
TEMPERATURE (F)
 YESTERDAY
  MAXIMUM         72   1128 AM  78    1999  67      5       77
  MINIMUM         60   1156 PM  44    1963  54      6       53
  AVERAGE         66                        60      6       65

PRECIPITATION (IN)
  YESTERDAY        0.00          0.65 1983   0.02  -0.02     0.00
  MONTH TO DATE    0.17                      0.49  -0.32     0.06
  SINCE JUL 1      4.36                     12.31  -7.95     6.50
  SINCE JAN 1      3.32                      8.30  -4.98     2.22

SNOWFALL (IN)
  YESTERDAY        0.0
  MONTH TO DATE    0.0
  SINCE MAR 1      0.0
  SINCE JUL 1      0.0

DEGREE DAYS
 HEATING
  YESTERDAY        0                         5     -5        0
  MONTH TO DATE   70                       103    -33       62
  SINCE MAR 1    160                       324   -164      241
  SINCE JUL 1    715                      1253   -538     1109

 COOLING
  YESTERDAY        1                         0      1        0
  MONTH TO DATE    9                         0      9        0
  SINCE MAR 1     28                         6     22        8
  SINCE JAN 1     44                        15     29       16
..................................................................


WIND (MPH)
  HIGHEST WIND SPEED    18   HIGHEST WIND DIRECTION     W (270)
  HIGHEST GUST SPEED    23   HIGHEST GUST DIRECTION     W (280)
  AVERAGE WIND SPEED     7.5


SKY COVER
  POSSIBLE SUNSHINE  MM
  AVERAGE SKY COVER 0.8


WEATHER CONDITIONS
 THE FOLLOWING WEATHER WAS RECORDED YESTERDAY.
  NO SIGNIFICANT WEATHER WAS OBSERVED.


RELATIVE HUMIDITY (PERCENT)
 HIGHEST    78          1200 AM
 LOWEST     47          1100 AM
 AVERAGE    63

..........................................................


THE LOS ANGELES INTL AIRPORT CA CLIMATE NORMALS FOR TODAY
                         NORMAL    RECORD    YEAR
 MAXIMUM TEMPERATURE (F)   67        87      2009
 MINIMUM TEMPERATURE (F)   54        46      1995


SUNRISE AND SUNSET
APRIL 19 2014.........SUNRISE   618 AM PDT   SUNSET   728 PM PDT
APRIL 20 2014.........SUNRISE   617 AM PDT   SUNSET   729 PM PDT


-  INDICATES NEGATIVE NUMBERS.
R  INDICATES RECORD WAS SET OR TIED.
MM INDICATES DATA IS MISSING.
T  INDICATES TRACE AMOUNT.




$$
