000
CDUS46 KLOX 270111
CLILAX


CLIMATE REPORT
NATIONAL WEATHER SERVICE LOS ANGELES/OXNARD CA
611 PM PDT TUE MAY 26 2015


...................................

...THE LOS ANGELES AIRPORT CLIMATE SUMMARY FOR MAY 26 2015...
VALID TODAY AS OF 0600 PM LOCAL TIME.

CLIMATE NORMAL PERIOD 1981 TO 2010
CLIMATE RECORD PERIOD 1944 TO 2015


WEATHER ITEM   OBSERVED TIME   RECORD YEAR NORMAL DEPARTURE LAST
                VALUE   (LST)  VALUE       VALUE  FROM      YEAR
                                                  NORMAL
..................................................................
TEMPERATURE (F)
 TODAY
  MAXIMUM         66    145 PM  85    1968  68     -2       73
  MINIMUM         59    708 AM  49    1980  58      1       63
                                      1953
  AVERAGE         63                        63      0       68

PRECIPITATION (IN)
  TODAY            0.00          T    2001   0.01  -0.01     0.00
                                      1992
                                      1985
  MONTH TO DATE    0.43                      0.20   0.23     0.00
  SINCE OCT 1      7.25                     12.43  -5.18     4.42
  SINCE JAN 1      2.55                      8.71  -6.16     3.41

SNOWFALL (IN)
  TODAY            0.0
  MONTH TO DATE    0.0
  SINCE MAR 1      0.0
  SINCE JUL 1      0.0

DEGREE DAYS
 HEATING
  TODAY            2                         2      0        0
  MONTH TO DATE  100                        76     24       20
  SINCE MAR 1    267                       455   -188      203
  SINCE JUL 1    800                      1384   -584      758

 COOLING
  TODAY            0                         0      0        3
  MONTH TO DATE    0                         4     -4      130
  SINCE MAR 1     86                        21     65      177
  SINCE JAN 1    113                        30     83      193
..................................................................


WIND (MPH)
  HIGHEST WIND SPEED    17   HIGHEST WIND DIRECTION     W (260)
  HIGHEST GUST SPEED    22   HIGHEST GUST DIRECTION     W (260)
  AVERAGE WIND SPEED     8.4


SKY COVER
  POSSIBLE SUNSHINE  MM
  AVERAGE SKY COVER 0.9


WEATHER CONDITIONS
 THE FOLLOWING WEATHER WAS RECORDED TODAY.
  NO SIGNIFICANT WEATHER WAS OBSERVED.


RELATIVE HUMIDITY (PERCENT)
 HIGHEST    87           300 AM
 LOWEST     73          1200 PM
 AVERAGE    80

..........................................................


THE LOS ANGELES AIRPORT CLIMATE NORMALS FOR TOMORROW
                         NORMAL    RECORD    YEAR
 MAXIMUM TEMPERATURE (F)   68        83      1968
 MINIMUM TEMPERATURE (F)   58        50      1953
                                             1946
                                             1945


SUNRISE AND SUNSET
MAY 26 2015...........SUNRISE   546 AM PDT   SUNSET   756 PM PDT
MAY 27 2015...........SUNRISE   545 AM PDT   SUNSET   756 PM PDT


-  INDICATES NEGATIVE NUMBERS.
R  INDICATES RECORD WAS SET OR TIED.
MM INDICATES DATA IS MISSING.
T  INDICATES TRACE AMOUNT.




$$
