000
CDUS46 KLOX 240902
CLILAX


CLIMATE REPORT
NATIONAL WEATHER SERVICE LOS ANGELES/OXNARD CA
202 AM PDT SUN SEP 24 2017


...................................

...THE LOS ANGELES INTL AIRPORT CA CLIMATE SUMMARY FOR SEPTEMBER 23 2017...

CLIMATE NORMAL PERIOD 1981 TO 2010
CLIMATE RECORD PERIOD 1944 TO 2017


WEATHER ITEM   OBSERVED TIME   RECORD YEAR NORMAL DEPARTURE LAST
                VALUE   (LST)  VALUE       VALUE  FROM      YEAR
                                                  NORMAL
..................................................................
TEMPERATURE (F)
 YESTERDAY
  MAXIMUM         72    127 PM 104    1975  74     -2       75
  MINIMUM         56    404 AM  52    1944  63     -7       61
  AVERAGE         64                        68     -4       68

PRECIPITATION (IN)
  YESTERDAY        0.00          0.08 1987   0.01  -0.01     0.00
  MONTH TO DATE    0.08                      0.13  -0.05     0.01
  SINCE OCT 1     16.40                     12.74   3.66     7.26
  SINCE JAN 1     12.15                      9.02   3.13     6.02

SNOWFALL (IN)
  YESTERDAY        0.0
  MONTH TO DATE    0.0
  SINCE SEP 1      0.0
  SINCE JUL 1      0.0

DEGREE DAYS
 HEATING
  YESTERDAY        1                         0      1        0
  MONTH TO DATE    1                         0      1        0
  SINCE SEP 1      1                         0      1        0
  SINCE JUL 1      1                         4     -3        0

 COOLING
  YESTERDAY        0                         4     -4        3
  MONTH TO DATE  166                       101     65       95
  SINCE SEP 1    166                       101     65       95
  SINCE JAN 1    731                       447    284      677
..................................................................


WIND (MPH)
  HIGHEST WIND SPEED    17   HIGHEST WIND DIRECTION     W (270)
  HIGHEST GUST SPEED    23   HIGHEST GUST DIRECTION     W (260)
  AVERAGE WIND SPEED     6.9


SKY COVER
  POSSIBLE SUNSHINE  MM
  AVERAGE SKY COVER 0.2


WEATHER CONDITIONS
 THE FOLLOWING WEATHER WAS RECORDED YESTERDAY.
  NO SIGNIFICANT WEATHER WAS OBSERVED.


RELATIVE HUMIDITY (PERCENT)
 HIGHEST    87           300 AM
 LOWEST     53          1000 AM
 AVERAGE    70

..........................................................


THE LOS ANGELES INTL AIRPORT CA CLIMATE NORMALS FOR TODAY
                         NORMAL    RECORD    YEAR
 MAXIMUM TEMPERATURE (F)   74       105      1978
 MINIMUM TEMPERATURE (F)   63        54      1944


SUNRISE AND SUNSET
SEPTEMBER 24 2017.....SUNRISE   643 AM PDT   SUNSET   647 PM PDT
SEPTEMBER 25 2017.....SUNRISE   644 AM PDT   SUNSET   646 PM PDT


-  INDICATES NEGATIVE NUMBERS.
R  INDICATES RECORD WAS SET OR TIED.
MM INDICATES DATA IS MISSING.
T  INDICATES TRACE AMOUNT.




$$
