000
CDUS46 KLOX 250130
CLILAX


CLIMATE REPORT
NATIONAL WEATHER SERVICE LOS ANGELES/OXNARD CA
530 PM PST WED DEC 24 2014


...................................

...THE LOS ANGELES AIRPORT CLIMATE SUMMARY FOR DECEMBER 24 2014...
VALID TODAY AS OF 0500 PM LOCAL TIME.

CLIMATE NORMAL PERIOD 1981 TO 2010
CLIMATE RECORD PERIOD 1944 TO 2014


WEATHER ITEM   OBSERVED TIME   RECORD YEAR NORMAL DEPARTURE LAST
                VALUE   (LST)  VALUE       VALUE  FROM      YEAR
                                                  NORMAL
..................................................................
TEMPERATURE (F)
 TODAY
  MAXIMUM         73   1216 PM  84    1950  64      9       78
  MINIMUM         57    702 AM  35    1948  48      9       53
  AVERAGE         65                        56      9       66

PRECIPITATION (IN)
  TODAY            0.00          1.60 1971   0.07  -0.07     0.00
  MONTH TO DATE    3.73                      1.46   2.27     0.30
  SINCE JUL 1      4.58                      3.42   1.16     1.04
  SINCE JAN 1      7.99                     12.23  -4.24     3.65

SNOWFALL (IN)
  TODAY            0.0
  MONTH TO DATE    0.0
  SINCE DEC 1      0.0
  SINCE JUL 1      0.0

DEGREE DAYS
 HEATING
  TODAY            0                         9     -9        0
  MONTH TO DATE  117                       201    -84      172
  SINCE DEC 1    117                       201    -84      172
  SINCE JUL 1    159                       383   -224      272

 COOLING
  TODAY            0                         0      0        1
  MONTH TO DATE    2                         0      2       13
  SINCE DEC 1      2                         0      2       13
  SINCE JAN 1   1176                       550    626      715
..................................................................


WIND (MPH)
  HIGHEST WIND SPEED    14   HIGHEST WIND DIRECTION    SW (240)
  HIGHEST GUST SPEED    17   HIGHEST GUST DIRECTION    SW (240)
  AVERAGE WIND SPEED     4.7


SKY COVER
  POSSIBLE SUNSHINE  MM
  AVERAGE SKY COVER 0.4


WEATHER CONDITIONS
 THE FOLLOWING WEATHER WAS RECORDED TODAY.
  NO SIGNIFICANT WEATHER WAS OBSERVED.


RELATIVE HUMIDITY (PERCENT)
 HIGHEST    63           300 PM
 LOWEST     27          1200 PM
 AVERAGE    45

..........................................................


THE LOS ANGELES AIRPORT CLIMATE NORMALS FOR TOMORROW
                         NORMAL    RECORD    YEAR
 MAXIMUM TEMPERATURE (F)   64        83      1947
 MINIMUM TEMPERATURE (F)   48        35      1974


SUNRISE AND SUNSET
DECEMBER 24 2014......SUNRISE   656 AM PST   SUNSET   450 PM PST
DECEMBER 25 2014......SUNRISE   657 AM PST   SUNSET   451 PM PST


-  INDICATES NEGATIVE NUMBERS.
R  INDICATES RECORD WAS SET OR TIED.
MM INDICATES DATA IS MISSING.
T  INDICATES TRACE AMOUNT.




$$
