000
CDUS46 KLOX 210911
CLILAX


CLIMATE REPORT
NATIONAL WEATHER SERVICE LOS ANGELES/OXNARD CA
111 AM PST WED FEB 21 2018


...................................

...THE LOS ANGELES INTL AIRPORT CA CLIMATE SUMMARY FOR FEBRUARY 20 2018...

CLIMATE NORMAL PERIOD 1981 TO 2010
CLIMATE RECORD PERIOD 1944 TO 2018


WEATHER ITEM   OBSERVED TIME   RECORD YEAR NORMAL DEPARTURE LAST
                VALUE   (LST)  VALUE       VALUE  FROM      YEAR
                                                  NORMAL
..................................................................
TEMPERATURE (F)
 YESTERDAY
  MAXIMUM         60    128 PM  90    1995  64     -4       61
  MINIMUM         41    621 AM  38    1945  50     -9       53
  AVERAGE         51                        57     -6       57

PRECIPITATION (IN)
  YESTERDAY        0.00          1.90 1996   0.13  -0.13     0.07
  MONTH TO DATE    T                         2.34  -2.34     3.96
  SINCE OCT 1      1.51                      8.77  -7.26    15.65
  SINCE JAN 1      1.40                      5.05  -3.65    11.40

SNOWFALL (IN)
  YESTERDAY        0.0
  MONTH TO DATE    0.0
  SINCE DEC 1      0.0
  SINCE JUL 1      0.0

DEGREE DAYS
 HEATING
  YESTERDAY       14                         8      6        8
  MONTH TO DATE   85                       160    -75      128
  SINCE DEC 1    320                       682   -362      611
  SINCE JUL 1    351                       864   -513      690

 COOLING
  YESTERDAY        0                         0      0        0
  MONTH TO DATE    3                         0      3        0
  SINCE DEC 1     48                         5     43        2
  SINCE JAN 1     31                         4     27        0
..................................................................


WIND (MPH)
  HIGHEST WIND SPEED    21   HIGHEST WIND DIRECTION     W (270)
  HIGHEST GUST SPEED    24   HIGHEST GUST DIRECTION     W (270)
  AVERAGE WIND SPEED     8.5


SKY COVER
  POSSIBLE SUNSHINE  MM
  AVERAGE SKY COVER 0.0


WEATHER CONDITIONS
 THE FOLLOWING WEATHER WAS RECORDED YESTERDAY.
  NO SIGNIFICANT WEATHER WAS OBSERVED.


RELATIVE HUMIDITY (PERCENT)
 HIGHEST    41           700 PM
 LOWEST     14          1200 PM
 AVERAGE    28

..........................................................


THE LOS ANGELES INTL AIRPORT CA CLIMATE NORMALS FOR TODAY
                         NORMAL    RECORD    YEAR
 MAXIMUM TEMPERATURE (F)   64        89      2002
 MINIMUM TEMPERATURE (F)   50        40      1953
                                             1948


SUNRISE AND SUNSET
FEBRUARY 21 2018......SUNRISE   632 AM PST   SUNSET   543 PM PST
FEBRUARY 22 2018......SUNRISE   630 AM PST   SUNSET   544 PM PST


-  INDICATES NEGATIVE NUMBERS.
R  INDICATES RECORD WAS SET OR TIED.
MM INDICATES DATA IS MISSING.
T  INDICATES TRACE AMOUNT.




$$
