000
CDUS44 KLUB 190626
CLILBB


CLIMATE REPORT
NATIONAL WEATHER SERVICE LUBBOCK, TX
1225 AM CST THU JAN 19 2017


...................................

...THE LUBBOCK CLIMATE SUMMARY FOR JANUARY 18 2017...

CLIMATE NORMAL PERIOD 1981 TO 2010
CLIMATE RECORD PERIOD 1911 TO 2017


WEATHER ITEM   OBSERVED TIME   RECORD YEAR NORMAL DEPARTURE LAST
                VALUE   (LST)  VALUE       VALUE  FROM      YEAR
                                                  NORMAL
..................................................................
TEMPERATURE (F)
 YESTERDAY
  MAXIMUM         57    424 PM  79    1914  54      3       51
  MINIMUM         41    559 AM  -5    1930  26     15       27
  AVERAGE         49                        40      9       39

PRECIPITATION (IN)
  YESTERDAY        T             0.55 1925   0.03  -0.03     0.00
  MONTH TO DATE    2.02                      0.34   1.68     0.30
  SINCE DEC 1      2.51                      1.10   1.41     1.87
  SINCE JAN 1      2.02                      0.34   1.68     0.30

SNOWFALL (IN)
  YESTERDAY       MM             5.5  1925   0.1   MM        0.0
  MONTH TO DATE    0.2                       1.4   -1.2      2.1
  SINCE DEC 1      0.2                       3.7   -3.5     13.3
  SINCE JUL 1      0.2                       4.6   -4.4     13.3
  SNOW DEPTH       0

DEGREE DAYS
 HEATING
  YESTERDAY       16                        25     -9       26
  MONTH TO DATE  411                       454    -43      493
  SINCE DEC 1   1117                      1210    -93     1153
  SINCE JUL 1   1481                      1852   -371     1672

 COOLING
  YESTERDAY        0                         0      0        0
  MONTH TO DATE    0                         0      0        0
  SINCE DEC 1      0                         0      0        0
  SINCE JAN 1      0                         0      0        0
..................................................................


WIND (MPH)
  RESULTANT WIND SPEED   8   RESULTANT WIND DIRECTION  SW (230)
  HIGHEST WIND SPEED    18   HIGHEST WIND DIRECTION    SW (230)
  HIGHEST GUST SPEED    22   HIGHEST GUST DIRECTION    SW (230)
  AVERAGE WIND SPEED     9.2


SKY COVER
  AVERAGE SKY COVER 0.6


WEATHER CONDITIONS
 THE FOLLOWING WEATHER WAS RECORDED YESTERDAY.
  LIGHT RAIN
  FOG


RELATIVE HUMIDITY (PERCENT)
 HIGHEST   100           500 AM
 LOWEST     57           400 PM
 AVERAGE    79

..........................................................


THE LUBBOCK CLIMATE NORMALS FOR TODAY
                         NORMAL    RECORD    YEAR
 MAXIMUM TEMPERATURE (F)   54        80      2000
 MINIMUM TEMPERATURE (F)   26         0      1963
                                             1943


SUNRISE AND SUNSET
JANUARY 19 2017.......SUNRISE   750 AM CST   SUNSET   606 PM CST
JANUARY 20 2017.......SUNRISE   750 AM CST   SUNSET   607 PM CST


-  INDICATES NEGATIVE NUMBERS.
R  INDICATES RECORD WAS SET OR TIED.
MM INDICATES DATA IS MISSING.
T  INDICATES TRACE AMOUNT.




$$
