000
CDUS44 KLUB 150725
CLILBB


CLIMATE REPORT
NATIONAL WEATHER SERVICE LUBBOCK, TX
125 AM CST FRI DEC 15 2017


...................................

...THE LUBBOCK CLIMATE SUMMARY FOR DECEMBER 14 2017...

CLIMATE NORMAL PERIOD 1981 TO 2010
CLIMATE RECORD PERIOD 1911 TO 2017


WEATHER ITEM   OBSERVED TIME   RECORD YEAR NORMAL DEPARTURE LAST
                VALUE   (LST)  VALUE       VALUE  FROM      YEAR
                                                  NORMAL
..................................................................
TEMPERATURE (F)
 YESTERDAY
  MAXIMUM         52    339 PM  82    2010  54     -2       63
  MINIMUM         31    809 AM   8    1987  27      4       27
                                      1919
  AVERAGE         42                        40      2       45

PRECIPITATION (IN)
  YESTERDAY        0.00          0.62 1959   0.03  -0.03     0.00
  MONTH TO DATE    T                         0.36  -0.36     0.43
  SINCE DEC 1      T                         0.36  -0.36     0.43
  SINCE JAN 1     21.95                     18.72   3.23    13.41

SNOWFALL (IN)
  YESTERDAY        0.0           6.0  1945   0.1   -0.1      0.0
  MONTH TO DATE    T                         0.9   -0.9       T
  SINCE DEC 1      T                         0.9   -0.9       T
  SINCE JUL 1      T                         1.8   -1.8       T
  SNOW DEPTH       0

DEGREE DAYS
 HEATING
  YESTERDAY       23                        25     -2       20
  MONTH TO DATE  265                       325    -60      335
  SINCE DEC 1    265                       325    -60      335
  SINCE JUL 1    771                       967   -196      699

 COOLING
  YESTERDAY        0                         0      0        0
  MONTH TO DATE    0                         0      0        0
  SINCE DEC 1      0                         0      0        0
  SINCE JAN 1   1991                      1804    187     2114
..................................................................


WIND (MPH)
  RESULTANT WIND SPEED  12   RESULTANT WIND DIRECTION  NE (30)
  HIGHEST WIND SPEED    23   HIGHEST WIND DIRECTION    NE (50)
  HIGHEST GUST SPEED    30   HIGHEST GUST DIRECTION    NE (30)
  AVERAGE WIND SPEED    12.8


SKY COVER
  AVERAGE SKY COVER 0.1


WEATHER CONDITIONS
 THE FOLLOWING WEATHER WAS RECORDED YESTERDAY.
  NO SIGNIFICANT WEATHER WAS OBSERVED.


RELATIVE HUMIDITY (PERCENT)
 HIGHEST    69           900 PM
 LOWEST     28           400 PM
 AVERAGE    49

..........................................................


THE LUBBOCK CLIMATE NORMALS FOR TODAY
                         NORMAL    RECORD    YEAR
 MAXIMUM TEMPERATURE (F)   54        80      2010
 MINIMUM TEMPERATURE (F)   27         2      1987


SUNRISE AND SUNSET
DECEMBER 15 2017......SUNRISE   745 AM CST   SUNSET   541 PM CST
DECEMBER 16 2017......SUNRISE   745 AM CST   SUNSET   541 PM CST


-  INDICATES NEGATIVE NUMBERS.
R  INDICATES RECORD WAS SET OR TIED.
MM INDICATES DATA IS MISSING.
T  INDICATES TRACE AMOUNT.




$$
