000
CDUS44 KLUB 130626
CLILBB


CLIMATE REPORT
NATIONAL WEATHER SERVICE LUBBOCK, TX
1226 AM CST SAT FEB 13 2016


...................................

...THE LUBBOCK CLIMATE SUMMARY FOR FEBRUARY 12 2016...

CLIMATE NORMAL PERIOD 1981 TO 2010
CLIMATE RECORD PERIOD 1911 TO 2016


WEATHER ITEM   OBSERVED TIME   RECORD YEAR NORMAL DEPARTURE LAST
                VALUE   (LST)  VALUE       VALUE  FROM      YEAR
                                                  NORMAL
..................................................................
TEMPERATURE (F)
 YESTERDAY
  MAXIMUM         71    343 PM  86    1962  58     13       54
  MINIMUM         28    655 AM   9    1958  29     -1       28
                                      1948
  AVERAGE         50                        44      6       41

PRECIPITATION (IN)
  YESTERDAY        0.00          0.48 2013   0.02  -0.02     0.00
                                      1928
  MONTH TO DATE    0.00                      0.32  -0.32      T
  SINCE DEC 1      1.87                      1.73   0.14     2.00
  SINCE JAN 1      0.30                      0.97  -0.67     1.61

SNOWFALL (IN)
  YESTERDAY        0.0           2.8  2012   0.1   -0.1      0.0
  MONTH TO DATE    0.0                       0.9   -0.9      0.0
  SINCE DEC 1     13.3                       5.8    7.5      6.6
  SINCE JUL 1     13.3                       6.7    6.6      7.1
  SNOW DEPTH       0

DEGREE DAYS
 HEATING
  YESTERDAY       15                        21     -6       24
  MONTH TO DATE  266                       267     -1      184
  SINCE DEC 1   1660                      1790   -130     1638
  SINCE JUL 1   2179                      2432   -253     2313

 COOLING
  YESTERDAY        0                         0      0        0
  MONTH TO DATE    0                         0      0        0
  SINCE DEC 1      0                         0      0        0
  SINCE JAN 1      0                         0      0        0
..................................................................


WIND (MPH)
  RESULTANT WIND SPEED   4   RESULTANT WIND DIRECTION   E (110)
  HIGHEST WIND SPEED    16   HIGHEST WIND DIRECTION    SE (130)
  HIGHEST GUST SPEED    22   HIGHEST GUST DIRECTION    SE (130)
  AVERAGE WIND SPEED     8.5


SKY COVER
  AVERAGE SKY COVER 0.0


WEATHER CONDITIONS
 THE FOLLOWING WEATHER WAS RECORDED YESTERDAY.
  NO SIGNIFICANT WEATHER WAS OBSERVED.


RELATIVE HUMIDITY (PERCENT)
 HIGHEST    75           700 AM
 LOWEST     17           400 PM
 AVERAGE    46

..........................................................


THE LUBBOCK CLIMATE NORMALS FOR TODAY
                         NORMAL    RECORD    YEAR
 MAXIMUM TEMPERATURE (F)   58        81      1979
 MINIMUM TEMPERATURE (F)   30         7      1963


SUNRISE AND SUNSET
FEBRUARY 13 2016......SUNRISE   734 AM CST   SUNSET   629 PM CST
FEBRUARY 14 2016......SUNRISE   733 AM CST   SUNSET   630 PM CST


-  INDICATES NEGATIVE NUMBERS.
R  INDICATES RECORD WAS SET OR TIED.
MM INDICATES DATA IS MISSING.
T  INDICATES TRACE AMOUNT.




$$
