000
CDUS44 KLUB 302227
CLILBB


CLIMATE REPORT
NATIONAL WEATHER SERVICE LUBBOCK, TX
527 PM CDT SUN AUG 30 2015


...................................

...THE LUBBOCK CLIMATE SUMMARY FOR AUGUST 30 2015...
VALID TODAY AS OF 0500 PM LOCAL TIME.

CLIMATE NORMAL PERIOD 1981 TO 2010
CLIMATE RECORD PERIOD 1911 TO 2015


WEATHER ITEM   OBSERVED TIME   RECORD YEAR NORMAL DEPARTURE LAST
                VALUE   (LST)  VALUE       VALUE  FROM      YEAR
                                                  NORMAL
..................................................................
TEMPERATURE (F)
 TODAY
  MAXIMUM         91    330 PM 104    2011  89      2       94
  MINIMUM         57    633 AM  44    1915  64     -7       62
  AVERAGE         74                        77     -3       78

PRECIPITATION (IN)
  TODAY            0.00          1.13 1963   0.07  -0.07     0.00
  MONTH TO DATE    0.25                      1.84  -1.59     0.54
  SINCE JUN 1      6.36                      6.79  -0.43     5.77
  SINCE JAN 1     22.29                     13.00   9.29    11.90

SNOWFALL (IN)
  TODAY            0.0           0.0  2002   0.0    0.0      0.0
  MONTH TO DATE    0.0                       0.0    0.0      0.0
  SINCE JUN 1      0.0                       0.0    0.0      0.0
  SINCE JUL 1      0.0                       0.0    0.0      0.0
  SNOW DEPTH       0

DEGREE DAYS
 HEATING
  TODAY            0                         0      0        0
  MONTH TO DATE    0                         0      0        0
  SINCE JUN 1      0                         2     -2        0
  SINCE JUL 1      0                         0      0        0

 COOLING
  TODAY            9                        12     -3       13
  MONTH TO DATE  468                       421     47      478
  SINCE JUN 1   1354                      1268     86     1328
  SINCE JAN 1   1492                      1514    -22     1607
..................................................................


WIND (MPH)
  RESULTANT WIND SPEED   4   RESULTANT WIND DIRECTION   W (260)
  HIGHEST WIND SPEED    14   HIGHEST WIND DIRECTION    SW (240)
  HIGHEST GUST SPEED    18   HIGHEST GUST DIRECTION    SW (240)
  AVERAGE WIND SPEED     5.8


SKY COVER
  AVERAGE SKY COVER 0.4


WEATHER CONDITIONS
 THE FOLLOWING WEATHER WAS RECORDED TODAY.
  NO SIGNIFICANT WEATHER WAS OBSERVED.


RELATIVE HUMIDITY (PERCENT)
 HIGHEST    86           600 AM
 LOWEST     24           300 PM
 AVERAGE    55

..........................................................


THE LUBBOCK CLIMATE NORMALS FOR TOMORROW
                         NORMAL    RECORD    YEAR
 MAXIMUM TEMPERATURE (F)   89       100      2014
                                             1930
 MINIMUM TEMPERATURE (F)   64        43      1915


SUNRISE AND SUNSET
AUGUST 30 2015........SUNRISE   720 AM CDT   SUNSET   816 PM CDT
AUGUST 31 2015........SUNRISE   720 AM CDT   SUNSET   814 PM CDT


-  INDICATES NEGATIVE NUMBERS.
R  INDICATES RECORD WAS SET OR TIED.
MM INDICATES DATA IS MISSING.
T  INDICATES TRACE AMOUNT.




$$
