000
CDUS44 KLUB 200628
CLILBB


CLIMATE REPORT
NATIONAL WEATHER SERVICE LUBBOCK, TX
128 AM CDT MON OCT 20 2014


...................................

...THE LUBBOCK CLIMATE SUMMARY FOR OCTOBER 19 2014...

CLIMATE NORMAL PERIOD 1981 TO 2010
CLIMATE RECORD PERIOD 1911 TO 2014


WEATHER ITEM   OBSERVED TIME   RECORD YEAR NORMAL DEPARTURE LAST
                VALUE   (LST)  VALUE       VALUE  FROM      YEAR
                                                  NORMAL
..................................................................
TEMPERATURE (F)
 YESTERDAY
  MAXIMUM         72    322 PM  92    1940  74     -2       65
  MINIMUM         47    440 AM  24    1917  47      0       32
  AVERAGE         60                        61     -1       49

PRECIPITATION (IN)
  YESTERDAY        T             5.43 1983   0.06  -0.06     0.00
  MONTH TO DATE    0.19                      1.29  -1.10     1.11
  SINCE SEP 1      7.13                      3.80   3.33     1.65
  SINCE JAN 1     19.03                     16.87   2.16    11.43

SNOWFALL (IN)
  YESTERDAY        0.0           T    1976   0.0    0.0      0.0
  MONTH TO DATE    0.0                       0.0    0.0      0.0
  SINCE SEP 1      0.0                       0.0    0.0      0.0
  SINCE JUL 1      0.0                       0.0    0.0      0.0
  SNOW DEPTH       0

DEGREE DAYS
 HEATING
  YESTERDAY        5                         6     -1       16
  MONTH TO DATE   61                        72    -11       88
  SINCE SEP 1     86                        95     -9       92
  SINCE JUL 1     86                        95     -9       92

 COOLING
  YESTERDAY        0                         1     -1        0
  MONTH TO DATE   42                        44     -2       68
  SINCE SEP 1    270                       267      3      384
  SINCE JAN 1   1899                      1793    106     2112
..................................................................


WIND (MPH)
  RESULTANT WIND SPEED   6   RESULTANT WIND DIRECTION  SE (130)
  HIGHEST WIND SPEED    15   HIGHEST WIND DIRECTION     S (190)
  HIGHEST GUST SPEED    22   HIGHEST GUST DIRECTION    SE (150)
  AVERAGE WIND SPEED     8.1


SKY COVER
  AVERAGE SKY COVER 0.7


WEATHER CONDITIONS
 THE FOLLOWING WEATHER WAS RECORDED YESTERDAY.
  NO SIGNIFICANT WEATHER WAS OBSERVED.


RELATIVE HUMIDITY (PERCENT)
 HIGHEST    90          1100 PM
 LOWEST     61           400 PM
 AVERAGE    76

..........................................................


THE LUBBOCK CLIMATE NORMALS FOR TODAY
                         NORMAL    RECORD    YEAR
 MAXIMUM TEMPERATURE (F)   74        93      2012
 MINIMUM TEMPERATURE (F)   47        25      1916


SUNRISE AND SUNSET
OCTOBER 20 2014.......SUNRISE   756 AM CDT   SUNSET   708 PM CDT
OCTOBER 21 2014.......SUNRISE   757 AM CDT   SUNSET   706 PM CDT


-  INDICATES NEGATIVE NUMBERS.
R  INDICATES RECORD WAS SET OR TIED.
MM INDICATES DATA IS MISSING.
T  INDICATES TRACE AMOUNT.




$$
