000
CDUS44 KLUB 180628
CLILBB


CLIMATE REPORT
NATIONAL WEATHER SERVICE LUBBOCK, TX
127 AM CDT WED OCT 18 2017


...................................

...THE LUBBOCK CLIMATE SUMMARY FOR OCTOBER 17 2017...

CLIMATE NORMAL PERIOD 1981 TO 2010
CLIMATE RECORD PERIOD 1911 TO 2017


WEATHER ITEM   OBSERVED TIME   RECORD YEAR NORMAL DEPARTURE LAST
                VALUE   (LST)  VALUE       VALUE  FROM      YEAR
                                                  NORMAL
..................................................................
TEMPERATURE (F)
 YESTERDAY
  MAXIMUM         82    316 PM  94    2016  75      7       94
  MINIMUM         41    641 AM  32    1999  48     -7       61
                                      1976
  AVERAGE         62                        61      1       78

PRECIPITATION (IN)
  YESTERDAY        0.00          3.46 1960   0.06  -0.06     0.00
  MONTH TO DATE    0.42                      1.16  -0.74     1.05
  SINCE SEP 1      3.88                      3.67   0.21     2.52
  SINCE JAN 1     21.84                     16.74   5.10    12.44

SNOWFALL (IN)
  YESTERDAY        0.0           0.6  1999   0.0    0.0      0.0
  MONTH TO DATE    0.0                       0.0    0.0      0.0
  SINCE SEP 1      0.0                       0.0    0.0      0.0
  SINCE JUL 1      0.0                       0.0    0.0      0.0
  SNOW DEPTH       0

DEGREE DAYS
 HEATING
  YESTERDAY        3                         5     -2        0
  MONTH TO DATE   49                        61    -12       31
  SINCE SEP 1     74                        84    -10       33
  SINCE JUL 1     74                        84    -10       33

 COOLING
  YESTERDAY        0                         1     -1       13
  MONTH TO DATE   75                        42     33       91
  SINCE SEP 1    325                       265     60      345
  SINCE JAN 1   1970                      1791    179     2071
..................................................................


WIND (MPH)
  RESULTANT WIND SPEED  10   RESULTANT WIND DIRECTION  SW (210)
  HIGHEST WIND SPEED    20   HIGHEST WIND DIRECTION    SW (210)
  HIGHEST GUST SPEED    25   HIGHEST GUST DIRECTION     S (190)
  AVERAGE WIND SPEED    11.3


SKY COVER
  AVERAGE SKY COVER 0.1


WEATHER CONDITIONS
 THE FOLLOWING WEATHER WAS RECORDED YESTERDAY.
  NO SIGNIFICANT WEATHER WAS OBSERVED.


RELATIVE HUMIDITY (PERCENT)
 HIGHEST    76           600 AM
 LOWEST     20           300 PM
 AVERAGE    48

..........................................................


THE LUBBOCK CLIMATE NORMALS FOR TODAY
                         NORMAL    RECORD    YEAR
 MAXIMUM TEMPERATURE (F)   75        90      2001
                                             1943
 MINIMUM TEMPERATURE (F)   47        32      1968


SUNRISE AND SUNSET
OCTOBER 18 2017.......SUNRISE   755 AM CDT   SUNSET   710 PM CDT
OCTOBER 19 2017.......SUNRISE   755 AM CDT   SUNSET   708 PM CDT


-  INDICATES NEGATIVE NUMBERS.
R  INDICATES RECORD WAS SET OR TIED.
MM INDICATES DATA IS MISSING.
T  INDICATES TRACE AMOUNT.




$$
