000
CDUS44 KLUB 290627
CLILBB


CLIMATE REPORT
NATIONAL WEATHER SERVICE LUBBOCK, TX
126 AM CDT FRI AUG 29 2014


...................................

...THE LUBBOCK CLIMATE SUMMARY FOR AUGUST 28 2014...

CLIMATE NORMAL PERIOD 1981 TO 2010
CLIMATE RECORD PERIOD 1911 TO 2014


WEATHER ITEM   OBSERVED TIME   RECORD YEAR NORMAL DEPARTURE LAST
                VALUE   (LST)  VALUE       VALUE  FROM      YEAR
                                                  NORMAL
..................................................................
TEMPERATURE (F)
 YESTERDAY
  MAXIMUM         96    152 PM 103    2011  90      6       90
  MINIMUM         67   1140 PM  54    1916  65      2       69
  AVERAGE         82                        77      5       80

PRECIPITATION (IN)
  YESTERDAY        0.13          3.30 1946   0.06   0.07     0.00
  MONTH TO DATE    0.54                      1.70  -1.16     1.32
  SINCE JUN 1      5.77                      6.65  -0.88     6.36
  SINCE JAN 1     11.90                     12.86  -0.96     9.78

SNOWFALL (IN)
  YESTERDAY        0.0                       0.0    0.0      0.0
  MONTH TO DATE    0.0                       0.0    0.0      0.0
  SINCE JUN 1      0.0                       0.0    0.0      0.0
  SINCE JUL 1      0.0                       0.0    0.0      0.0
  SNOW DEPTH       0

DEGREE DAYS
 HEATING
  YESTERDAY        0                         0      0        0
  MONTH TO DATE    0                         0      0        0
  SINCE JUN 1      0                         2     -2        0
  SINCE JUL 1      0                         0      0        0

 COOLING
  YESTERDAY       17                        12      5       15
  MONTH TO DATE  453                       397     56      435
  SINCE JUN 1   1303                      1244     59     1359
  SINCE JAN 1   1582                      1490     92     1674
..................................................................


WIND (MPH)
  RESULTANT WIND SPEED   7   RESULTANT WIND DIRECTION   S (160)
  HIGHEST WIND SPEED    38   HIGHEST WIND DIRECTION     S (200)
  HIGHEST GUST SPEED    45   HIGHEST GUST DIRECTION    SW (210)
  AVERAGE WIND SPEED    10.4


SKY COVER
  AVERAGE SKY COVER 0.6


WEATHER CONDITIONS
 THE FOLLOWING WEATHER WAS RECORDED YESTERDAY.
  THUNDERSTORM
  LIGHT RAIN


RELATIVE HUMIDITY (PERCENT)
 HIGHEST    87          1100 PM
 LOWEST     28           200 PM
 AVERAGE    58

..........................................................


THE LUBBOCK CLIMATE NORMALS FOR TODAY
                         NORMAL    RECORD    YEAR
 MAXIMUM TEMPERATURE (F)   90        99      1991
                                             1990
                                             1943
 MINIMUM TEMPERATURE (F)   65        51      1917


SUNRISE AND SUNSET
AUGUST 29 2014........SUNRISE   719 AM CDT   SUNSET   817 PM CDT
AUGUST 30 2014........SUNRISE   720 AM CDT   SUNSET   815 PM CDT


-  INDICATES NEGATIVE NUMBERS.
R  INDICATES RECORD WAS SET OR TIED.
MM INDICATES DATA IS MISSING.
T  INDICATES TRACE AMOUNT.




$$
