000
CDUS44 KLUB 230627
CLILBB


CLIMATE REPORT
NATIONAL WEATHER SERVICE LUBBOCK, TX
126 AM CDT FRI JUN 23 2017


...................................

...THE LUBBOCK CLIMATE SUMMARY FOR JUNE 22 2017...

CLIMATE NORMAL PERIOD 1981 TO 2010
CLIMATE RECORD PERIOD 1911 TO 2017


WEATHER ITEM   OBSERVED TIME   RECORD YEAR NORMAL DEPARTURE LAST
                VALUE   (LST)  VALUE       VALUE  FROM      YEAR
                                                  NORMAL
..................................................................
TEMPERATURE (F)
 YESTERDAY
  MAXIMUM         99    515 PM 106    1978  92      7       99
  MINIMUM         69    607 AM  50    1927  66      3       71
  AVERAGE         84                        79      5       85

PRECIPITATION (IN)
  YESTERDAY        0.00          1.82 1959   0.10  -0.10     0.00
  MONTH TO DATE    0.78                      2.33  -1.55     1.00
  SINCE JUN 1      0.78                      2.33  -1.55     1.00
  SINCE JAN 1      6.27                      8.54  -2.27     6.27

SNOWFALL (IN)
  YESTERDAY        0.0           T    1998   0.0    0.0      0.0
  MONTH TO DATE    T                         0.0    0.0      0.0
  SINCE JUN 1      T                         0.0    0.0      0.0
  SINCE JUL 1      0.2                       8.2   -8.0     13.3
  SNOW DEPTH       0

DEGREE DAYS
 HEATING
  YESTERDAY        0                         0      0        0
  MONTH TO DATE    0                         0      0        3
  SINCE JUN 1      0                         0      0        3
  SINCE JUL 1   2468                      3377   -909     2857

 COOLING
  YESTERDAY       19                        14      5       20
  MONTH TO DATE  352                       261     91      296
  SINCE JUN 1    352                       261     91      296
  SINCE JAN 1    654                       507    147      523
..................................................................


WIND (MPH)
  RESULTANT WIND SPEED   6   RESULTANT WIND DIRECTION   S (170)
  HIGHEST WIND SPEED    23   HIGHEST WIND DIRECTION     N (20)
  HIGHEST GUST SPEED    30   HIGHEST GUST DIRECTION     N (20)
  AVERAGE WIND SPEED     7.6


SKY COVER
  AVERAGE SKY COVER 0.4


WEATHER CONDITIONS
 THE FOLLOWING WEATHER WAS RECORDED YESTERDAY.
  NO SIGNIFICANT WEATHER WAS OBSERVED.


RELATIVE HUMIDITY (PERCENT)
 HIGHEST    84           200 AM
 LOWEST     21           600 PM
 AVERAGE    53

..........................................................


THE LUBBOCK CLIMATE NORMALS FOR TODAY
                         NORMAL    RECORD    YEAR
 MAXIMUM TEMPERATURE (F)   92       107      1980
 MINIMUM TEMPERATURE (F)   66        56      1964
                                             1927


SUNRISE AND SUNSET
JUNE 23 2017..........SUNRISE   638 AM CDT   SUNSET   901 PM CDT
JUNE 24 2017..........SUNRISE   638 AM CDT   SUNSET   901 PM CDT


-  INDICATES NEGATIVE NUMBERS.
R  INDICATES RECORD WAS SET OR TIED.
MM INDICATES DATA IS MISSING.
T  INDICATES TRACE AMOUNT.




$$
