000
CDUS44 KLUB 282226
CLILBB


CLIMATE REPORT
NATIONAL WEATHER SERVICE LUBBOCK, TX
526 PM CDT MON JUL 28 2014


...................................

...THE LUBBOCK CLIMATE SUMMARY FOR JULY 28 2014...
VALID TODAY AS OF 0500 PM LOCAL TIME.

CLIMATE NORMAL PERIOD 1981 TO 2010
CLIMATE RECORD PERIOD 1911 TO 2014


WEATHER ITEM   OBSERVED TIME   RECORD YEAR NORMAL DEPARTURE LAST
                VALUE   (LST)  VALUE       VALUE  FROM      YEAR
                                                  NORMAL
..................................................................
TEMPERATURE (F)
 TODAY
  MAXIMUM         85    359 PM 105    1995  93     -8       90
  MINIMUM         69    555 AM  54    2005  68      1       64
  AVERAGE         77                        80     -3       77

PRECIPITATION (IN)
  TODAY            0.00          2.05 2004   0.06  -0.06     0.00
  MONTH TO DATE    2.46                      1.75   0.71     3.37
  SINCE JUN 1      5.05                      4.79   0.26     5.04
  SINCE JAN 1     11.18                     11.00   0.18     8.46

SNOWFALL (IN)
  TODAY            0.0           0.0  2002   0.0    0.0      0.0
  MONTH TO DATE    0.0                       0.0    0.0      0.0
  SINCE JUN 1      0.0                       0.0    0.0      0.0
  SINCE JUL 1      0.0                       0.0    0.0      0.0
  SNOW DEPTH       0

DEGREE DAYS
 HEATING
  TODAY            0                         0      0        0
  MONTH TO DATE    0                         0      0        0
  SINCE JUN 1      0                         2     -2        0
  SINCE JUL 1      0                         0      0        0

 COOLING
  TODAY           12                        15     -3       12
  MONTH TO DATE  410                       420    -10      396
  SINCE JUN 1    817                       794     23      870
  SINCE JAN 1   1096                      1040     56     1185
..................................................................


WIND (MPH)
  RESULTANT WIND SPEED  13   RESULTANT WIND DIRECTION   E (70)
  HIGHEST WIND SPEED    25   HIGHEST WIND DIRECTION     E (80)
  HIGHEST GUST SPEED    35   HIGHEST GUST DIRECTION    NE (60)
  AVERAGE WIND SPEED    14.4


SKY COVER
  AVERAGE SKY COVER 0.6


WEATHER CONDITIONS
 THE FOLLOWING WEATHER WAS RECORDED TODAY.
  NO SIGNIFICANT WEATHER WAS OBSERVED.


RELATIVE HUMIDITY (PERCENT)
 HIGHEST    73           300 AM
 LOWEST     45          1200 AM
 AVERAGE    59

..........................................................


THE LUBBOCK CLIMATE NORMALS FOR TOMORROW
                         NORMAL    RECORD    YEAR
 MAXIMUM TEMPERATURE (F)   93       102      1948
 MINIMUM TEMPERATURE (F)   68        60      2004


SUNRISE AND SUNSET
JULY 28 2014..........SUNRISE   657 AM CDT   SUNSET   850 PM CDT
JULY 29 2014..........SUNRISE   657 AM CDT   SUNSET   850 PM CDT


-  INDICATES NEGATIVE NUMBERS.
R  INDICATES RECORD WAS SET OR TIED.
MM INDICATES DATA IS MISSING.
T  INDICATES TRACE AMOUNT.




$$
