000
CDUS43 KLBF 290933
CLILBF


CLIMATE REPORT
NATIONAL WEATHER SERVICE NORTH PLATTE
432 AM CDT SUN MAY 29 2016


...................................

...THE NORTH PLATTE NE CLIMATE SUMMARY FOR MAY 28 2016...

CLIMATE NORMAL PERIOD 1981 TO 2010
CLIMATE RECORD PERIOD 1874 TO 2016


WEATHER ITEM   OBSERVED TIME   RECORD YEAR NORMAL DEPARTURE LAST
                VALUE   (LST)  VALUE       VALUE  FROM      YEAR
                                                  NORMAL
..................................................................
TEMPERATURE (F)
 YESTERDAY
  MAXIMUM         75    549 PM  98    2006  75      0       76
  MINIMUM         49    552 AM  33    1992  48      1       50
                                      1947
  AVERAGE         62                        62      0       63

PRECIPITATION (IN)
  YESTERDAY        0.05          2.00 1962   0.12  -0.07     0.23
  MONTH TO DATE    3.21                      2.90   0.31     4.23
  SINCE MAR 1      9.23                      6.22   3.01     7.25
  SINCE JAN 1     10.49                      7.06   3.43     7.99

SNOWFALL (IN)
  YESTERDAY        0.0           0.5  1947   0.0    0.0      0.0
  MONTH TO DATE    T                         0.0    0.0       T
  SINCE MAR 1      6.8                       7.6   -0.8      2.4
  SINCE JUL 1     32.4                      28.5    3.9     21.3
  SNOW DEPTH       0

DEGREE DAYS
 HEATING
  YESTERDAY        3                         5     -2        2
  MONTH TO DATE  260                       231     29      259
  SINCE MAR 1   1424                      1593   -169     1354
  SINCE JUL 1   5701                      6621   -920     6243

 COOLING
  YESTERDAY        0                         1     -1        0
  MONTH TO DATE    8                        18    -10        0
  SINCE MAR 1      9                        21    -12        2
  SINCE JAN 1      9                        21    -12        2
..................................................................


WIND (MPH)
  HIGHEST WIND SPEED    24   HIGHEST WIND DIRECTION     W (280)
  HIGHEST GUST SPEED    31   HIGHEST GUST DIRECTION     W (290)
  AVERAGE WIND SPEED     7.0


SKY COVER
  POSSIBLE SUNSHINE  MM
  AVERAGE SKY COVER 0.4


WEATHER CONDITIONS
 THE FOLLOWING WEATHER WAS RECORDED YESTERDAY.
  THUNDERSTORM
  RAIN
  LIGHT RAIN
  FOG


RELATIVE HUMIDITY (PERCENT)
 HIGHEST   100           500 AM
 LOWEST     41           500 PM
 AVERAGE    71

..........................................................


THE NORTH PLATTE NE CLIMATE NORMALS FOR TODAY
                         NORMAL    RECORD    YEAR
 MAXIMUM TEMPERATURE (F)   76        98      1934
 MINIMUM TEMPERATURE (F)   49        28      1947


SUNRISE AND SUNSET
MAY 29 2016...........SUNRISE   614 AM CDT   SUNSET   907 PM CDT
MAY 30 2016...........SUNRISE   613 AM CDT   SUNSET   908 PM CDT


-  INDICATES NEGATIVE NUMBERS.
R  INDICATES RECORD WAS SET OR TIED.
MM INDICATES DATA IS MISSING.
T  INDICATES TRACE AMOUNT.




$$
