000
CDUS43 KLBF 241414 CCA
CLILBF

CLIMATE REPORT...CORRECTED SNOWFALL AND PRECIPITATION
NATIONAL WEATHER SERVICE NORTH PLATTE
812 AM CST FRI FEB 24 2017


...................................

...THE NORTH PLATTE NE CLIMATE SUMMARY FOR FEBRUARY 23 2017...

CLIMATE NORMAL PERIOD 1981 TO 2010
CLIMATE RECORD PERIOD 1874 TO 2017


WEATHER ITEM   OBSERVED TIME   RECORD YEAR NORMAL DEPARTURE LAST
                VALUE   (LST)  VALUE       VALUE  FROM      YEAR
                                                  NORMAL
..................................................................
TEMPERATURE (F)
 YESTERDAY
  MAXIMUM         40   1217 AM  73    1918  45     -5       48
  MINIMUM         24   1159 PM -17    1993  17      7       20
  AVERAGE         32                        31      1       34

PRECIPITATION (IN)
  YESTERDAY        0.21          0.89 1992   0.03   0.18     0.00
  MONTH TO DATE    0.43                      0.38   0.05     0.78
  SINCE DEC 1      1.72                      1.13   0.59     1.54
  SINCE JAN 1      1.10                      0.72   0.38     1.26

SNOWFALL (IN)
  YESTERDAY        3.0           3.6  2003   0.2    2.8      0.0
                                      1962
  MONTH TO DATE    4.5                       4.4    0.1     12.0
  SINCE DEC 1     13.9                      13.8    0.1     21.0
  SINCE JUL 1     18.9                      20.0   -1.1     25.6
  SNOW DEPTH       0

DEGREE DAYS
 HEATING
  YESTERDAY       33                        34     -1       31
  MONTH TO DATE  625                       844   -219      733
  SINCE DEC 1   3087                      3313   -226     2941
  SINCE JUL 1   4128                      4864   -736     4127

 COOLING
  YESTERDAY        0                         0      0        0
  MONTH TO DATE    0                         0      0        0
  SINCE DEC 1      0                         0      0        0
  SINCE JAN 1      0                         0      0        0
..................................................................


WIND (MPH)
  HIGHEST WIND SPEED    25   HIGHEST WIND DIRECTION     N (10)
  HIGHEST GUST SPEED    34   HIGHEST GUST DIRECTION     N (10)
  AVERAGE WIND SPEED    16.7


SKY COVER
  POSSIBLE SUNSHINE  MM
  AVERAGE SKY COVER 1.0


WEATHER CONDITIONS
 THE FOLLOWING WEATHER WAS RECORDED YESTERDAY.
  LIGHT SNOW
  FOG


RELATIVE HUMIDITY (PERCENT)
 HIGHEST    96           600 AM
 LOWEST     72           200 PM
 AVERAGE    84

..........................................................


THE NORTH PLATTE NE CLIMATE NORMALS FOR TODAY
                         NORMAL    RECORD    YEAR
 MAXIMUM TEMPERATURE (F)   46        73      1995
 MINIMUM TEMPERATURE (F)   17       -12      2003
                                             1960


SUNRISE AND SUNSET
FEBRUARY 24 2017......SUNRISE   724 AM CST   SUNSET   628 PM CST
FEBRUARY 25 2017......SUNRISE   723 AM CST   SUNSET   629 PM CST


-  INDICATES NEGATIVE NUMBERS.
R  INDICATES RECORD WAS SET OR TIED.
MM INDICATES DATA IS MISSING.
T  INDICATES TRACE AMOUNT.




$$
