000
CDUS43 KLBF 042255
CLILBF


CLIMATE REPORT
NATIONAL WEATHER SERVICE NORTH PLATTE
551 PM CDT WED MAY 4 2016


...................................

...THE NORTH PLATTE NE CLIMATE SUMMARY FOR MAY 4 2016...
VALID TODAY AS OF 0500 PM LOCAL TIME.

CLIMATE NORMAL PERIOD 1981 TO 2010
CLIMATE RECORD PERIOD 1874 TO 2016


WEATHER ITEM   OBSERVED TIME   RECORD YEAR NORMAL DEPARTURE LAST
                VALUE   (LST)  VALUE       VALUE  FROM      YEAR
                                                  NORMAL
..................................................................
TEMPERATURE (F)
 TODAY
  MAXIMUM         76    400 PM  93    1952  68      8       60
  MINIMUM         37        MM  23    2013  40     -3       49
  AVERAGE         57                        54      3       55

PRECIPITATION (IN)
  TODAY            0.00          1.25 1985   0.10  -0.10     0.12
  MONTH TO DATE    0.19                      0.37  -0.18     0.32
  SINCE MAR 1      6.21                      3.69   2.52     3.34
  SINCE JAN 1      7.47                      4.53   2.94     4.08

SNOWFALL (IN)
  TODAY            0.0           0.3  1967   0.0    0.0      0.0
                                      1908
  MONTH TO DATE    0.0                       0.0    0.0      0.0
  SINCE MAR 1      6.8                       7.6   -0.8      2.4
  SINCE JUL 1     32.4                      28.5    3.9     21.3
  SNOW DEPTH       0

DEGREE DAYS
 HEATING
  TODAY            8                        11     -3       10
  MONTH TO DATE   62                        47     15       16
  SINCE MAR 1   1226                      1409   -183     1111
  SINCE JUL 1   5503                      6437   -934     6000

 COOLING
  TODAY            0                         0      0        0
  MONTH TO DATE    0                         0      0        0
  SINCE MAR 1      1                         3     -2        2
  SINCE JAN 1      1                         3     -2        2
..................................................................


WIND (MPH)
  HIGHEST WIND SPEED    21   HIGHEST WIND DIRECTION    NE (30)
  HIGHEST GUST SPEED    21   HIGHEST GUST DIRECTION    NE (30)
  AVERAGE WIND SPEED    71.0


SKY COVER
  POSSIBLE SUNSHINE  MM
  AVERAGE SKY COVER 0.0


WEATHER CONDITIONS
 THE FOLLOWING WEATHER WAS RECORDED TODAY.
  NO SIGNIFICANT WEATHER WAS OBSERVED.


RELATIVE HUMIDITY (PERCENT)
 HIGHEST    92           500 AM
 LOWEST     23           400 PM
 AVERAGE    58

..........................................................


THE NORTH PLATTE NE CLIMATE NORMALS FOR TOMORROW
                         NORMAL    RECORD    YEAR
 MAXIMUM TEMPERATURE (F)   69        95      2004
 MINIMUM TEMPERATURE (F)   40        22      2013


SUNRISE AND SUNSET
MAY  4 2016...........SUNRISE   636 AM CDT   SUNSET   843 PM CDT
MAY  5 2016...........SUNRISE   635 AM CDT   SUNSET   845 PM CDT


-  INDICATES NEGATIVE NUMBERS.
R  INDICATES RECORD WAS SET OR TIED.
MM INDICATES DATA IS MISSING.
T  INDICATES TRACE AMOUNT.




$$
