000
CDUS43 KLBF 250825
CLILBF


CLIMATE REPORT
NATIONAL WEATHER SERVICE NORTH PLATTE
324 AM CDT MON SEP 25 2017


...................................

...THE NORTH PLATTE NE CLIMATE SUMMARY FOR SEPTEMBER 24 2017...

CLIMATE NORMAL PERIOD 1981 TO 2010
CLIMATE RECORD PERIOD 1874 TO 2017


WEATHER ITEM   OBSERVED TIME   RECORD YEAR NORMAL DEPARTURE LAST
                VALUE   (LST)  VALUE       VALUE  FROM      YEAR
                                                  NORMAL
..................................................................
TEMPERATURE (F)
 YESTERDAY
  MAXIMUM         57    324 PM  92    1990  74    -17       81
  MINIMUM         50    657 AM  26    1975  43      7       51
                                      1965
  AVERAGE         54                        58     -4       66

PRECIPITATION (IN)
  YESTERDAY        2.03R         0.94 1886   0.05   1.98     0.13
  MONTH TO DATE    3.96                      1.13   2.83     0.94
  SINCE SEP 1      3.96                      1.13   2.83     0.94
  SINCE JAN 1     21.72                     17.35   4.37    20.10

SNOWFALL (IN)
  YESTERDAY        0.0           2.4  2000   0.0    0.0      0.0
  MONTH TO DATE    0.0                       0.1   -0.1      0.0
  SINCE SEP 1      0.0                       0.1   -0.1      0.0
  SINCE JUL 1      T                         0.1   -0.1      0.0
  SNOW DEPTH       0

DEGREE DAYS
 HEATING
  YESTERDAY       11                         8      3        0
  MONTH TO DATE   61                        99    -38       33
  SINCE SEP 1     61                        99    -38       33
  SINCE JUL 1     65                       119    -54       45

 COOLING
  YESTERDAY        0                         1     -1        1
  MONTH TO DATE  130                        66     64      101
  SINCE SEP 1    130                        66     64      101
  SINCE JAN 1    953                       761    192      908
..................................................................


WIND (MPH)
  HIGHEST WIND SPEED    18   HIGHEST WIND DIRECTION    NE (30)
  HIGHEST GUST SPEED    25   HIGHEST GUST DIRECTION    NE (40)
  AVERAGE WIND SPEED     9.0


SKY COVER
  POSSIBLE SUNSHINE  MM
  AVERAGE SKY COVER 1.0


WEATHER CONDITIONS
 THE FOLLOWING WEATHER WAS RECORDED YESTERDAY.
  HEAVY RAIN
  RAIN
  LIGHT RAIN
  FOG


RELATIVE HUMIDITY (PERCENT)
 HIGHEST   100          1200 AM
 LOWEST     80           200 PM
 AVERAGE    90

..........................................................


THE NORTH PLATTE NE CLIMATE NORMALS FOR TODAY
                         NORMAL    RECORD    YEAR
 MAXIMUM TEMPERATURE (F)   74        94      1903
 MINIMUM TEMPERATURE (F)   42        23      1926


SUNRISE AND SUNSET
SEPTEMBER 25 2017.....SUNRISE   734 AM CDT   SUNSET   734 PM CDT
SEPTEMBER 26 2017.....SUNRISE   735 AM CDT   SUNSET   733 PM CDT


-  INDICATES NEGATIVE NUMBERS.
R  INDICATES RECORD WAS SET OR TIED.
MM INDICATES DATA IS MISSING.
T  INDICATES TRACE AMOUNT.




$$
