000
CDUS43 KLBF 291023
CLILBF

CLIMATE REPORT
NATIONAL WEATHER SERVICE NORTH PLATTE
422 AM CST THU JAN 29 2015


...................................

...THE NORTH PLATTE NE CLIMATE SUMMARY FOR JANUARY 28 2015...

CLIMATE NORMAL PERIOD 1981 TO 2010
CLIMATE RECORD PERIOD 1874 TO 2015


WEATHER ITEM   OBSERVED TIME   RECORD YEAR NORMAL DEPARTURE LAST
                VALUE   (LST)  VALUE       VALUE  FROM      YEAR
                                                  NORMAL
..................................................................
TEMPERATURE (F)
 YESTERDAY
  MAXIMUM         66R   218 PM  66    2015  40     26       26
                                      1888
  MINIMUM         25    301 AM -15    1918  12     13       -8
  AVERAGE         46                        26     20        9

PRECIPITATION (IN)
  YESTERDAY        0.00          0.34 1989   0.02  -0.02     0.00
  MONTH TO DATE    0.06                      0.31  -0.25     0.07
  SINCE DEC 1      1.10                      0.72   0.38     0.23
  SINCE JAN 1      0.06                      0.31  -0.25     0.07

SNOWFALL (IN)
  YESTERDAY        0.0           5.2  1989   0.1   -0.1      0.0
  MONTH TO DATE    1.5                       4.3   -2.8      0.8
  SINCE DEC 1     10.2                       8.9    1.3      4.4
  SINCE JUL 1     10.6                      15.1   -4.5      7.5
  SNOW DEPTH       0

DEGREE DAYS
 HEATING
  YESTERDAY       19                        39    -20       56
  MONTH TO DATE 1063                      1122    -59     1079
  SINCE DEC 1   2230                      2351   -121     2346
  SINCE JUL 1   3750                      3902   -152     3831

 COOLING
  YESTERDAY        0                         0      0        0
  MONTH TO DATE    0                         0      0        0
  SINCE DEC 1      0                         0      0        0
  SINCE JAN 1      0                         0      0        0
..................................................................


WIND (MPH)
  HIGHEST WIND SPEED    33   HIGHEST WIND DIRECTION    NW (320)
  HIGHEST GUST SPEED    41   HIGHEST GUST DIRECTION    NW (330)
  AVERAGE WIND SPEED    15.3


SKY COVER
  POSSIBLE SUNSHINE  MM
  AVERAGE SKY COVER 0.1


WEATHER CONDITIONS
 THE FOLLOWING WEATHER WAS RECORDED YESTERDAY.
  NO SIGNIFICANT WEATHER WAS OBSERVED.


RELATIVE HUMIDITY (PERCENT)
 HIGHEST    92           700 AM
 LOWEST     26           300 PM
 AVERAGE    59

..........................................................


THE NORTH PLATTE NE CLIMATE NORMALS FOR TODAY
                         NORMAL    RECORD    YEAR
 MAXIMUM TEMPERATURE (F)   40        67      1920
 MINIMUM TEMPERATURE (F)   12       -15      1949


SUNRISE AND SUNSET
JANUARY 29 2015.......SUNRISE   757 AM CST   SUNSET   556 PM CST
JANUARY 30 2015.......SUNRISE   756 AM CST   SUNSET   557 PM CST


-  INDICATES NEGATIVE NUMBERS.
R  INDICATES RECORD WAS SET OR TIED.
MM INDICATES DATA IS MISSING.
T  INDICATES TRACE AMOUNT.

$$
