000
CDUS43 KLBF 020932 RRB
CLILBF

CLIMATE REPORT
NATIONAL WEATHER SERVICE NORTH PLATTE
429 AM CDT WED SEP 2 2015

...................................

...THE NORTH PLATTE NE CLIMATE SUMMARY FOR SEPTEMBER 1 2015...

CLIMATE NORMAL PERIOD 1981 TO 2010
CLIMATE RECORD PERIOD 1874 TO 2015


WEATHER ITEM   OBSERVED TIME   RECORD YEAR NORMAL DEPARTURE LAST
                VALUE   (LST)  VALUE       VALUE  FROM      YEAR
                                                  NORMAL
..................................................................
TEMPERATURE (F)
 YESTERDAY
  MAXIMUM         92    346 PM  99    2011  83      9       77
  MINIMUM         64   1156 PM  35    1956  54     10       48
  AVERAGE         78                        68     10       63

PRECIPITATION (IN)
  YESTERDAY        0.01          3.33 1942   0.05  -0.04     0.08
  MONTH TO DATE    0.01                      0.05  -0.04     0.08
  SINCE SEP 1      0.01                      0.05  -0.04     0.08
  SINCE JAN 1     16.58                     16.27   0.31    18.36

SNOWFALL (IN)
  YESTERDAY        0.0           0.0  2002   0.0    0.0      0.0
                                      2001
  MONTH TO DATE    0.0                       0.0    0.0      0.0
  SINCE SEP 1      0.0                       0.0    0.0      0.0
  SINCE JUL 1      0.0                       0.0    0.0      0.0
  SNOW DEPTH       0

DEGREE DAYS
 HEATING
  YESTERDAY        0                         2     -2        2
  MONTH TO DATE    0                         2     -2        2
  SINCE SEP 1      0                         2     -2        2
  SINCE JUL 1     29                        22      7       19

 COOLING
  YESTERDAY       13                         5      8        0
  MONTH TO DATE   13                         5      8        0
  SINCE SEP 1     13                         5      8        0
  SINCE JAN 1    681                       700    -19      669
..................................................................


WIND (MPH)
  HIGHEST WIND SPEED    20   HIGHEST WIND DIRECTION     E (110)
  HIGHEST GUST SPEED    23   HIGHEST GUST DIRECTION     E (110)
  AVERAGE WIND SPEED     4.8


SKY COVER
  POSSIBLE SUNSHINE  MM
  AVERAGE SKY COVER 0.1


WEATHER CONDITIONS
 THE FOLLOWING WEATHER WAS RECORDED YESTERDAY.
  LIGHT RAIN


RELATIVE HUMIDITY (PERCENT)
 HIGHEST    93          1000 PM
 LOWEST     30           300 PM
 AVERAGE    62

..........................................................


THE NORTH PLATTE NE CLIMATE NORMALS FOR TODAY
                         NORMAL    RECORD    YEAR
 MAXIMUM TEMPERATURE (F)   83       101      1947
 MINIMUM TEMPERATURE (F)   53        34      1974


SUNRISE AND SUNSET
SEPTEMBER  2 2015.....SUNRISE   710 AM CDT   SUNSET   814 PM CDT
SEPTEMBER  3 2015.....SUNRISE   711 AM CDT   SUNSET   812 PM CDT


-  INDICATES NEGATIVE NUMBERS.
R  INDICATES RECORD WAS SET OR TIED.
MM INDICATES DATA IS MISSING.
T  INDICATES TRACE AMOUNT.

$$
