000
CDUS43 KLBF 250936
CLILBF

CLIMATE REPORT
NATIONAL WEATHER SERVICE NORTH PLATTE
435 AM CDT THU MAY 25 2017


...................................

...THE NORTH PLATTE NE CLIMATE SUMMARY FOR MAY 24 2017...

CLIMATE NORMAL PERIOD 1981 TO 2010
CLIMATE RECORD PERIOD 1874 TO 2017


WEATHER ITEM   OBSERVED TIME   RECORD YEAR NORMAL DEPARTURE LAST
                VALUE   (LST)  VALUE       VALUE  FROM      YEAR
                                                  NORMAL
..................................................................
TEMPERATURE (F)
 YESTERDAY
  MAXIMUM         71    533 PM  97    1953  74     -3       79
  MINIMUM         30R   531 AM  31    1966  47    -17       45
                                      1924
  AVERAGE         51                        60     -9       62

PRECIPITATION (IN)
  YESTERDAY        0.00          2.25 1881   0.12  -0.12     0.51
  MONTH TO DATE    3.17                      2.43   0.74     1.97
  SINCE MAR 1      7.22                      5.75   1.47     7.99
  SINCE JAN 1      8.41                      6.59   1.82     9.25

SNOWFALL (IN)
  YESTERDAY        0.0           T    2002   0.0    0.0      0.0
  MONTH TO DATE    T                         0.0    0.0      0.0
  SINCE MAR 1      1.0                       7.6   -6.6      6.8
  SINCE JUL 1     21.3                      28.5   -7.2     32.4
  SNOW DEPTH       0

DEGREE DAYS
 HEATING
  YESTERDAY       14                         6      8        3
  MONTH TO DATE  233                       211     22      251
  SINCE MAR 1   1305                      1573   -268     1415
  SINCE JUL 1   5627                      6601   -974     5692

 COOLING
  YESTERDAY        0                         1     -1        0
  MONTH TO DATE   15                        14      1        7
  SINCE MAR 1     17                        17      0        8
  SINCE JAN 1     17                        17      0        8
..................................................................


WIND (MPH)
  HIGHEST WIND SPEED    17   HIGHEST WIND DIRECTION    SE (150)
  HIGHEST GUST SPEED    25   HIGHEST GUST DIRECTION     S (160)
  AVERAGE WIND SPEED     7.5


SKY COVER
  POSSIBLE SUNSHINE  MM
  AVERAGE SKY COVER 0.0


WEATHER CONDITIONS
 THE FOLLOWING WEATHER WAS RECORDED YESTERDAY.
  NO SIGNIFICANT WEATHER WAS OBSERVED.


RELATIVE HUMIDITY (PERCENT)
 HIGHEST   100           200 AM
 LOWEST     37           400 PM
 AVERAGE    69

..........................................................


THE NORTH PLATTE NE CLIMATE NORMALS FOR TODAY
                         NORMAL    RECORD    YEAR
 MAXIMUM TEMPERATURE (F)   74        96      1967
 MINIMUM TEMPERATURE (F)   47        30      2002


SUNRISE AND SUNSET
MAY 25 2017...........SUNRISE   616 AM CDT   SUNSET   904 PM CDT
MAY 26 2017...........SUNRISE   616 AM CDT   SUNSET   905 PM CDT


-  INDICATES NEGATIVE NUMBERS.
R  INDICATES RECORD WAS SET OR TIED.
MM INDICATES DATA IS MISSING.
T  INDICATES TRACE AMOUNT.




$$
