000
CDUS42 KILM 280845
CLILBT


CLIMATE REPORT
NATIONAL WEATHER SERVICE WILMINGTON NC
445 AM EDT SAT MAY 28 2016


...................................

...THE LUMBERTON NC CLIMATE SUMMARY FOR MAY 27 2016...

CLIMATE NORMAL PERIOD 1981 TO 2010
CLIMATE RECORD PERIOD 9999 TO 9999


WEATHER ITEM   OBSERVED TIME   NORMAL DEPARTURE LAST
                VALUE   (LST)  VALUE  FROM      YEAR
                                      NORMAL
......................................................
TEMPERATURE (F)
 YESTERDAY
  MAXIMUM         89    350 PM  85      4       90
  MINIMUM         61   1159 PM  62     -1       69
  AVERAGE         75            73      2       80

PRECIPITATION (IN)
  YESTERDAY        0.00          0.12  -0.12     0.16
  MONTH TO DATE    5.01          2.54   2.47     1.93
  SINCE MAR 1      9.36          8.69   0.67     8.00
  SINCE JAN 1     17.64         14.56   3.08    17.46

DEGREE DAYS
 HEATING
  YESTERDAY        0             0      0        0
  MONTH TO DATE   22            30     -8       12
  SINCE MAR 1    339           529   -190      414
  SINCE JUL 1   2018          2759   -741     2778

 COOLING
  YESTERDAY       10             8      2       15
  MONTH TO DATE  149           146      3      195
  SINCE MAR 1    265           211     54      289
  SINCE JAN 1    266           214     52      289
......................................................


WIND (MPH)
  HIGHEST WIND SPEED    15   HIGHEST WIND DIRECTION    SE (120)
  HIGHEST GUST SPEED    20   HIGHEST GUST DIRECTION    SE (120)
  AVERAGE WIND SPEED     3.6


SKY COVER
  POSSIBLE SUNSHINE  MM
  AVERAGE SKY COVER 0.2


WEATHER CONDITIONS
 THE FOLLOWING WEATHER WAS RECORDED YESTERDAY.
  FOG


RELATIVE HUMIDITY (PERCENT)
 HIGHEST    93           200 AM
 LOWEST     39           300 PM
 AVERAGE    66

..........................................................


THE LUMBERTON NC CLIMATE NORMALS FOR TODAY
                         NORMAL
 MAXIMUM TEMPERATURE (F)   85
 MINIMUM TEMPERATURE (F)   62


SUNRISE AND SUNSET
MAY 28 2016...........SUNRISE   606 AM EDT   SUNSET   822 PM EDT
MAY 29 2016...........SUNRISE   605 AM EDT   SUNSET   822 PM EDT


-  INDICATES NEGATIVE NUMBERS.
R  INDICATES RECORD WAS SET OR TIED.
MM INDICATES DATA IS MISSING.
T  INDICATES TRACE AMOUNT.




$$
