000
CDUS42 KILM 232142
CLILBT


CLIMATE REPORT
NATIONAL WEATHER SERVICE WILMINGTON NC
441 PM EST THU FEB 23 2017


...................................

...THE LUMBERTON NC CLIMATE SUMMARY FOR FEBRUARY 23 2017...
VALID TODAY AS OF 0400 PM LOCAL TIME.

CLIMATE NORMAL PERIOD 1981 TO 2010
CLIMATE RECORD PERIOD 9999 TO 9999


WEATHER ITEM   OBSERVED TIME   NORMAL DEPARTURE LAST
                VALUE   (LST)  VALUE  FROM      YEAR
                                      NORMAL
......................................................
TEMPERATURE (F)
 TODAY
  MAXIMUM         76    306 PM  60     16       55
  MINIMUM         53    720 AM  37     16       50
  AVERAGE         65            48     17       53

PRECIPITATION (IN)
  TODAY            0.00          0.11  -0.11     0.40
  MONTH TO DATE    1.09          2.35  -1.26     5.82
  SINCE DEC 1      7.79          8.21  -0.42    14.34
  SINCE JAN 1      3.49          5.32  -1.83     7.45

SNOWFALL (IN)
  TODAY           MM
  MONTH TO DATE   MM
  SINCE DEC 1     MM
  SINCE JUL 1     MM
  SNOW DEPTH      MM

DEGREE DAYS
 HEATING
  TODAY            0            16    -16       12
  MONTH TO DATE  242           432   -190      423
  SINCE DEC 1   1253          1685   -432     1319
  SINCE JUL 1   1615          2151   -536     1600

 COOLING
  TODAY            0             0      0        0
  MONTH TO DATE    7             0      7        1
  SINCE DEC 1      7             3      4       51
  SINCE JAN 1      7             1      6        1
......................................................


WIND (MPH)
  HIGHEST WIND SPEED    15   HIGHEST WIND DIRECTION     E (110)
  HIGHEST GUST SPEED    19   HIGHEST GUST DIRECTION    SE (130)
  AVERAGE WIND SPEED     6.6


SKY COVER
  POSSIBLE SUNSHINE  MM
  AVERAGE SKY COVER 0.2


WEATHER CONDITIONS
 THE FOLLOWING WEATHER WAS RECORDED TODAY.
  NO SIGNIFICANT WEATHER WAS OBSERVED.


RELATIVE HUMIDITY (PERCENT)
 HIGHEST    93           400 AM
 LOWEST     46           300 PM
 AVERAGE    70

..........................................................


THE LUMBERTON NC CLIMATE NORMALS FOR TOMORROW
                         NORMAL
 MAXIMUM TEMPERATURE (F)   60
 MINIMUM TEMPERATURE (F)   37


SUNRISE AND SUNSET
FEBRUARY 23 2017......SUNRISE   652 AM EST   SUNSET   607 PM EST
FEBRUARY 24 2017......SUNRISE   651 AM EST   SUNSET   608 PM EST


-  INDICATES NEGATIVE NUMBERS.
R  INDICATES RECORD WAS SET OR TIED.
MM INDICATES DATA IS MISSING.
T  INDICATES TRACE AMOUNT.




$$
