000
CDUS42 KILM 292100
CLILBT


CLIMATE REPORT
NATIONAL WEATHER SERVICE WILMINGTON NC
500 PM EDT FRI APR 29 2016


...................................

...THE LUMBERTON NC CLIMATE SUMMARY FOR APRIL 29 2016...
VALID TODAY AS OF 0400 PM LOCAL TIME.

CLIMATE NORMAL PERIOD 1981 TO 2010
CLIMATE RECORD PERIOD 9999 TO 9999


WEATHER ITEM   OBSERVED TIME   NORMAL DEPARTURE LAST
                VALUE   (LST)  VALUE  FROM      YEAR
                                      NORMAL
......................................................
TEMPERATURE (F)
 TODAY
  MAXIMUM         86    234 PM  78      8       66
  MINIMUM         62    403 AM  52     10       44
  AVERAGE         74            65      9       55

PRECIPITATION (IN)
  TODAY            0.00          0.07  -0.07     0.32
  MONTH TO DATE    3.17          2.75   0.42     2.41
  SINCE MAR 1      4.35          6.08  -1.73     5.89
  SINCE JAN 1     12.63         11.95   0.68    15.35

SNOWFALL (IN)
  TODAY           MM
  MONTH TO DATE   MM
  SINCE MAR 1     MM
  SINCE JUL 1     MM
  SNOW DEPTH      MM

DEGREE DAYS
 HEATING
  TODAY            0             3     -3       10
  MONTH TO DATE  136           150    -14       98
  SINCE MAR 1    317           496   -179      402
  SINCE JUL 1   1996          2726   -730     2766

 COOLING
  TODAY            9             3      6        0
  MONTH TO DATE   66            53     13       78
  SINCE MAR 1    112            63     49       93
  SINCE JAN 1    113            66     47       93
......................................................


WIND (MPH)
  HIGHEST WIND SPEED    15   HIGHEST WIND DIRECTION     N (20)
  HIGHEST GUST SPEED    19   HIGHEST GUST DIRECTION    NE (30)
  AVERAGE WIND SPEED     5.8


SKY COVER
  POSSIBLE SUNSHINE  MM
  AVERAGE SKY COVER 0.3


WEATHER CONDITIONS
 THE FOLLOWING WEATHER WAS RECORDED TODAY.
  FOG


RELATIVE HUMIDITY (PERCENT)
 HIGHEST    93           200 AM
 LOWEST     43           300 PM
 AVERAGE    68

..........................................................


THE LUMBERTON NC CLIMATE NORMALS FOR TOMORROW
                         NORMAL
 MAXIMUM TEMPERATURE (F)   78
 MINIMUM TEMPERATURE (F)   52


SUNRISE AND SUNSET
APRIL 29 2016.........SUNRISE   628 AM EDT   SUNSET   800 PM EDT
APRIL 30 2016.........SUNRISE   627 AM EDT   SUNSET   801 PM EDT


-  INDICATES NEGATIVE NUMBERS.
R  INDICATES RECORD WAS SET OR TIED.
MM INDICATES DATA IS MISSING.
T  INDICATES TRACE AMOUNT.




$$
