000
CDUS42 KILM 170900
CLILBT


CLIMATE REPORT
NATIONAL WEATHER SERVICE WILMINGTON NC
500 AM EDT WED SEP 17 2014


...................................

...THE LUMBERTON NC CLIMATE SUMMARY FOR SEPTEMBER 16 2014...

CLIMATE NORMAL PERIOD 1981 TO 2010
CLIMATE RECORD PERIOD 9999 TO 9999


WEATHER ITEM   OBSERVED TIME   NORMAL DEPARTURE LAST
                VALUE   (LST)  VALUE  FROM      YEAR
                                      NORMAL
......................................................
TEMPERATURE (F)
 YESTERDAY
  MAXIMUM         87    300 PM  84      3       89
  MINIMUM         66   1159 PM  62      4       65
  AVERAGE         77            73      4       77

PRECIPITATION (IN)
  YESTERDAY        0.16          0.16   0.00     0.00
  MONTH TO DATE    2.78          2.65   0.13     0.87
  SINCE SEP 1      2.78          2.65   0.13     0.87
  SINCE JAN 1     34.94         33.04   1.90    36.85

DEGREE DAYS
 HEATING
  YESTERDAY        0             0      0        0
  MONTH TO DATE    0             0      0        0
  SINCE SEP 1      0             0      0        0
  SINCE JUL 1      0             0      0        0

 COOLING
  YESTERDAY       12             8      4       12
  MONTH TO DATE  222           159     63      206
  SINCE SEP 1    222           159     63      206
  SINCE JAN 1   1879          1731    148     1717
......................................................


WIND (MPH)
  HIGHEST WIND SPEED    22   HIGHEST WIND DIRECTION     N (20)
  HIGHEST GUST SPEED    29   HIGHEST GUST DIRECTION     N (10)
  AVERAGE WIND SPEED     2.8


SKY COVER
  POSSIBLE SUNSHINE  MM
  AVERAGE SKY COVER 0.6


WEATHER CONDITIONS
 THE FOLLOWING WEATHER WAS RECORDED YESTERDAY.
  THUNDERSTORM
  RAIN
  LIGHT RAIN
  FOG
  HAZE


RELATIVE HUMIDITY (PERCENT)
 HIGHEST    93          1200 AM
 LOWEST     51           200 PM
 AVERAGE    72

..........................................................


THE LUMBERTON NC CLIMATE NORMALS FOR TODAY
                         NORMAL
 MAXIMUM TEMPERATURE (F)   84
 MINIMUM TEMPERATURE (F)   62


SUNRISE AND SUNSET
SEPTEMBER 17 2014.....SUNRISE   701 AM EDT   SUNSET   720 PM EDT
SEPTEMBER 18 2014.....SUNRISE   701 AM EDT   SUNSET   719 PM EDT


-  INDICATES NEGATIVE NUMBERS.
R  INDICATES RECORD WAS SET OR TIED.
MM INDICATES DATA IS MISSING.
T  INDICATES TRACE AMOUNT.




$$
