000
CDUS42 KILM 180852
CLILBT


CLIMATE REPORT
NATIONAL WEATHER SERVICE WILMINGTON NC
451 AM EDT FRI APR 18 2014


...................................

...THE LUMBERTON NC CLIMATE SUMMARY FOR APRIL 17 2014...

CLIMATE NORMAL PERIOD 1981 TO 2010
CLIMATE RECORD PERIOD 9999 TO 9999


WEATHER ITEM   OBSERVED TIME   NORMAL DEPARTURE LAST
                VALUE   (LST)  VALUE  FROM      YEAR
                                      NORMAL
......................................................
TEMPERATURE (F)
 YESTERDAY
  MAXIMUM         67    417 PM  75     -8       84
  MINIMUM         36    429 AM  49    -13       51
  AVERAGE         52            62    -10       68

PRECIPITATION (IN)
  YESTERDAY        0.00          0.08  -0.08     0.00
  MONTH TO DATE    1.39          1.67  -0.28     1.59
  SINCE MAR 1      4.81          5.00  -0.19     3.47
  SINCE JAN 1     10.88         10.87   0.01     9.04

SNOWFALL (IN)
  YESTERDAY       MM
  MONTH TO DATE   MM
  SINCE MAR 1     MM
  SINCE JUL 1     MM
  SNOW DEPTH      MM

DEGREE DAYS
 HEATING
  YESTERDAY       13             5      8        0
  MONTH TO DATE   73           106    -33       97
  SINCE MAR 1    585           452    133      633
  SINCE JUL 1   2881          2682    199     2707

 COOLING
  YESTERDAY        0             2     -2        3
  MONTH TO DATE   20            26     -6       19
  SINCE MAR 1     21            36    -15       20
  SINCE JAN 1     22            39    -17       24
......................................................


WIND (MPH)
  HIGHEST WIND SPEED    20   HIGHEST WIND DIRECTION    NE (30)
  HIGHEST GUST SPEED    28   HIGHEST GUST DIRECTION    NE (30)
  AVERAGE WIND SPEED     8.8


SKY COVER
  POSSIBLE SUNSHINE  MM
  AVERAGE SKY COVER 0.0


WEATHER CONDITIONS
 THE FOLLOWING WEATHER WAS RECORDED YESTERDAY.
  NO SIGNIFICANT WEATHER WAS OBSERVED.


RELATIVE HUMIDITY (PERCENT)
 HIGHEST    89           300 AM
 LOWEST     42           500 PM
 AVERAGE    66

..........................................................


THE LUMBERTON NC CLIMATE NORMALS FOR TODAY
                         NORMAL
 MAXIMUM TEMPERATURE (F)   75
 MINIMUM TEMPERATURE (F)   50


SUNRISE AND SUNSET
APRIL 18 2014.........SUNRISE   641 AM EDT   SUNSET   751 PM EDT
APRIL 19 2014.........SUNRISE   640 AM EDT   SUNSET   751 PM EDT


-  INDICATES NEGATIVE NUMBERS.
R  INDICATES RECORD WAS SET OR TIED.
MM INDICATES DATA IS MISSING.
T  INDICATES TRACE AMOUNT.




$$
