000
CDUS42 KILM 270841
CLILBT


CLIMATE REPORT
NATIONAL WEATHER SERVICE WILMINGTON NC
440 AM EDT THU JUL 27 2017


...................................

...THE LUMBERTON NC CLIMATE SUMMARY FOR JULY 26 2017...

CLIMATE NORMAL PERIOD 1981 TO 2010
CLIMATE RECORD PERIOD 9999 TO 9999


WEATHER ITEM   OBSERVED TIME   NORMAL DEPARTURE LAST
                VALUE   (LST)  VALUE  FROM      YEAR
                                      NORMAL
......................................................
TEMPERATURE (F)
 YESTERDAY
  MAXIMUM         89    404 PM  91     -2       96
  MINIMUM         70   1154 PM  72     -2       75
  AVERAGE         80            81     -1       86

PRECIPITATION (IN)
  YESTERDAY        0.00          0.20  -0.20     0.00
  MONTH TO DATE    3.15          4.50  -1.35     7.51
  SINCE JUN 1      6.88          8.84  -1.96     9.39
  SINCE JAN 1     24.20         23.91   0.29    28.33

DEGREE DAYS
 HEATING
  YESTERDAY        0             0      0        0
  MONTH TO DATE    0             0      0        0
  SINCE JUN 1      0             0      0        0
  SINCE JUL 1      0             0      0        0

 COOLING
  YESTERDAY       15            16     -1       21
  MONTH TO DATE  435           416     19      463
  SINCE JUN 1    819           804     15      934
  SINCE JAN 1   1225          1054    171     1257
......................................................


WIND (MPH)
  HIGHEST WIND SPEED    15   HIGHEST WIND DIRECTION    SE (120)
  HIGHEST GUST SPEED    18   HIGHEST GUST DIRECTION    NE (50)
  AVERAGE WIND SPEED     6.8


SKY COVER
  POSSIBLE SUNSHINE  MM
  AVERAGE SKY COVER 0.3


WEATHER CONDITIONS
 THE FOLLOWING WEATHER WAS RECORDED YESTERDAY.
  NO SIGNIFICANT WEATHER WAS OBSERVED.


RELATIVE HUMIDITY (PERCENT)
 HIGHEST   100           300 AM
 LOWEST     52           400 PM
 AVERAGE    76

..........................................................


THE LUMBERTON NC CLIMATE NORMALS FOR TODAY
                         NORMAL
 MAXIMUM TEMPERATURE (F)   90
 MINIMUM TEMPERATURE (F)   72


SUNRISE AND SUNSET
JULY 27 2017..........SUNRISE   623 AM EDT   SUNSET   822 PM EDT
JULY 28 2017..........SUNRISE   624 AM EDT   SUNSET   821 PM EDT


-  INDICATES NEGATIVE NUMBERS.
R  INDICATES RECORD WAS SET OR TIED.
MM INDICATES DATA IS MISSING.
T  INDICATES TRACE AMOUNT.




$$
