000
CDUS42 KILM 302044
CLILBT


CLIMATE REPORT
NATIONAL WEATHER SERVICE WILMINGTON NC
443 PM EDT THU JUL 30 2015


...................................

...THE LUMBERTON NC CLIMATE SUMMARY FOR JULY 30 2015...
VALID TODAY AS OF 0400 PM LOCAL TIME.

CLIMATE NORMAL PERIOD 1981 TO 2010
CLIMATE RECORD PERIOD 9999 TO 9999


WEATHER ITEM   OBSERVED TIME   NORMAL DEPARTURE LAST
                VALUE   (LST)  VALUE  FROM      YEAR
                                      NORMAL
......................................................
TEMPERATURE (F)
 TODAY
  MAXIMUM         97    207 PM  90      7       88
  MINIMUM         72    531 AM  72      0       65
  AVERAGE         85            81      4       77

PRECIPITATION (IN)
  TODAY            0.00          0.20  -0.20     0.00
  MONTH TO DATE    1.27          5.28  -4.01     4.44
  SINCE JUN 1      7.51          9.62  -2.11    12.01
  SINCE JAN 1     24.97         24.69   0.28    29.27

DEGREE DAYS
 HEATING
  TODAY            0             0      0        0
  MONTH TO DATE    0             0      0        0
  SINCE JUN 1      0             0      0        0
  SINCE JUL 1      0             0      0        0

 COOLING
  TODAY           20            16      4       12
  MONTH TO DATE  549           480     69      468
  SINCE JUN 1   1093           868    225      926
  SINCE JAN 1   1432          1118    314     1214
......................................................


WIND (MPH)
  HIGHEST WIND SPEED     9   HIGHEST WIND DIRECTION    NE (50)
  HIGHEST GUST SPEED    13   HIGHEST GUST DIRECTION    NE (50)
  AVERAGE WIND SPEED     1.4


SKY COVER
  POSSIBLE SUNSHINE  MM
  AVERAGE SKY COVER 0.1


WEATHER CONDITIONS
 THE FOLLOWING WEATHER WAS RECORDED TODAY.
  NO SIGNIFICANT WEATHER WAS OBSERVED.


RELATIVE HUMIDITY (PERCENT)
 HIGHEST    87           200 AM
 LOWEST     46          1200 PM
 AVERAGE    67

..........................................................


THE LUMBERTON NC CLIMATE NORMALS FOR TOMORROW
                         NORMAL    RECORD    YEAR
 MAXIMUM TEMPERATURE (F)   90        98      1999
 MINIMUM TEMPERATURE (F)   72        64      2001


SUNRISE AND SUNSET
JULY 30 2015..........SUNRISE   625 AM EDT   SUNSET   820 PM EDT
JULY 31 2015..........SUNRISE   626 AM EDT   SUNSET   819 PM EDT


-  INDICATES NEGATIVE NUMBERS.
R  INDICATES RECORD WAS SET OR TIED.
MM INDICATES DATA IS MISSING.
T  INDICATES TRACE AMOUNT.




$$
