000
CDUS42 KILM 210841
CLILBT


CLIMATE REPORT
NATIONAL WEATHER SERVICE WILMINGTON NC
441 AM EDT TUE OCT 21 2014


...................................

...THE LUMBERTON NC CLIMATE SUMMARY FOR OCTOBER 20 2014...

CLIMATE NORMAL PERIOD 1981 TO 2010
CLIMATE RECORD PERIOD 9999 TO 9999


WEATHER ITEM   OBSERVED TIME   NORMAL DEPARTURE LAST
                VALUE   (LST)  VALUE  FROM      YEAR
                                      NORMAL
......................................................
TEMPERATURE (F)
 YESTERDAY
  MAXIMUM         76    315 PM  74      2       70
  MINIMUM         38    636 AM  50    -12       48
  AVERAGE         57            62     -5       59

PRECIPITATION (IN)
  YESTERDAY        0.00          0.07  -0.07     0.00
  MONTH TO DATE    0.60          1.94  -1.34     0.26
  SINCE SEP 1      4.52          6.74  -2.22     1.66
  SINCE JAN 1     36.68         37.13  -0.45    37.64

DEGREE DAYS
 HEATING
  YESTERDAY        8             5      3        6
  MONTH TO DATE   40            54    -14       14
  SINCE SEP 1     46            63    -17       14
  SINCE JUL 1     46            63    -17       14

 COOLING
  YESTERDAY        0             2     -2        0
  MONTH TO DATE   87            57     30       80
  SINCE SEP 1    385           306     79      336
  SINCE JAN 1   2042          1878    164     1847
......................................................


WIND (MPH)
  HIGHEST WIND SPEED    15   HIGHEST WIND DIRECTION    SW (230)
  HIGHEST GUST SPEED    22   HIGHEST GUST DIRECTION    SW (220)
  AVERAGE WIND SPEED     3.1


SKY COVER
  POSSIBLE SUNSHINE  MM
  AVERAGE SKY COVER 0.1


WEATHER CONDITIONS
 THE FOLLOWING WEATHER WAS RECORDED YESTERDAY.
  NO SIGNIFICANT WEATHER WAS OBSERVED.


RELATIVE HUMIDITY (PERCENT)
 HIGHEST   100           300 AM
 LOWEST     45          1000 AM
 AVERAGE    73

..........................................................


THE LUMBERTON NC CLIMATE NORMALS FOR TODAY
                         NORMAL
 MAXIMUM TEMPERATURE (F)   74
 MINIMUM TEMPERATURE (F)   49


SUNRISE AND SUNSET
OCTOBER 21 2014.......SUNRISE   727 AM EDT   SUNSET   634 PM EDT
OCTOBER 22 2014.......SUNRISE   728 AM EDT   SUNSET   633 PM EDT


-  INDICATES NEGATIVE NUMBERS.
R  INDICATES RECORD WAS SET OR TIED.
MM INDICATES DATA IS MISSING.
T  INDICATES TRACE AMOUNT.




$$
