000
CDUS44 KLCH 210847
CLILCH


CLIMATE REPORT
NATIONAL WEATHER SERVICE LAKE CHARLES, LA
247 AM CST SUN JAN 21 2018


...................................

...THE LAKE CHARLES CLIMATE SUMMARY FOR JANUARY 20 2018...

CLIMATE NORMAL PERIOD 1981 TO 2010
CLIMATE RECORD PERIOD 1895 TO 2018


WEATHER ITEM   OBSERVED TIME   RECORD YEAR NORMAL DEPARTURE LAST
                VALUE   (LST)  VALUE       VALUE  FROM      YEAR
                                                  NORMAL
..................................................................
TEMPERATURE (F)
 YESTERDAY
  MAXIMUM         72    206 PM  85    1914  61     11       77
  MINIMUM         46   1201 AM  19    1940  42      4       61
  AVERAGE         59                        52      7       69

PRECIPITATION (IN)
  YESTERDAY        T             2.22 1993   0.17  -0.17     1.40
  MONTH TO DATE    2.38                      3.50  -1.12     4.62
  SINCE DEC 1      7.28                      8.18  -0.90    16.67
  SINCE JAN 1      2.38                      3.50  -1.12     4.62

SNOWFALL (IN)
  YESTERDAY       MM             T    1978   0.0   MM        0.0
                                      1963
  MONTH TO DATE    0.1                       0.0    0.1       T
  SINCE DEC 1      2.2                       T      2.2       T
  SINCE JUL 1      2.2                       T      2.2       T
  SNOW DEPTH       0

DEGREE DAYS
 HEATING
  YESTERDAY        6                        14     -8        0
  MONTH TO DATE  424                       280    144      136
  SINCE DEC 1    791                       647    144      389
  SINCE JUL 1    939                       854     85      483

 COOLING
  YESTERDAY        0                         0      0        4
  MONTH TO DATE    0                         0      0       53
  SINCE DEC 1     24                        20      4      109
  SINCE JAN 1      0                         0      0       53
..................................................................


WIND (MPH)
  HIGHEST WIND SPEED    22   HIGHEST WIND DIRECTION    SE (150)
  HIGHEST GUST SPEED    27   HIGHEST GUST DIRECTION    SE (150)
  AVERAGE WIND SPEED    11.5


SKY COVER
  POSSIBLE SUNSHINE  MM
  AVERAGE SKY COVER 0.9


WEATHER CONDITIONS
 THE FOLLOWING WEATHER WAS RECORDED YESTERDAY.
  LIGHT RAIN


RELATIVE HUMIDITY (PERCENT)
 HIGHEST   100           800 AM
 LOWEST     68           300 PM
 AVERAGE    84

..........................................................


THE LAKE CHARLES CLIMATE NORMALS FOR TODAY
                         NORMAL    RECORD    YEAR
 MAXIMUM TEMPERATURE (F)   61        80      1927
 MINIMUM TEMPERATURE (F)   42        15      1985


SUNRISE AND SUNSET
JANUARY 21 2018.......SUNRISE   708 AM CST   SUNSET   540 PM CST
JANUARY 22 2018.......SUNRISE   708 AM CST   SUNSET   541 PM CST


-  INDICATES NEGATIVE NUMBERS.
R  INDICATES RECORD WAS SET OR TIED.
MM INDICATES DATA IS MISSING.
T  INDICATES TRACE AMOUNT.




$$
