000
CDUS44 KLCH 222203
CLILCH


CLIMATE REPORT
NATIONAL WEATHER SERVICE LAKE CHARLES, LA
503 PM CDT SAT JUL 22 2017


...................................

...THE LAKE CHARLES CLIMATE SUMMARY FOR JULY 22 2017...
VALID TODAY AS OF 0500 PM LOCAL TIME.

CLIMATE NORMAL PERIOD 1981 TO 2010
CLIMATE RECORD PERIOD 1895 TO 2017


WEATHER ITEM   OBSERVED TIME   RECORD YEAR NORMAL DEPARTURE LAST
                VALUE   (LST)  VALUE       VALUE  FROM      YEAR
                                                  NORMAL
..................................................................
TEMPERATURE (F)
 TODAY
  MAXIMUM         92   1217 PM 100    1907  91      1       96
  MINIMUM         76    359 PM  67    1970  75      1       78
                                      1944
                                      1917
  AVERAGE         84                        83      1       87

PRECIPITATION (IN)
  TODAY            0.17          3.15 1942   0.17   0.00      T
  MONTH TO DATE    3.11                      4.08  -0.97     1.69
  SINCE JUN 1     12.81                     10.93   1.88    10.83
  SINCE JAN 1     39.46                     31.81   7.65    40.15

SNOWFALL (IN)
  TODAY            0.0           0.0    MM   0.0    0.0      0.0
  MONTH TO DATE    0.0                       0.0    0.0      0.0
  SINCE JUN 1      0.0                       0.0    0.0      0.0
  SINCE JUL 1      0.0                       0.0    0.0      0.0
  SNOW DEPTH       0

DEGREE DAYS
 HEATING
  TODAY            0                         0      0        0
  MONTH TO DATE    0                         0      0        0
  SINCE JUN 1      0                         0      0        0
  SINCE JUL 1      0                         0      0        0

 COOLING
  TODAY           19                        18      1       22
  MONTH TO DATE  397                       393      4      449
  SINCE JUN 1    879                       873      6      961
  SINCE JAN 1   1582                      1411    171     1577
..................................................................


WIND (MPH)
  HIGHEST WIND SPEED    14   HIGHEST WIND DIRECTION     N (20)
  HIGHEST GUST SPEED    21   HIGHEST GUST DIRECTION     W (280)
  AVERAGE WIND SPEED     3.0


SKY COVER
  POSSIBLE SUNSHINE  MM
  AVERAGE SKY COVER 0.3


WEATHER CONDITIONS
 THE FOLLOWING WEATHER WAS RECORDED TODAY.
  THUNDERSTORM
  LIGHT RAIN
  FOG
  HAZE


RELATIVE HUMIDITY (PERCENT)
 HIGHEST   100           500 AM
 LOWEST     68          1000 AM
 AVERAGE    84

..........................................................


THE LAKE CHARLES CLIMATE NORMALS FOR TOMORROW
                         NORMAL    RECORD    YEAR
 MAXIMUM TEMPERATURE (F)   91       101      1934
 MINIMUM TEMPERATURE (F)   75        63      1947


SUNRISE AND SUNSET
JULY 22 2017..........SUNRISE   626 AM CDT   SUNSET   812 PM CDT
JULY 23 2017..........SUNRISE   626 AM CDT   SUNSET   812 PM CDT


-  INDICATES NEGATIVE NUMBERS.
R  INDICATES RECORD WAS SET OR TIED.
MM INDICATES DATA IS MISSING.
T  INDICATES TRACE AMOUNT.




$$
