000
CDUS44 KLCH 190910
CLILCH


CLIMATE REPORT
NATIONAL WEATHER SERVICE LAKE CHARLES, LA
304 AM CST SUN NOV 19 2017


...................................

...THE LAKE CHARLES CLIMATE SUMMARY FOR NOVEMBER 18 2017...

CLIMATE NORMAL PERIOD 1981 TO 2010
CLIMATE RECORD PERIOD 1895 TO 2017


WEATHER ITEM   OBSERVED TIME   RECORD YEAR NORMAL DEPARTURE LAST
                VALUE   (LST)  VALUE       VALUE  FROM      YEAR
                                                  NORMAL
..................................................................
TEMPERATURE (F)
 YESTERDAY
  MAXIMUM         83    238 PM  87    1913  71     12       81
  MINIMUM         58   1159 PM  27    1959  50      8       57
  AVERAGE         71                        60     11       69

PRECIPITATION (IN)
  YESTERDAY        0.00          3.37 2000   0.13  -0.13     0.18
  MONTH TO DATE    1.73                      2.72  -0.99     0.61
  SINCE SEP 1      6.51                     12.88  -6.37     4.32
  SINCE JAN 1     70.27                     51.10  19.17    60.23

SNOWFALL (IN)
  YESTERDAY        0.0           0.0    MM   0.0    0.0      0.0
  MONTH TO DATE    0.0                       0.0    0.0      0.0
  SINCE SEP 1      0.0                       0.0    0.0      0.0
  SINCE JUL 1      0.0                       0.0    0.0      0.0
  SNOW DEPTH       0

DEGREE DAYS
 HEATING
  YESTERDAY        0                         6     -6        0
  MONTH TO DATE   19                        78    -59       19
  SINCE SEP 1     56                       114    -58       25
  SINCE JUL 1     56                       114    -58       25

 COOLING
  YESTERDAY        6                         1      5        4
  MONTH TO DATE  103                        42     61       73
  SINCE SEP 1    830                       646    184      858
  SINCE JAN 1   3156                      2775    381     3185
..................................................................


WIND (MPH)
  HIGHEST WIND SPEED    29   HIGHEST WIND DIRECTION     N (350)
  HIGHEST GUST SPEED    40   HIGHEST GUST DIRECTION     N (10)
  AVERAGE WIND SPEED    13.6


SKY COVER
  POSSIBLE SUNSHINE  MM
  AVERAGE SKY COVER 0.3


WEATHER CONDITIONS
 THE FOLLOWING WEATHER WAS RECORDED YESTERDAY.
  NO SIGNIFICANT WEATHER WAS OBSERVED.


RELATIVE HUMIDITY (PERCENT)
 HIGHEST    93          1200 AM
 LOWEST     43           700 PM
 AVERAGE    68

..........................................................


THE LAKE CHARLES CLIMATE NORMALS FOR TODAY
                         NORMAL    RECORD    YEAR
 MAXIMUM TEMPERATURE (F)   70        89      1913
 MINIMUM TEMPERATURE (F)   50        30      2014
                                             1926


SUNRISE AND SUNSET
NOVEMBER 19 2017......SUNRISE   642 AM CST   SUNSET   515 PM CST
NOVEMBER 20 2017......SUNRISE   643 AM CST   SUNSET   514 PM CST


-  INDICATES NEGATIVE NUMBERS.
R  INDICATES RECORD WAS SET OR TIED.
MM INDICATES DATA IS MISSING.
T  INDICATES TRACE AMOUNT.




$$
