000
CDUS44 KLCH 221245
CLILCH


CLIMATE REPORT
NATIONAL WEATHER SERVICE LAKE CHARLES, LA
645 AM CST WED FEB 22 2017


...................................

...THE LAKE CHARLES CLIMATE SUMMARY FOR FEBRUARY 21 2017...

CLIMATE NORMAL PERIOD 1981 TO 2010
CLIMATE RECORD PERIOD 1895 TO 2017


WEATHER ITEM   OBSERVED TIME   RECORD YEAR NORMAL DEPARTURE LAST
                VALUE   (LST)  VALUE       VALUE  FROM      YEAR
                                                  NORMAL
..................................................................
TEMPERATURE (F)
 YESTERDAY
  MAXIMUM         71    414 PM  87    1913  66      5       74
  MINIMUM         56    710 AM  28    1978  47      9       63
                                      1914
  AVERAGE         64                        56      8       69

PRECIPITATION (IN)
  YESTERDAY        0.12          2.70 1969   0.11   0.01     0.00
  MONTH TO DATE    2.04                      2.66  -0.62     0.16
  SINCE DEC 1     19.00                     12.57   6.43     7.50
  SINCE JAN 1      6.95                      7.89  -0.94     4.26

SNOWFALL (IN)
  YESTERDAY        0.0           T    1964   0.0    0.0      0.0
                                      1963
                                      1959
  MONTH TO DATE    0.0                       0.1   -0.1      0.0
  SINCE DEC 1      T                         0.1   -0.1      0.0
  SINCE JUL 1      T                         0.1   -0.1      0.0
  SNOW DEPTH       0

DEGREE DAYS
 HEATING
  YESTERDAY        1                         9     -8        0
  MONTH TO DATE   78                       232   -154      178
  SINCE DEC 1    550                      1016   -466      809
  SINCE JUL 1    644                      1223   -579      885

 COOLING
  YESTERDAY        0                         0      0        4
  MONTH TO DATE   51                         0     51       10
  SINCE DEC 1    164                        30    134       70
  SINCE JAN 1    108                        10     98       13
..................................................................


WIND (MPH)
  HIGHEST WIND SPEED    20   HIGHEST WIND DIRECTION    NW (320)
  HIGHEST GUST SPEED    26   HIGHEST GUST DIRECTION    NW (320)
  AVERAGE WIND SPEED     3.5


SKY COVER
  POSSIBLE SUNSHINE  MM
  AVERAGE SKY COVER 0.5


WEATHER CONDITIONS
 THE FOLLOWING WEATHER WAS RECORDED YESTERDAY.
  THUNDERSTORM
  LIGHT RAIN
  FOG


RELATIVE HUMIDITY (PERCENT)
 HIGHEST   100          1200 AM
 LOWEST     57           200 PM
 AVERAGE    79

..........................................................


THE LAKE CHARLES CLIMATE NORMALS FOR TODAY
                         NORMAL    RECORD    YEAR
 MAXIMUM TEMPERATURE (F)   66        85      1913
 MINIMUM TEMPERATURE (F)   47        23      1978


SUNRISE AND SUNSET
FEBRUARY 22 2017......SUNRISE   646 AM CST   SUNSET   607 PM CST
FEBRUARY 23 2017......SUNRISE   645 AM CST   SUNSET   608 PM CST


-  INDICATES NEGATIVE NUMBERS.
R  INDICATES RECORD WAS SET OR TIED.
MM INDICATES DATA IS MISSING.
T  INDICATES TRACE AMOUNT.




$$
