000
CDUS44 KLCH 240916
CLILCH


CLIMATE REPORT
NATIONAL WEATHER SERVICE LAKE CHARLES, LA
416 AM CDT SUN MAY 24 2015


...................................

...THE LAKE CHARLES CLIMATE SUMMARY FOR MAY 23 2015...

CLIMATE NORMAL PERIOD 1981 TO 2010
CLIMATE RECORD PERIOD 1895 TO 2015


WEATHER ITEM   OBSERVED TIME   RECORD YEAR NORMAL DEPARTURE LAST
                VALUE   (LST)  VALUE       VALUE  FROM      YEAR
                                                  NORMAL
..................................................................
TEMPERATURE (F)
 YESTERDAY
  MAXIMUM         87    254 PM  95    1911  86      1       86
  MINIMUM         69    527 AM  51    2001  68      1       63
  AVERAGE         78                        77      1       75

PRECIPITATION (IN)
  YESTERDAY        0.03          2.20 1907   0.18  -0.15     0.00
  MONTH TO DATE    2.99                      3.68  -0.69     0.12
  SINCE MAR 1     22.38                     10.67  11.71     3.04
  SINCE JAN 1     30.86                     19.36  11.50     9.83

SNOWFALL (IN)
  YESTERDAY        0.0           0.0    MM   0.0    0.0      0.0
  MONTH TO DATE    0.0                       0.0    0.0      0.0
  SINCE MAR 1      T                         0.0    0.0      0.0
  SINCE JUL 1      T                         0.1   -0.1      0.1
  SNOW DEPTH       0

DEGREE DAYS
 HEATING
  YESTERDAY        0                         0      0        0
  MONTH TO DATE    0                         0      0       12
  SINCE MAR 1    105                       207   -102      311
  SINCE JUL 1   1543                      1489     54     1962

 COOLING
  YESTERDAY       13                        12      1       10
  MONTH TO DATE  279                       224     55      174
  SINCE MAR 1    532                       409    123      328
  SINCE JAN 1    538                       432    106      343
..................................................................


WIND (MPH)
  HIGHEST WIND SPEED    23   HIGHEST WIND DIRECTION    SE (130)
  HIGHEST GUST SPEED    30   HIGHEST GUST DIRECTION    SE (130)
  AVERAGE WIND SPEED     9.1


SKY COVER
  POSSIBLE SUNSHINE  MM
  AVERAGE SKY COVER 0.2


WEATHER CONDITIONS
 THE FOLLOWING WEATHER WAS RECORDED YESTERDAY.
  THUNDERSTORM
  FOG
  HAZE


RELATIVE HUMIDITY (PERCENT)
 HIGHEST    97           600 AM
 LOWEST     59          1200 PM
 AVERAGE    78

..........................................................


THE LAKE CHARLES CLIMATE NORMALS FOR TODAY
                         NORMAL    RECORD    YEAR
 MAXIMUM TEMPERATURE (F)   86        96      1909
 MINIMUM TEMPERATURE (F)   69        52      1913


SUNRISE AND SUNSET
MAY 24 2015...........SUNRISE   615 AM CDT   SUNSET   805 PM CDT
MAY 25 2015...........SUNRISE   614 AM CDT   SUNSET   806 PM CDT


-  INDICATES NEGATIVE NUMBERS.
R  INDICATES RECORD WAS SET OR TIED.
MM INDICATES DATA IS MISSING.
T  INDICATES TRACE AMOUNT.




$$
