000
CDUS44 KLCH 010833
CLILCH


CLIMATE REPORT
NATIONAL WEATHER SERVICE LAKE CHARLES, LA
331 AM CDT WED JUL 1 2015


...................................

...THE LAKE CHARLES CLIMATE SUMMARY FOR JUNE 30 2015...

CLIMATE NORMAL PERIOD 1981 TO 2010
CLIMATE RECORD PERIOD 1895 TO 2015


WEATHER ITEM   OBSERVED TIME   RECORD YEAR NORMAL DEPARTURE LAST
                VALUE   (LST)  VALUE       VALUE  FROM      YEAR
                                                  NORMAL
..................................................................
TEMPERATURE (F)
 YESTERDAY
  MAXIMUM         88   1125 AM  99    1937  90     -2       89
                                      1917
  MINIMUM         71   1159 PM  63    1985  74     -3       77
                                      1923
  AVERAGE         80                        82     -2       83

PRECIPITATION (IN)
  YESTERDAY        0.19          4.96 1964   0.24  -0.05     0.00
  MONTH TO DATE    7.08                      6.85   0.23    14.54
  SINCE JUN 1      7.08                      6.85   0.23    14.54
  SINCE JAN 1     41.51                     27.73  13.78    29.71

SNOWFALL (IN)
  YESTERDAY        0.0           0.0    MM   0.0    0.0      0.0
  MONTH TO DATE    0.0                       0.0    0.0      0.0
  SINCE JUN 1      0.0                       0.0    0.0      0.0
  SINCE JUL 1      T                         0.1   -0.1      0.1
  SNOW DEPTH       0

DEGREE DAYS
 HEATING
  YESTERDAY        0                         0      0        0
  MONTH TO DATE    0                         0      0        0
  SINCE JUN 1      0                         0      0        0
  SINCE JUL 1   1543                      1490     53     1962

 COOLING
  YESTERDAY       15                        17     -2       18
  MONTH TO DATE  512                       480     32      476
  SINCE JUN 1    512                       480     32      476
  SINCE JAN 1   1156                      1018    138      915
..................................................................


WIND (MPH)
  HIGHEST WIND SPEED    22   HIGHEST WIND DIRECTION    SW (240)
  HIGHEST GUST SPEED    35   HIGHEST GUST DIRECTION    SW (230)
  AVERAGE WIND SPEED     4.1


SKY COVER
  POSSIBLE SUNSHINE  MM
  AVERAGE SKY COVER 0.3


WEATHER CONDITIONS
 THE FOLLOWING WEATHER WAS RECORDED YESTERDAY.
  THUNDERSTORM
  RAIN
  LIGHT RAIN
  FOG


RELATIVE HUMIDITY (PERCENT)
 HIGHEST    94           400 AM
 LOWEST     69          1200 PM
 AVERAGE    82

..........................................................


THE LAKE CHARLES CLIMATE NORMALS FOR TODAY
                         NORMAL    RECORD    YEAR
 MAXIMUM TEMPERATURE (F)   90       101      1931
 MINIMUM TEMPERATURE (F)   74        64      1923
                                             1912


SUNRISE AND SUNSET
JULY  1 2015..........SUNRISE   615 AM CDT   SUNSET   818 PM CDT
JULY  2 2015..........SUNRISE   615 AM CDT   SUNSET   818 PM CDT


-  INDICATES NEGATIVE NUMBERS.
R  INDICATES RECORD WAS SET OR TIED.
MM INDICATES DATA IS MISSING.
T  INDICATES TRACE AMOUNT.




$$
