908
CDUS43 KLMK 060631
CLILEX


CLIMATE REPORT
NATIONAL WEATHER SERVICE LOUISVILLE KY
130 AM EST TUE DEC 6 2016


...................................

...THE LEXINGTON KY CLIMATE SUMMARY FOR DECEMBER 5 2016...

CLIMATE NORMAL PERIOD 1981 TO 2010
CLIMATE RECORD PERIOD 1872 TO 2016


WEATHER ITEM   OBSERVED TIME   RECORD YEAR NORMAL DEPARTURE LAST
                VALUE   (LST)  VALUE       VALUE  FROM      YEAR
                                                  NORMAL
..................................................................
TEMPERATURE (F)
 YESTERDAY
  MAXIMUM         45    440 PM  72    2001  47     -2       54
  MINIMUM         38    803 AM  11    1895  31      7       24
  AVERAGE         42                        39      3       39

PRECIPITATION (IN)
  YESTERDAY        T             1.88 2011   0.13  -0.13     0.00
  MONTH TO DATE    0.08                      0.64  -0.56     0.79
  SINCE DEC 1      0.08                      0.64  -0.56     0.79
  SINCE JAN 1     38.29                     41.88  -3.59    53.47

SNOWFALL (IN)
  YESTERDAY        0.0           4.9  1984   0.0    0.0      0.0
  MONTH TO DATE    0.0                       0.2   -0.2       T
  SINCE DEC 1      0.0                       0.2   -0.2       T
  SINCE JUL 1      0.0                       0.5   -0.5       T
  SNOW DEPTH       0

DEGREE DAYS
 HEATING
  YESTERDAY       23                        26     -3       26
  MONTH TO DATE  121                       128     -7      118
  SINCE DEC 1    121                       128     -7      118
  SINCE JUL 1    707                      1015   -308      804

 COOLING
  YESTERDAY        0                         0      0        0
  MONTH TO DATE    0                         0      0        0
  SINCE DEC 1      0                         0      0        0
  SINCE JAN 1   1640                      1190    450     1284
..................................................................


WIND (MPH)
  HIGHEST WIND SPEED    15   HIGHEST WIND DIRECTION     E (80)
  HIGHEST GUST SPEED    19   HIGHEST GUST DIRECTION     E (80)
  AVERAGE WIND SPEED     8.2


SKY COVER
  POSSIBLE SUNSHINE  MM
  AVERAGE SKY COVER 0.6


WEATHER CONDITIONS
 THE FOLLOWING WEATHER WAS RECORDED YESTERDAY.
  LIGHT RAIN
  FOG


RELATIVE HUMIDITY (PERCENT)
 HIGHEST    92           800 AM
 LOWEST     65           100 PM
 AVERAGE    79

..........................................................


THE LEXINGTON KY CLIMATE NORMALS FOR TODAY
                         NORMAL    RECORD    YEAR
 MAXIMUM TEMPERATURE (F)   46        72      1998
 MINIMUM TEMPERATURE (F)   30         2      1977


SUNRISE AND SUNSET
DECEMBER  6 2016......SUNRISE   741 AM EST   SUNSET   519 PM EST
DECEMBER  7 2016......SUNRISE   742 AM EST   SUNSET   519 PM EST


-  INDICATES NEGATIVE NUMBERS.
R  INDICATES RECORD WAS SET OR TIED.
MM INDICATES DATA IS MISSING.
T  INDICATES TRACE AMOUNT.




$$
