000
CDUS43 KLMK 280628
CLILEX


CLIMATE REPORT
NATIONAL WEATHER SERVICE LOUISVILLE KY
127 AM EST FRI NOV 28 2014


...................................

...THE LEXINGTON KY CLIMATE SUMMARY FOR NOVEMBER 27 2014...

CLIMATE NORMAL PERIOD 1981 TO 2010
CLIMATE RECORD PERIOD 1872 TO 2014


WEATHER ITEM   OBSERVED TIME   RECORD YEAR NORMAL DEPARTURE LAST
                VALUE   (LST)  VALUE       VALUE  FROM      YEAR
                                                  NORMAL
..................................................................
TEMPERATURE (F)
 YESTERDAY
  MAXIMUM         34    207 PM  76    1990  50    -16       32
  MINIMUM         27   1159 PM   3    1930  33     -6       20
  AVERAGE         31                        42    -11       26

PRECIPITATION (IN)
  YESTERDAY        T             2.45 1973   0.13  -0.13     0.01
  MONTH TO DATE    2.36                      3.15  -0.79     2.45
  SINCE SEP 1     11.18                      9.19   1.99    10.31
  SINCE JAN 1     50.91                     40.86  10.05    53.95

SNOWFALL (IN)
  YESTERDAY        T             2.5  1887   0.0    0.0      0.2
  MONTH TO DATE    1.6                       0.2    1.4      1.4
  SINCE SEP 1      1.6                       0.2    1.4      1.4
  SINCE JUL 1      1.6                       0.2    1.4      1.4
  SNOW DEPTH       T

DEGREE DAYS
 HEATING
  YESTERDAY       34                        23     11       39
  MONTH TO DATE  700                       489    211      548
  SINCE SEP 1    946                       813    133      830
  SINCE JUL 1    948                       815    133      833

 COOLING
  YESTERDAY        0                         0      0        0
  MONTH TO DATE    0                         0      0        0
  SINCE SEP 1    193                       171     22      207
  SINCE JAN 1   1274                      1188     86     1245
..................................................................


WIND (MPH)
  HIGHEST WIND SPEED    17   HIGHEST WIND DIRECTION     W (280)
  HIGHEST GUST SPEED    23   HIGHEST GUST DIRECTION     W (290)
  AVERAGE WIND SPEED     9.6


SKY COVER
  POSSIBLE SUNSHINE  MM
  AVERAGE SKY COVER 1.0


WEATHER CONDITIONS
 THE FOLLOWING WEATHER WAS RECORDED YESTERDAY.
  LIGHT SNOW
  FOG


RELATIVE HUMIDITY (PERCENT)
 HIGHEST    92           600 AM
 LOWEST     63           100 PM
 AVERAGE    78

..........................................................


THE LEXINGTON KY CLIMATE NORMALS FOR TODAY
                         NORMAL    RECORD    YEAR
 MAXIMUM TEMPERATURE (F)   50        71      2005
 MINIMUM TEMPERATURE (F)   33         6      1887


SUNRISE AND SUNSET
NOVEMBER 28 2014......SUNRISE   733 AM EST   SUNSET   520 PM EST
NOVEMBER 29 2014......SUNRISE   734 AM EST   SUNSET   520 PM EST


-  INDICATES NEGATIVE NUMBERS.
R  INDICATES RECORD WAS SET OR TIED.
MM INDICATES DATA IS MISSING.
T  INDICATES TRACE AMOUNT.




$$
