000
CDUS43 KLMK 250627
CLILEX


CLIMATE REPORT
NATIONAL WEATHER SERVICE LOUISVILLE KY
227 AM EDT SAT OCT 25 2014


...................................

...THE LEXINGTON KY CLIMATE SUMMARY FOR OCTOBER 24 2014...

CLIMATE NORMAL PERIOD 1981 TO 2010
CLIMATE RECORD PERIOD 1872 TO 2014


WEATHER ITEM   OBSERVED TIME   RECORD YEAR NORMAL DEPARTURE LAST
                VALUE   (LST)  VALUE       VALUE  FROM      YEAR
                                                  NORMAL
..................................................................
TEMPERATURE (F)
 YESTERDAY
  MAXIMUM         66    445 PM  82    1939  65      1       48
  MINIMUM         40    656 AM  24    1981  44     -4       35
  AVERAGE         53                        54     -1       42

PRECIPITATION (IN)
  YESTERDAY        0.00          1.74 1926   0.10  -0.10      T
  MONTH TO DATE    3.72                      2.38   1.34     4.59
  SINCE SEP 1      8.07                      5.29   2.78     6.22
  SINCE JAN 1     47.80                     36.96  10.84    49.86

SNOWFALL (IN)
  YESTERDAY        0.0           T    2013   0.0    0.0       T
                                      1937
                                      1929
  MONTH TO DATE    0.0                       0.0    0.0       T
  SINCE SEP 1      0.0                       0.0    0.0       T
  SINCE JUL 1      0.0                       0.0    0.0       T
  SNOW DEPTH       0

DEGREE DAYS
 HEATING
  YESTERDAY       12                        11      1       23
  MONTH TO DATE  157                       187    -30      170
  SINCE SEP 1    185                       239    -54      187
  SINCE JUL 1    187                       241    -54      190

 COOLING
  YESTERDAY        0                         0      0        0
  MONTH TO DATE   25                        23      2       44
  SINCE SEP 1    191                       169     22      207
  SINCE JAN 1   1272                      1186     86     1245
..................................................................


WIND (MPH)
  HIGHEST WIND SPEED     7   HIGHEST WIND DIRECTION    SW (240)
  HIGHEST GUST SPEED    10   HIGHEST GUST DIRECTION    NW (330)
  AVERAGE WIND SPEED     1.6


SKY COVER
  POSSIBLE SUNSHINE  MM
  AVERAGE SKY COVER 0.0


WEATHER CONDITIONS
 THE FOLLOWING WEATHER WAS RECORDED YESTERDAY.
  FOG
  HAZE


RELATIVE HUMIDITY (PERCENT)
 HIGHEST    92           500 AM
 LOWEST     40           500 PM
 AVERAGE    66

..........................................................


THE LEXINGTON KY CLIMATE NORMALS FOR TODAY
                         NORMAL    RECORD    YEAR
 MAXIMUM TEMPERATURE (F)   65        83      1963
 MINIMUM TEMPERATURE (F)   44        27      2006


SUNRISE AND SUNSET
OCTOBER 25 2014.......SUNRISE   757 AM EDT   SUNSET   648 PM EDT
OCTOBER 26 2014.......SUNRISE   758 AM EDT   SUNSET   646 PM EDT


-  INDICATES NEGATIVE NUMBERS.
R  INDICATES RECORD WAS SET OR TIED.
MM INDICATES DATA IS MISSING.
T  INDICATES TRACE AMOUNT.




$$
