000
CDUS43 KLMK 200630
CLILEX


CLIMATE REPORT
NATIONAL WEATHER SERVICE LOUISVILLE KY
230 AM EDT SAT SEP 20 2014


...................................

...THE LEXINGTON KY CLIMATE SUMMARY FOR SEPTEMBER 19 2014...

CLIMATE NORMAL PERIOD 1981 TO 2010
CLIMATE RECORD PERIOD 1872 TO 2014


WEATHER ITEM   OBSERVED TIME   RECORD YEAR NORMAL DEPARTURE LAST
                VALUE   (LST)  VALUE       VALUE  FROM      YEAR
                                                  NORMAL
..................................................................
TEMPERATURE (F)
 YESTERDAY
  MAXIMUM         79    405 PM  95    1954  78      1       81
  MINIMUM         53    633 AM  38    1973  56     -3       65
  AVERAGE         66                        67     -1       73

PRECIPITATION (IN)
  YESTERDAY        0.00          3.84 1910   0.09  -0.09      T
  MONTH TO DATE    4.35                      1.84   2.51     0.18
  SINCE SEP 1      4.35                      1.84   2.51     0.18
  SINCE JAN 1     44.08                     33.51  10.57    43.82

SNOWFALL (IN)
  YESTERDAY        0.0          MM      MM   0.0    0.0      0.0
  MONTH TO DATE    0.0                       0.0    0.0      0.0
  SINCE SEP 1      0.0                       0.0    0.0      0.0
  SINCE JUL 1      0.0                       0.0    0.0      0.0
  SNOW DEPTH       0

DEGREE DAYS
 HEATING
  YESTERDAY        0                         2     -2        0
  MONTH TO DATE   16                        14      2        8
  SINCE SEP 1     16                        14      2        8
  SINCE JUL 1     18                        16      2       11

 COOLING
  YESTERDAY        1                         4     -3        8
  MONTH TO DATE  122                       114      8      132
  SINCE SEP 1    122                       114      8      132
  SINCE JAN 1   1203                      1131     72     1170
..................................................................


WIND (MPH)
  HIGHEST WIND SPEED    15   HIGHEST WIND DIRECTION     E (70)
  HIGHEST GUST SPEED    19   HIGHEST GUST DIRECTION     E (70)
  AVERAGE WIND SPEED     6.5


SKY COVER
  POSSIBLE SUNSHINE  MM
  AVERAGE SKY COVER 0.0


WEATHER CONDITIONS
 THE FOLLOWING WEATHER WAS RECORDED YESTERDAY.
  NO SIGNIFICANT WEATHER WAS OBSERVED.


RELATIVE HUMIDITY (PERCENT)
 HIGHEST    78           900 PM
 LOWEST     43           100 PM
 AVERAGE    61

..........................................................


THE LEXINGTON KY CLIMATE NORMALS FOR TODAY
                         NORMAL    RECORD    YEAR
 MAXIMUM TEMPERATURE (F)   77        96      1940
 MINIMUM TEMPERATURE (F)   56        40      1896


SUNRISE AND SUNSET
SEPTEMBER 20 2014.....SUNRISE   724 AM EDT   SUNSET   739 PM EDT
SEPTEMBER 21 2014.....SUNRISE   725 AM EDT   SUNSET   737 PM EDT


-  INDICATES NEGATIVE NUMBERS.
R  INDICATES RECORD WAS SET OR TIED.
MM INDICATES DATA IS MISSING.
T  INDICATES TRACE AMOUNT.




$$
