000
CDUS43 KLMK 040631
CLILEX


CLIMATE REPORT
NATIONAL WEATHER SERVICE LOUISVILLE KY
130 AM EST WED MAR 4 2015


...................................

...THE LEXINGTON KY CLIMATE SUMMARY FOR MARCH 3 2015...

CLIMATE NORMAL PERIOD 1981 TO 2010
CLIMATE RECORD PERIOD 1872 TO 2015


WEATHER ITEM   OBSERVED TIME   RECORD YEAR NORMAL DEPARTURE LAST
                VALUE   (LST)  VALUE       VALUE  FROM      YEAR
                                                  NORMAL
..................................................................
TEMPERATURE (F)
 YESTERDAY
  MAXIMUM         61    737 PM  76    1901  51     10       23
  MINIMUM         27   1255 AM   0    1980  32     -5        9
  AVERAGE         44                        41      3       16

PRECIPITATION (IN)
  YESTERDAY        0.19          2.71 1953   0.12   0.07     0.42
  MONTH TO DATE    0.51                      0.36   0.15     1.44
  SINCE MAR 1      0.51                      0.36   0.15     1.44
  SINCE JAN 1      5.36                      6.76  -1.40     8.48

SNOWFALL (IN)
  YESTERDAY        0.0           4.6  2014   0.1   -0.1      4.6
  MONTH TO DATE    0.0                       0.2   -0.2      5.0
  SINCE MAR 1      0.0                       0.2   -0.2      5.0
  SINCE JUL 1     22.9                      11.5   11.4     24.3
  SNOW DEPTH       T

DEGREE DAYS
 HEATING
  YESTERDAY       21                        24     -3       49
  MONTH TO DATE   84                        72     12       97
  SINCE MAR 1     84                        72     12       97
  SINCE JUL 1   4062                      3643    419     3940

 COOLING
  YESTERDAY        0                         0      0        0
  MONTH TO DATE    0                         0      0        0
  SINCE MAR 1      0                         0      0        0
  SINCE JAN 1      0                         0      0        0
..................................................................


WIND (MPH)
  HIGHEST WIND SPEED    25   HIGHEST WIND DIRECTION    SW (220)
  HIGHEST GUST SPEED    34   HIGHEST GUST DIRECTION    SW (210)
  AVERAGE WIND SPEED    12.6


SKY COVER
  POSSIBLE SUNSHINE  MM
  AVERAGE SKY COVER 0.8


WEATHER CONDITIONS
 THE FOLLOWING WEATHER WAS RECORDED YESTERDAY.
  HEAVY RAIN
  RAIN
  LIGHT RAIN
  FOG


RELATIVE HUMIDITY (PERCENT)
 HIGHEST    93           200 PM
 LOWEST     63           300 AM
 AVERAGE    78

..........................................................


THE LEXINGTON KY CLIMATE NORMALS FOR TODAY
                         NORMAL    RECORD    YEAR
 MAXIMUM TEMPERATURE (F)   51        81      1976
 MINIMUM TEMPERATURE (F)   32        -1      1873


SUNRISE AND SUNSET
MARCH  4 2015.........SUNRISE   706 AM EST   SUNSET   635 PM EST
MARCH  5 2015.........SUNRISE   705 AM EST   SUNSET   636 PM EST


-  INDICATES NEGATIVE NUMBERS.
R  INDICATES RECORD WAS SET OR TIED.
MM INDICATES DATA IS MISSING.
T  INDICATES TRACE AMOUNT.




$$
