000
CDUS43 KLMK 022039
CLILEX


CLIMATE REPORT
NATIONAL WEATHER SERVICE LOUISVILLE KY
438 PM EDT TUE JUN 2 2015


...................................

...THE LEXINGTON KY CLIMATE SUMMARY FOR JUNE 2 2015...
VALID TODAY AS OF 0400 PM LOCAL TIME.

CLIMATE NORMAL PERIOD 1981 TO 2010
CLIMATE RECORD PERIOD 1872 TO 2015


WEATHER ITEM   OBSERVED TIME   RECORD YEAR NORMAL DEPARTURE LAST
                VALUE   (LST)  VALUE       VALUE  FROM      YEAR
                                                  NORMAL
..................................................................
TEMPERATURE (F)
 TODAY
  MAXIMUM         60    309 PM  96    1951  79    -19       81
  MINIMUM         54    604 AM  45    1993  59     -5       69
                                      1910
  AVERAGE         57                        69    -12       75

PRECIPITATION (IN)
  TODAY            T             1.08 1935   0.16  -0.16      T
  MONTH TO DATE    0.91                      0.33   0.58      T
  SINCE JUN 1      0.91                      0.33   0.58      T
  SINCE JAN 1     26.70                     19.66   7.04    21.35

SNOWFALL (IN)
  TODAY            0.0          MM      MM   0.0    0.0      0.0
  MONTH TO DATE    0.0                       0.0    0.0      0.0
  SINCE JUN 1      0.0                       0.0    0.0      0.0
  SINCE JUL 1     40.0                      13.0   27.0     27.1
  SNOW DEPTH       0

DEGREE DAYS
 HEATING
  TODAY            8                         1      7        0
  MONTH TO DATE   15                         2     13        0
  SINCE JUN 1     15                         2     13        0
  SINCE JUL 1   4961                      4602    359     4855

 COOLING
  TODAY            0                         5     -5       10
  MONTH TO DATE    0                        10    -10       18
  SINCE JUN 1      0                        10    -10       18
  SINCE JAN 1    168                       117     51      179
..................................................................


WIND (MPH)
  HIGHEST WIND SPEED    13   HIGHEST WIND DIRECTION    NE (60)
  HIGHEST GUST SPEED    16   HIGHEST GUST DIRECTION    NE (40)
  AVERAGE WIND SPEED     8.8


SKY COVER
  POSSIBLE SUNSHINE  MM
  AVERAGE SKY COVER 1.0


WEATHER CONDITIONS
 THE FOLLOWING WEATHER WAS RECORDED TODAY.
  LIGHT RAIN
  FOG


RELATIVE HUMIDITY (PERCENT)
 HIGHEST   100           100 AM
 LOWEST     80           300 PM
 AVERAGE    90

..........................................................


THE LEXINGTON KY CLIMATE NORMALS FOR TOMORROW
                         NORMAL    RECORD    YEAR
 MAXIMUM TEMPERATURE (F)   80        94      1895
 MINIMUM TEMPERATURE (F)   59        40      1910


SUNRISE AND SUNSET
JUNE  2 2015..........SUNRISE   617 AM EDT   SUNSET   856 PM EDT
JUNE  3 2015..........SUNRISE   617 AM EDT   SUNSET   857 PM EDT


-  INDICATES NEGATIVE NUMBERS.
R  INDICATES RECORD WAS SET OR TIED.
MM INDICATES DATA IS MISSING.
T  INDICATES TRACE AMOUNT.

$$

SCHOETTMER
