952
CDUS44 KSHV 250751
CLILFK


CLIMATE REPORT
NATIONAL WEATHER SERVICE SHREVEPORT, LA
251 AM CDT SAT MAR 25 2017


...................................

...THE LUFKIN CLIMATE SUMMARY FOR MARCH 24 2017...

CLIMATE NORMAL PERIOD 1981 TO 2010
CLIMATE RECORD PERIOD 1906 TO 2017


WEATHER ITEM   OBSERVED TIME   RECORD YEAR NORMAL DEPARTURE LAST
                VALUE   (LST)  VALUE       VALUE  FROM      YEAR
                                                  NORMAL
..................................................................
TEMPERATURE (F)
 YESTERDAY
  MAXIMUM         81    213 PM  88    1907  73      8       70
  MINIMUM         58   1018 PM  28    1952  50      8       43
  AVERAGE         70                        61      9       57

PRECIPITATION (IN)
  YESTERDAY        0.38          2.71 1973   0.12   0.26     0.44
  MONTH TO DATE    1.98                      2.98  -1.00     5.61
  SINCE DEC 1     14.67                     15.47  -0.80    15.84
  SINCE JAN 1      9.76                     11.03  -1.27    11.79

SNOWFALL (IN)
  YESTERDAY        0.0
  MONTH TO DATE    0.0
  SINCE MAR 1      0.0
  SINCE JUL 1      T
  SNOW DEPTH       0

DEGREE DAYS
 HEATING
  YESTERDAY        0                         5     -5        8
  MONTH TO DATE  121                       178    -57       92
  SINCE MAR 1    121                       178    -57       92
  SINCE JUL 1   1097                      1812   -715     1414

 COOLING
  YESTERDAY        5                         2      3        0
  MONTH TO DATE   70                        27     43       41
  SINCE MAR 1     70                        27     43       41
  SINCE JAN 1    152                        46    106       55
..................................................................


WIND (MPH)
  HIGHEST WIND SPEED    33   HIGHEST WIND DIRECTION    SE (150)
  HIGHEST GUST SPEED    43   HIGHEST GUST DIRECTION    SE (140)
  AVERAGE WIND SPEED    13.1


SKY COVER
  POSSIBLE SUNSHINE  MM
  AVERAGE SKY COVER 0.8


WEATHER CONDITIONS
 THE FOLLOWING WEATHER WAS RECORDED YESTERDAY.
  THUNDERSTORM
  HEAVY RAIN
  LIGHT RAIN
  FOG


RELATIVE HUMIDITY (PERCENT)
 HIGHEST    90          1100 PM
 LOWEST     58           400 PM
 AVERAGE    74

..........................................................


THE LUFKIN CLIMATE NORMALS FOR TODAY
                         NORMAL    RECORD    YEAR
 MAXIMUM TEMPERATURE (F)   74        93      1928
 MINIMUM TEMPERATURE (F)   50        30      1912


SUNRISE AND SUNSET
MARCH 25 2017.........SUNRISE   716 AM CDT   SUNSET   734 PM CDT
MARCH 26 2017.........SUNRISE   715 AM CDT   SUNSET   735 PM CDT


-  INDICATES NEGATIVE NUMBERS.
R  INDICATES RECORD WAS SET OR TIED.
MM INDICATES DATA IS MISSING.
T  INDICATES TRACE AMOUNT.




$$
