000
CDUS44 KSHV 200748
CLILFK


CLIMATE REPORT
NATIONAL WEATHER SERVICE SHREVEPORT, LA
247 AM CDT SUN APR 20 2014


...................................

...THE LUFKIN CLIMATE SUMMARY FOR APRIL 19 2014...

CLIMATE NORMAL PERIOD 1981 TO 2010
CLIMATE RECORD PERIOD 1906 TO 2014


WEATHER ITEM   OBSERVED TIME   RECORD YEAR NORMAL DEPARTURE LAST
                VALUE   (LST)  VALUE       VALUE  FROM      YEAR
                                                  NORMAL
..................................................................
TEMPERATURE (F)
 YESTERDAY
  MAXIMUM         83    332 PM  93    2011  79      4       64
                                      1987
  MINIMUM         53    507 AM  40    1939  56     -3       42
  AVERAGE         68                        67      1       53

PRECIPITATION (IN)
  YESTERDAY        0.00          2.35 1915   0.11  -0.11     0.00
  MONTH TO DATE    2.67                      1.87   0.80     2.19
  SINCE DEC 1     10.25                     18.14  -7.89    15.85
  SINCE JAN 1      8.04                     13.70  -5.66    11.54

SNOWFALL (IN)
  YESTERDAY        0.0
  MONTH TO DATE    0.0
  SINCE MAR 1      0.0
  SINCE JUL 1      3.2
  SNOW DEPTH       0

DEGREE DAYS
 HEATING
  YESTERDAY        0                         2     -2       12
  MONTH TO DATE   56                        57     -1       68
  SINCE MAR 1    306                       267     39      299
  SINCE JUL 1   2109                      1901    208     1565

 COOLING
  YESTERDAY        3                         4     -1        0
  MONTH TO DATE   65                        62      3       84
  SINCE MAR 1     82                       103    -21      129
  SINCE JAN 1    100                       122    -22      151
..................................................................


WIND (MPH)
  HIGHEST WIND SPEED    12   HIGHEST WIND DIRECTION     E (110)
  HIGHEST GUST SPEED    15   HIGHEST GUST DIRECTION     E (100)
  AVERAGE WIND SPEED     3.7


SKY COVER
  POSSIBLE SUNSHINE  MM
  AVERAGE SKY COVER 0.1


WEATHER CONDITIONS
 THE FOLLOWING WEATHER WAS RECORDED YESTERDAY.
  FOG
  HAZE


RELATIVE HUMIDITY (PERCENT)
 HIGHEST    89           500 AM
 LOWEST     34           200 PM
 AVERAGE    62

..........................................................


THE LUFKIN CLIMATE NORMALS FOR TODAY
                         NORMAL    RECORD    YEAR
 MAXIMUM TEMPERATURE (F)   79        93      2011
 MINIMUM TEMPERATURE (F)   56        35      1953


SUNRISE AND SUNSET
APRIL 20 2014.........SUNRISE   645 AM CDT   SUNSET   751 PM CDT
APRIL 21 2014.........SUNRISE   644 AM CDT   SUNSET   752 PM CDT


-  INDICATES NEGATIVE NUMBERS.
R  INDICATES RECORD WAS SET OR TIED.
MM INDICATES DATA IS MISSING.
T  INDICATES TRACE AMOUNT.




$$
