000
CDUS44 KSHV 270751
CLILFK


CLIMATE REPORT
NATIONAL WEATHER SERVICE SHREVEPORT, LA
251 AM CDT FRI MAR 27 2015


...................................

...THE LUFKIN CLIMATE SUMMARY FOR MARCH 26 2015...

CLIMATE NORMAL PERIOD 1981 TO 2010
CLIMATE RECORD PERIOD 1906 TO 2015


WEATHER ITEM   OBSERVED TIME   RECORD YEAR NORMAL DEPARTURE LAST
                VALUE   (LST)  VALUE       VALUE  FROM      YEAR
                                                  NORMAL
..................................................................
TEMPERATURE (F)
 YESTERDAY
  MAXIMUM         67    737 AM  90    1928  74     -7       64
  MINIMUM         52   1159 PM  25    1955  50      2       42
  AVERAGE         60                        62     -2       53

PRECIPITATION (IN)
  YESTERDAY        T             3.63 1946   0.11  -0.11      T
  MONTH TO DATE    6.15                      3.21   2.94     1.83
  SINCE DEC 1     17.02                     15.70   1.32     6.86
  SINCE JAN 1     14.97                     11.26   3.71     4.65

SNOWFALL (IN)
  YESTERDAY        0.0
  MONTH TO DATE    0.0
  SINCE MAR 1      0.0
  SINCE JUL 1      T
  SNOW DEPTH       0

DEGREE DAYS
 HEATING
  YESTERDAY        5                         5      0       12
  MONTH TO DATE  157                       188    -31      244
  SINCE MAR 1    157                       188    -31      244
  SINCE JUL 1   1677                      1822   -145     2047

 COOLING
  YESTERDAY        0                         2     -2        0
  MONTH TO DATE   34                        31      3       17
  SINCE MAR 1     34                        31      3       17
  SINCE JAN 1     40                        50    -10       35
..................................................................


WIND (MPH)
  HIGHEST WIND SPEED    20   HIGHEST WIND DIRECTION    NW (320)
  HIGHEST GUST SPEED    25   HIGHEST GUST DIRECTION     N (10)
  AVERAGE WIND SPEED     6.7


SKY COVER
  POSSIBLE SUNSHINE  MM
  AVERAGE SKY COVER 0.7


WEATHER CONDITIONS
 THE FOLLOWING WEATHER WAS RECORDED YESTERDAY.
  LIGHT RAIN
  FOG
  HAZE


RELATIVE HUMIDITY (PERCENT)
 HIGHEST    87           300 AM
 LOWEST     52           500 PM
 AVERAGE    70

..........................................................


THE LUFKIN CLIMATE NORMALS FOR TODAY
                         NORMAL    RECORD    YEAR
 MAXIMUM TEMPERATURE (F)   74        89      1907
 MINIMUM TEMPERATURE (F)   50        28      1955


SUNRISE AND SUNSET
MARCH 27 2015.........SUNRISE   714 AM CDT   SUNSET   735 PM CDT
MARCH 28 2015.........SUNRISE   713 AM CDT   SUNSET   736 PM CDT


-  INDICATES NEGATIVE NUMBERS.
R  INDICATES RECORD WAS SET OR TIED.
MM INDICATES DATA IS MISSING.
T  INDICATES TRACE AMOUNT.




$$
