000
CDUS44 KSHV 300731
CLILFK


CLIMATE REPORT
NATIONAL WEATHER SERVICE SHREVEPORT, LA
231 AM CDT SAT AUG 30 2014


...................................

...THE LUFKIN CLIMATE SUMMARY FOR AUGUST 29 2014...

CLIMATE NORMAL PERIOD 1981 TO 2010
CLIMATE RECORD PERIOD 1906 TO 2014


WEATHER ITEM   OBSERVED TIME   RECORD YEAR NORMAL DEPARTURE LAST
                VALUE   (LST)  VALUE       VALUE  FROM      YEAR
                                                  NORMAL
..................................................................
TEMPERATURE (F)
 YESTERDAY
  MAXIMUM         94    221 PM 102    2000  93      1       99
  MINIMUM         76   1108 PM  55    1952  71      5       74
  AVERAGE         85                        82      3       87

PRECIPITATION (IN)
  YESTERDAY        0.00          2.25 1946   0.12  -0.12     0.00
  MONTH TO DATE    2.50                      3.11  -0.61     1.17
  SINCE DEC 1     34.03                     34.80  -0.77    30.21
  SINCE JAN 1     31.82                     30.36   1.46    25.90

SNOWFALL (IN)
  YESTERDAY        0.0
  MONTH TO DATE    0.0
  SINCE JUN 1      0.0
  SINCE JUL 1      0.0
  SNOW DEPTH       0

DEGREE DAYS
 HEATING
  YESTERDAY        0                         0      0        0
  MONTH TO DATE    0                         0      0        0
  SINCE JUN 1      0                         0      0        0
  SINCE JUL 1      0                         0      0        0

 COOLING
  YESTERDAY       20                        17      3       22
  MONTH TO DATE  584                       516     68      553
  SINCE JUN 1   1703                      1518    185     1612
  SINCE JAN 1   2199                      1987    212     2126
..................................................................


WIND (MPH)
  HIGHEST WIND SPEED    17   HIGHEST WIND DIRECTION    SE (120)
  HIGHEST GUST SPEED    23   HIGHEST GUST DIRECTION    SE (120)
  AVERAGE WIND SPEED     6.6


SKY COVER
  POSSIBLE SUNSHINE  MM
  AVERAGE SKY COVER 0.1


WEATHER CONDITIONS
 THE FOLLOWING WEATHER WAS RECORDED YESTERDAY.
  THUNDERSTORM


RELATIVE HUMIDITY (PERCENT)
 HIGHEST    88           100 AM
 LOWEST     49          1200 PM
 AVERAGE    69

..........................................................


THE LUFKIN CLIMATE NORMALS FOR TODAY
                         NORMAL    RECORD    YEAR
 MAXIMUM TEMPERATURE (F)   93       106      2000
 MINIMUM TEMPERATURE (F)   70        58      1986


SUNRISE AND SUNSET
AUGUST 30 2014........SUNRISE   654 AM CDT   SUNSET   745 PM CDT
AUGUST 31 2014........SUNRISE   654 AM CDT   SUNSET   744 PM CDT


-  INDICATES NEGATIVE NUMBERS.
R  INDICATES RECORD WAS SET OR TIED.
MM INDICATES DATA IS MISSING.
T  INDICATES TRACE AMOUNT.




$$
