000
CDUS44 KSHV 272158
CLILFK


CLIMATE REPORT
NATIONAL WEATHER SERVICE SHREVEPORT, LA
457 PM CDT WED JUL 27 2016


...................................

...THE LUFKIN CLIMATE SUMMARY FOR JULY 27 2016...
VALID TODAY AS OF 0400 PM LOCAL TIME.

CLIMATE NORMAL PERIOD 1981 TO 2010
CLIMATE RECORD PERIOD 1906 TO 2016


WEATHER ITEM   OBSERVED TIME   RECORD YEAR NORMAL DEPARTURE LAST
                VALUE   (LST)  VALUE       VALUE  FROM      YEAR
                                                  NORMAL
..................................................................
TEMPERATURE (F)
 TODAY
  MAXIMUM         90   1116 AM 105    1934  94     -4       98
  MINIMUM         74    525 AM  64    1994  72      2       75
                                      2000
  AVERAGE         82                        83     -1       87

PRECIPITATION (IN)
  TODAY            0.19          2.00 1927   0.08   0.11     0.00
  MONTH TO DATE    0.72                      2.69  -1.97     0.23
  SINCE DEC 1     36.49                     31.33   5.16    48.51
  SINCE JAN 1     32.44                     26.89   5.55    46.46

DEGREE DAYS
 HEATING
  TODAY            0                         0      0        0
  MONTH TO DATE    0                         0      0        0
  SINCE JUN 1      0                         0      0        0
  SINCE JUL 1      0                         0      0        0

 COOLING
  TODAY           17                        18     -1       22
  MONTH TO DATE  534                       477     57      540
  SINCE JUN 1   1009                       929     80     1093
  SINCE JAN 1   1455                      1398     57     1776
..................................................................


WIND (MPH)
  HIGHEST WIND SPEED    18   HIGHEST WIND DIRECTION     S (170)
  HIGHEST GUST SPEED    26   HIGHEST GUST DIRECTION     S (190)
  AVERAGE WIND SPEED     4.5


SKY COVER
  POSSIBLE SUNSHINE  MM
  AVERAGE SKY COVER 0.3


WEATHER CONDITIONS
 THE FOLLOWING WEATHER WAS RECORDED TODAY.
  THUNDERSTORM
  HEAVY RAIN
  LIGHT RAIN
  FOG


RELATIVE HUMIDITY (PERCENT)
 HIGHEST   100           100 AM
 LOWEST     59          1100 AM
 AVERAGE    80

..........................................................


THE LUFKIN CLIMATE NORMALS FOR TOMORROW
                         NORMAL    RECORD    YEAR
 MAXIMUM TEMPERATURE (F)   94       104      1931
 MINIMUM TEMPERATURE (F)   72        59      1994


SUNRISE AND SUNSET
JULY 27 2016..........SUNRISE   633 AM CDT   SUNSET   818 PM CDT
JULY 28 2016..........SUNRISE   634 AM CDT   SUNSET   817 PM CDT


-  INDICATES NEGATIVE NUMBERS.
R  INDICATES RECORD WAS SET OR TIED.
MM INDICATES DATA IS MISSING.
T  INDICATES TRACE AMOUNT.




$$
