000
CDUS44 KSHV 200747
CLILFK


CLIMATE REPORT
NATIONAL WEATHER SERVICE SHREVEPORT, LA
242 AM CDT WED SEP 20 2017


...................................

...THE LUFKIN CLIMATE SUMMARY FOR SEPTEMBER 19 2017...

CLIMATE NORMAL PERIOD 1981 TO 2010
CLIMATE RECORD PERIOD 1906 TO 2017


WEATHER ITEM   OBSERVED TIME   RECORD YEAR NORMAL DEPARTURE LAST
                VALUE   (LST)  VALUE       VALUE  FROM      YEAR
                                                  NORMAL
..................................................................
TEMPERATURE (F)
 YESTERDAY
  MAXIMUM         89    315 PM 102    1956  88      1       96
  MINIMUM         73    136 AM  46    1981  65      8       72
  AVERAGE         81                        76      5       84

PRECIPITATION (IN)
  YESTERDAY        0.06          2.53 1979   0.13  -0.07     0.00
  MONTH TO DATE    2.01                      2.68  -0.67     0.75
  SINCE DEC 1     52.05                     37.71  14.34    46.13
  SINCE JAN 1     47.14                     33.27  13.87    42.08

SNOWFALL (IN)
  YESTERDAY        0.0
  MONTH TO DATE    0.0
  SINCE SEP 1      0.0
  SINCE JUL 1      0.0
  SNOW DEPTH       0

DEGREE DAYS
 HEATING
  YESTERDAY        0                         0      0        0
  MONTH TO DATE    0                         0      0        0
  SINCE SEP 1      0                         0      0        0
  SINCE JUL 1      0                         0      0        0

 COOLING
  YESTERDAY       16                        12      4       19
  MONTH TO DATE  199                       267    -68      318
  SINCE SEP 1    199                       267    -68      318
  SINCE JAN 1   2222                      2290    -68     2406
..................................................................


WIND (MPH)
  HIGHEST WIND SPEED    15   HIGHEST WIND DIRECTION    SE (150)
  HIGHEST GUST SPEED    17   HIGHEST GUST DIRECTION    SE (150)
  AVERAGE WIND SPEED     6.3


SKY COVER
  POSSIBLE SUNSHINE  MM
  AVERAGE SKY COVER 0.5


WEATHER CONDITIONS
 THE FOLLOWING WEATHER WAS RECORDED YESTERDAY.
  FOG
  HAZE


RELATIVE HUMIDITY (PERCENT)
 HIGHEST   100           200 AM
 LOWEST     63          1200 PM
 AVERAGE    82

..........................................................


THE LUFKIN CLIMATE NORMALS FOR TODAY
                         NORMAL    RECORD    YEAR
 MAXIMUM TEMPERATURE (F)   88       102      2005
 MINIMUM TEMPERATURE (F)   65        51      1981


SUNRISE AND SUNSET
SEPTEMBER 20 2017.....SUNRISE   706 AM CDT   SUNSET   718 PM CDT
SEPTEMBER 21 2017.....SUNRISE   707 AM CDT   SUNSET   716 PM CDT


-  INDICATES NEGATIVE NUMBERS.
R  INDICATES RECORD WAS SET OR TIED.
MM INDICATES DATA IS MISSING.
T  INDICATES TRACE AMOUNT.




$$
