000
CDUS44 KSHV 192304
CLILFK


CLIMATE REPORT
NATIONAL WEATHER SERVICE SHREVEPORT, LA
450 PM CST THU JAN 19 2017


...................................

...THE LUFKIN CLIMATE SUMMARY FOR JANUARY 19 2017...
VALID TODAY AS OF 0400 PM LOCAL TIME.

CLIMATE NORMAL PERIOD 1981 TO 2010
CLIMATE RECORD PERIOD 1906 TO 2017


WEATHER ITEM   OBSERVED TIME   RECORD YEAR NORMAL DEPARTURE LAST
                VALUE   (LST)  VALUE       VALUE  FROM      YEAR
                                                  NORMAL
..................................................................
TEMPERATURE (F)
 TODAY
  MAXIMUM         62    359 PM  82    1933  60      2       67
  MINIMUM         53    943 AM   0    1930  38     15       35
  AVERAGE         58                        49      9       51

PRECIPITATION (IN)
  TODAY            0.13          3.67 1979   0.14  -0.01     0.00
  MONTH TO DATE    5.64                      2.50   3.14     1.98
  SINCE DEC 1     10.55                      6.94   3.61     6.03
  SINCE JAN 1      5.64                      2.50   3.14     1.98

SNOWFALL (IN)
  TODAY            0.0
  MONTH TO DATE    T
  SINCE DEC 1      T
  SINCE JUL 1      T
  SNOW DEPTH       0

DEGREE DAYS
 HEATING
  TODAY            7                        16     -9       14
  MONTH TO DATE  193                       316   -123      351
  SINCE DEC 1    565                       787   -222      674
  SINCE JUL 1    713                      1094   -381      859

 COOLING
  TODAY            0                         0      0        0
  MONTH TO DATE   25                         0     25        0
  SINCE DEC 1     56                        13     43       33
  SINCE JAN 1     25                         0     25        0
..................................................................


WIND (MPH)
  HIGHEST WIND SPEED    17   HIGHEST WIND DIRECTION    SE (120)
  HIGHEST GUST SPEED    22   HIGHEST GUST DIRECTION     S (190)
  AVERAGE WIND SPEED     6.3


SKY COVER
  POSSIBLE SUNSHINE  MM
  AVERAGE SKY COVER 1.0


WEATHER CONDITIONS
 THE FOLLOWING WEATHER WAS RECORDED TODAY.
  LIGHT RAIN
  FOG
  FOG W/VISIBILITY <= 1/4 MILE


RELATIVE HUMIDITY (PERCENT)
 HIGHEST   100          1200 AM
 LOWEST     84           400 PM
 AVERAGE    92

..........................................................


THE LUFKIN CLIMATE NORMALS FOR TOMORROW
                         NORMAL    RECORD    YEAR
 MAXIMUM TEMPERATURE (F)   60        80      1920
 MINIMUM TEMPERATURE (F)   38         7      1940


SUNRISE AND SUNSET
JANUARY 19 2017.......SUNRISE   717 AM CST   SUNSET   543 PM CST
JANUARY 20 2017.......SUNRISE   717 AM CST   SUNSET   544 PM CST


-  INDICATES NEGATIVE NUMBERS.
R  INDICATES RECORD WAS SET OR TIED.
MM INDICATES DATA IS MISSING.
T  INDICATES TRACE AMOUNT.




$$
