000
CDUS44 KLCH 092245
CLILFT


CLIMATE REPORT
NATIONAL WEATHER SERVICE LAKE CHARLES, LA
445 PM CST FRI DEC 9 2016


...................................

...THE LAFAYETTE CLIMATE SUMMARY FOR DECEMBER 9 2016...
VALID TODAY AS OF 0400 PM LOCAL TIME.

CLIMATE NORMAL PERIOD 1981 TO 2010
CLIMATE RECORD PERIOD 1893 TO 2016


WEATHER ITEM   OBSERVED TIME   RECORD YEAR NORMAL DEPARTURE LAST
                VALUE   (LST)  VALUE       VALUE  FROM      YEAR
                                                  NORMAL
..................................................................
TEMPERATURE (F)
 TODAY
  MAXIMUM         51    323 PM  83    1894  65    -14       76
  MINIMUM         36    736 AM  16    1917  45     -9       51
  AVERAGE         44                        55    -11       64

PRECIPITATION (IN)
  TODAY            0.00          2.95 2004   0.18  -0.18     0.00
  MONTH TO DATE    6.16                      1.54   4.62     0.33
  SINCE DEC 1      6.16                      1.54   4.62     0.33
  SINCE JAN 1     78.03                     56.46  21.57    61.59

SNOWFALL (IN)
  TODAY            0.0           0.0    MM   0.0    0.0      0.0
  MONTH TO DATE    0.0                       0.0    0.0      0.0
  SINCE DEC 1      0.0                       0.0    0.0      0.0
  SINCE JUL 1      0.0                       0.0    0.0      0.0
  SNOW DEPTH       0

DEGREE DAYS
 HEATING
  TODAY           21                        11     10        1
  MONTH TO DATE   84                        88     -4       74
  SINCE DEC 1     84                        88     -4       74
  SINCE JUL 1    170                       287   -117      162
..................................................................


WIND (MPH)
  HIGHEST WIND SPEED    22   HIGHEST WIND DIRECTION     N (20)
  HIGHEST GUST SPEED    27   HIGHEST GUST DIRECTION     N (20)
  AVERAGE WIND SPEED    14.5


SKY COVER
  POSSIBLE SUNSHINE  MM
  AVERAGE SKY COVER 0.1


WEATHER CONDITIONS
 THE FOLLOWING WEATHER WAS RECORDED TODAY.
  NO SIGNIFICANT WEATHER WAS OBSERVED.


RELATIVE HUMIDITY (PERCENT)
 HIGHEST    64           500 AM
 LOWEST     33           200 PM
 AVERAGE    49

..........................................................


THE LAFAYETTE CLIMATE NORMALS FOR TOMORROW
                         NORMAL    RECORD    YEAR
 MAXIMUM TEMPERATURE (F)   65        82      2007
                                             1939
 MINIMUM TEMPERATURE (F)   45        17      1917


SUNRISE AND SUNSET
DECEMBER  9 2016......SUNRISE   653 AM CST   SUNSET   508 PM CST
DECEMBER 10 2016......SUNRISE   654 AM CST   SUNSET   508 PM CST


-  INDICATES NEGATIVE NUMBERS.
R  INDICATES RECORD WAS SET OR TIED.
MM INDICATES DATA IS MISSING.
T  INDICATES TRACE AMOUNT.




$$
