000
CDUS44 KLCH 210910
CLILFT


CLIMATE REPORT
NATIONAL WEATHER SERVICE LAKE CHARLES, LA
409 AM CDT MON AUG 21 2017


...................................

...THE LAFAYETTE CLIMATE SUMMARY FOR AUGUST 20 2017...

CLIMATE NORMAL PERIOD 1981 TO 2010
CLIMATE RECORD PERIOD 1893 TO 2017


WEATHER ITEM   OBSERVED TIME   RECORD YEAR NORMAL DEPARTURE LAST
                VALUE   (LST)  VALUE       VALUE  FROM      YEAR
                                                  NORMAL
..................................................................
TEMPERATURE (F)
 YESTERDAY
  MAXIMUM         95    412 PM 102    1925  93      2       92
  MINIMUM         74    601 AM  61    1940  75     -1       76
  AVERAGE         85                        84      1       84

PRECIPITATION (IN)
  YESTERDAY        0.00          1.97 1956   0.16  -0.16      T
  MONTH TO DATE    6.39                      2.99   3.40    24.12
  SINCE JUN 1     24.41                     16.37   8.04    36.08
  SINCE JAN 1     44.96                     38.99   5.97    64.47

DEGREE DAYS
 COOLING
  YESTERDAY       20                        19      1       19
  MONTH TO DATE  386                       380      6      369
  SINCE JUN 1   1406                      1450    -44     1522
  SINCE JAN 1   2326                      2064    262     2179
..................................................................


WIND (MPH)
  HIGHEST WIND SPEED    10   HIGHEST WIND DIRECTION     S (190)
  HIGHEST GUST SPEED    16   HIGHEST GUST DIRECTION     E (110)
  AVERAGE WIND SPEED     2.1


SKY COVER
  POSSIBLE SUNSHINE  MM
  AVERAGE SKY COVER 0.1


WEATHER CONDITIONS
 THE FOLLOWING WEATHER WAS RECORDED YESTERDAY.
  THUNDERSTORM
  FOG


RELATIVE HUMIDITY (PERCENT)
 HIGHEST   100           600 AM
 LOWEST     52           400 PM
 AVERAGE    76

..........................................................


THE LAFAYETTE CLIMATE NORMALS FOR TODAY
                         NORMAL    RECORD    YEAR
 MAXIMUM TEMPERATURE (F)   93       103      1925
 MINIMUM TEMPERATURE (F)   75        61      1940


SUNRISE AND SUNSET
AUGUST 21 2017........SUNRISE   639 AM CDT   SUNSET   743 PM CDT
AUGUST 22 2017........SUNRISE   639 AM CDT   SUNSET   742 PM CDT


-  INDICATES NEGATIVE NUMBERS.
R  INDICATES RECORD WAS SET OR TIED.
MM INDICATES DATA IS MISSING.
T  INDICATES TRACE AMOUNT.




$$
