868
CDUS44 KLCH 180910
CLILFT


CLIMATE REPORT
NATIONAL WEATHER SERVICE LAKE CHARLES, LA
310 AM CST SUN FEB 18 2018


...................................

...THE LAFAYETTE CLIMATE SUMMARY FOR FEBRUARY 17 2018...

CLIMATE NORMAL PERIOD 1981 TO 2010
CLIMATE RECORD PERIOD 1893 TO 2018


WEATHER ITEM   OBSERVED TIME   RECORD YEAR NORMAL DEPARTURE LAST
                VALUE   (LST)  VALUE       VALUE  FROM      YEAR
                                                  NORMAL
..................................................................
TEMPERATURE (F)
 YESTERDAY
  MAXIMUM         78    325 PM  83    1911  66     12       63
  MINIMUM         63   1159 PM  18    1895  47     16       47
  AVERAGE         71                        56     15       55

PRECIPITATION (IN)
  YESTERDAY        T             2.15 1940   0.17  -0.17     0.02
  MONTH TO DATE    1.40                      2.82  -1.42     0.06
  SINCE DEC 1     11.88                     14.07  -2.19    12.52
  SINCE JAN 1      5.59                      8.49  -2.90     3.43

SNOWFALL (IN)
  YESTERDAY        0.0           T    1973   0.0    0.0     MM
  MONTH TO DATE    0.0                       0.0    0.0      0.0
  SINCE DEC 1      2.0                       0.0    2.0      0.0
  SINCE JUL 1      2.0                       0.0    2.0      0.0
  SNOW DEPTH       0

DEGREE DAYS
 HEATING
  YESTERDAY        0                         9     -9       10
  MONTH TO DATE   93                       185    -92       59
  SINCE DEC 1   1023                       942     81      483
  SINCE JUL 1   1190                      1141     49      569
..................................................................


WIND (MPH)
  HIGHEST WIND SPEED    17   HIGHEST WIND DIRECTION    SW (220)
  HIGHEST GUST SPEED    26   HIGHEST GUST DIRECTION    SW (230)
  AVERAGE WIND SPEED     9.4


SKY COVER
  POSSIBLE SUNSHINE  MM
  AVERAGE SKY COVER 1.0


WEATHER CONDITIONS
 THE FOLLOWING WEATHER WAS RECORDED YESTERDAY.
  LIGHT RAIN
  FOG


RELATIVE HUMIDITY (PERCENT)
 HIGHEST   100          1200 AM
 LOWEST     69           300 PM
 AVERAGE    85

..........................................................


THE LAFAYETTE CLIMATE NORMALS FOR TODAY
                         NORMAL    RECORD    YEAR
 MAXIMUM TEMPERATURE (F)   66        82      1956
 MINIMUM TEMPERATURE (F)   47        20      1900


SUNRISE AND SUNSET
FEBRUARY 18 2018......SUNRISE   645 AM CST   SUNSET   559 PM CST
FEBRUARY 19 2018......SUNRISE   644 AM CST   SUNSET   600 PM CST


-  INDICATES NEGATIVE NUMBERS.
R  INDICATES RECORD WAS SET OR TIED.
MM INDICATES DATA IS MISSING.
T  INDICATES TRACE AMOUNT.




$$
