000
CDUS44 KLCH 220815
CLILFT


CLIMATE REPORT
NATIONAL WEATHER SERVICE LAKE CHARLES, LA
215 AM CST MON DEC 22 2014


...................................

...THE LAFAYETTE CLIMATE SUMMARY FOR DECEMBER 21 2014...

CLIMATE NORMAL PERIOD 1981 TO 2010
CLIMATE RECORD PERIOD 1893 TO 2014


WEATHER ITEM   OBSERVED TIME   RECORD YEAR NORMAL DEPARTURE LAST
                VALUE   (LST)  VALUE       VALUE  FROM      YEAR
                                                  NORMAL
..................................................................
TEMPERATURE (F)
 YESTERDAY
  MAXIMUM         56    432 PM  80    1948  63     -7       75
  MINIMUM         42   1255 AM  16    1901  44     -2       64
  AVERAGE         49                        53     -4       70

PRECIPITATION (IN)
  YESTERDAY        0.00          1.69 2006   0.18  -0.18     0.31
  MONTH TO DATE    1.00                      3.70  -2.70     2.20
  SINCE DEC 1      1.00                      3.70  -2.70     2.20
  SINCE JAN 1     57.50                     58.62  -1.12    55.97

SNOWFALL (IN)
  YESTERDAY        0.0           T    1935   0.0    0.0      0.0
  MONTH TO DATE    0.0                       0.0    0.0      0.0
  SINCE DEC 1      0.0                       0.0    0.0      0.0
  SINCE JUL 1      0.0                       0.0    0.0      0.0
  SNOW DEPTH       0

DEGREE DAYS
 HEATING
  YESTERDAY       16                        12      4        0
  MONTH TO DATE  157                       226    -69      260
  SINCE DEC 1    157                       226    -69      260
  SINCE JUL 1    458                       425     33      529
..................................................................


WIND (MPH)
  HIGHEST WIND SPEED     7   HIGHEST WIND DIRECTION    NE (30)
  HIGHEST GUST SPEED    10   HIGHEST GUST DIRECTION    NE (50)
  AVERAGE WIND SPEED     2.7


SKY COVER
  POSSIBLE SUNSHINE  MM
  AVERAGE SKY COVER 0.9


WEATHER CONDITIONS
 THE FOLLOWING WEATHER WAS RECORDED YESTERDAY.
  FOG


RELATIVE HUMIDITY (PERCENT)
 HIGHEST   100           500 AM
 LOWEST     83           300 PM
 AVERAGE    92

..........................................................


THE LAFAYETTE CLIMATE NORMALS FOR TODAY
                         NORMAL    RECORD    YEAR
 MAXIMUM TEMPERATURE (F)   63        81      1970
 MINIMUM TEMPERATURE (F)   44        15      1989


SUNRISE AND SUNSET
DECEMBER 22 2014......SUNRISE   701 AM CST   SUNSET   513 PM CST
DECEMBER 23 2014......SUNRISE   701 AM CST   SUNSET   513 PM CST


-  INDICATES NEGATIVE NUMBERS.
R  INDICATES RECORD WAS SET OR TIED.
MM INDICATES DATA IS MISSING.
T  INDICATES TRACE AMOUNT.




$$
