000
CDUS44 KLCH 020815
CLILFT


CLIMATE REPORT
NATIONAL WEATHER SERVICE LAKE CHARLES, LA
315 AM CDT THU OCT 2 2014


...................................

...THE LAFAYETTE CLIMATE SUMMARY FOR OCTOBER 1 2014...

CLIMATE NORMAL PERIOD 1981 TO 2010
CLIMATE RECORD PERIOD 1893 TO 2014


WEATHER ITEM   OBSERVED TIME   RECORD YEAR NORMAL DEPARTURE LAST
                VALUE   (LST)  VALUE       VALUE  FROM      YEAR
                                                  NORMAL
..................................................................
TEMPERATURE (F)
 YESTERDAY
  MAXIMUM         88    310 PM  96    1938  85      3       88
                                      1900
  MINIMUM         75    621 AM  39    1924  65     10       73
                                      1920
  AVERAGE         82                        75      7       81

PRECIPITATION (IN)
  YESTERDAY        0.12          2.55 1962   0.15  -0.03     0.13
  MONTH TO DATE    0.12                      0.15  -0.03     0.13
  SINCE SEP 1      5.75                      4.87   0.88     3.82
  SINCE JAN 1     51.84                     45.49   6.35    46.70

DEGREE DAYS
 HEATING
  YESTERDAY        0                         0      0        0
  MONTH TO DATE    0                         0      0        0
  SINCE SEP 1      0                         1     -1        0
  SINCE JUL 1      0                         1     -1        0

 COOLING
  YESTERDAY       17                        10      7       16
  MONTH TO DATE   17                        10      7       16
  SINCE SEP 1    470                       437     33      519
  SINCE JAN 1   2527                      2698   -171     2621
..................................................................


WIND (MPH)
  HIGHEST WIND SPEED    14   HIGHEST WIND DIRECTION     S (190)
  HIGHEST GUST SPEED    19   HIGHEST GUST DIRECTION     S (190)
  AVERAGE WIND SPEED     3.7


SKY COVER
  POSSIBLE SUNSHINE  MM
  AVERAGE SKY COVER 0.5


WEATHER CONDITIONS
 THE FOLLOWING WEATHER WAS RECORDED YESTERDAY.
  RAIN
  LIGHT RAIN
  FOG


RELATIVE HUMIDITY (PERCENT)
 HIGHEST   100           400 AM
 LOWEST     68           200 PM
 AVERAGE    84

..........................................................


THE LAFAYETTE CLIMATE NORMALS FOR TODAY
                         NORMAL    RECORD    YEAR
 MAXIMUM TEMPERATURE (F)   85        96      1904
 MINIMUM TEMPERATURE (F)   64        42      1924


SUNRISE AND SUNSET
OCTOBER  2 2014.......SUNRISE   702 AM CDT   SUNSET   652 PM CDT
OCTOBER  3 2014.......SUNRISE   703 AM CDT   SUNSET   651 PM CDT


-  INDICATES NEGATIVE NUMBERS.
R  INDICATES RECORD WAS SET OR TIED.
MM INDICATES DATA IS MISSING.
T  INDICATES TRACE AMOUNT.




$$
