000
CDUS44 KLCH 312207
CLILFT


CLIMATE REPORT
NATIONAL WEATHER SERVICE LAKE CHARLES, LA
407 PM CST SAT JAN 31 2015


...................................

...THE LAFAYETTE CLIMATE SUMMARY FOR JANUARY 31 2015...
VALID TODAY AS OF 0400 PM LOCAL TIME.

CLIMATE NORMAL PERIOD 1981 TO 2010
CLIMATE RECORD PERIOD 1893 TO 2015


WEATHER ITEM   OBSERVED TIME   RECORD YEAR NORMAL DEPARTURE LAST
                VALUE   (LST)  VALUE       VALUE  FROM      YEAR
                                                  NORMAL
..................................................................
TEMPERATURE (F)
 TODAY
  MAXIMUM         65    351 PM  83    1957  63      2       66
  MINIMUM         41    347 AM  22    1936  44     -3       40
  AVERAGE         53                        53      0       53

PRECIPITATION (IN)
  TODAY            0.00          1.87 2005   0.18  -0.18     0.00
  MONTH TO DATE    4.61                      5.67  -1.06     1.63
  SINCE DEC 1      8.11                     11.25  -3.14     4.42
  SINCE JAN 1      4.61                      5.67  -1.06     1.63

SNOWFALL (IN)
  TODAY            0.0           T    1951   0.0    0.0      0.0
  MONTH TO DATE    0.0                       0.0    0.0      0.8
  SINCE DEC 1      0.0                       0.0    0.0      0.8
  SINCE JUL 1      0.0                       0.0    0.0      0.8
  SNOW DEPTH       0

DEGREE DAYS
 HEATING
  TODAY           12                        12      0       12
  MONTH TO DATE  459                       398     61      604
  SINCE DEC 1    731                       757    -26     1051
  SINCE JUL 1   1032                       956     76     1320
..................................................................


WIND (MPH)
  HIGHEST WIND SPEED    10   HIGHEST WIND DIRECTION     E (110)
  HIGHEST GUST SPEED    17   HIGHEST GUST DIRECTION     E (100)
  AVERAGE WIND SPEED     5.6


SKY COVER
  POSSIBLE SUNSHINE  MM
  AVERAGE SKY COVER 0.0


WEATHER CONDITIONS
 THE FOLLOWING WEATHER WAS RECORDED TODAY.
  NO SIGNIFICANT WEATHER WAS OBSERVED.


RELATIVE HUMIDITY (PERCENT)
 HIGHEST    70          1200 AM
 LOWEST     54          1000 AM
 AVERAGE    62

..........................................................


THE LAFAYETTE CLIMATE NORMALS FOR TOMORROW
                         NORMAL    RECORD    YEAR
 MAXIMUM TEMPERATURE (F)   63        83      1957
 MINIMUM TEMPERATURE (F)   44        19      1951


SUNRISE AND SUNSET
JANUARY 31 2015.......SUNRISE   659 AM CST   SUNSET   544 PM CST
FEBRUARY  1 2015......SUNRISE   659 AM CST   SUNSET   545 PM CST


-  INDICATES NEGATIVE NUMBERS.
R  INDICATES RECORD WAS SET OR TIED.
MM INDICATES DATA IS MISSING.
T  INDICATES TRACE AMOUNT.




$$
