000
CDUS44 KLCH 280813
CLILFT


CLIMATE REPORT
NATIONAL WEATHER SERVICE LAKE CHARLES, LA
313 AM CDT MON JUL 28 2014


...................................

...THE LAFAYETTE CLIMATE SUMMARY FOR JULY 27 2014...

CLIMATE NORMAL PERIOD 1981 TO 2010
CLIMATE RECORD PERIOD 1893 TO 2014


WEATHER ITEM   OBSERVED TIME   RECORD YEAR NORMAL DEPARTURE LAST
                VALUE   (LST)  VALUE       VALUE  FROM      YEAR
                                                  NORMAL
..................................................................
TEMPERATURE (F)
 YESTERDAY
  MAXIMUM         94    330 PM 100    1930  92      2       88
  MINIMUM         77    546 AM  66    1924  75      2       77
  AVERAGE         86                        84      2       83

PRECIPITATION (IN)
  YESTERDAY        0.00          3.17 1904   0.17  -0.17     0.07
  MONTH TO DATE    5.98                      5.61   0.37     3.84
  SINCE JUN 1     14.57                     12.69   1.88     7.00
  SINCE JAN 1     37.61                     35.31   2.30    39.12

DEGREE DAYS
 COOLING
  YESTERDAY       21                        19      2       18
  MONTH TO DATE  459                       497    -38      457
  SINCE JUN 1    966                       995    -29      998
  SINCE JAN 1   1435                      1609   -174     1462
..................................................................


WIND (MPH)
  HIGHEST WIND SPEED    17   HIGHEST WIND DIRECTION    SW (230)
  HIGHEST GUST SPEED    20   HIGHEST GUST DIRECTION    SW (230)
  AVERAGE WIND SPEED     7.3


SKY COVER
  POSSIBLE SUNSHINE  MM
  AVERAGE SKY COVER 0.2


WEATHER CONDITIONS
 THE FOLLOWING WEATHER WAS RECORDED YESTERDAY.
  NO SIGNIFICANT WEATHER WAS OBSERVED.


RELATIVE HUMIDITY (PERCENT)
 HIGHEST    91          1200 AM
 LOWEST     52           300 PM
 AVERAGE    72

..........................................................


THE LAFAYETTE CLIMATE NORMALS FOR TODAY
                         NORMAL    RECORD    YEAR
 MAXIMUM TEMPERATURE (F)   93       100      1960
                                             1925
 MINIMUM TEMPERATURE (F)   75        67      1911
                                             1897


SUNRISE AND SUNSET
JULY 28 2014..........SUNRISE   624 AM CDT   SUNSET   804 PM CDT
JULY 29 2014..........SUNRISE   625 AM CDT   SUNSET   804 PM CDT


-  INDICATES NEGATIVE NUMBERS.
R  INDICATES RECORD WAS SET OR TIED.
MM INDICATES DATA IS MISSING.
T  INDICATES TRACE AMOUNT.




$$
