000
CDUS44 KLCH 262215
CLILFT


CLIMATE REPORT
NATIONAL WEATHER SERVICE LAKE CHARLES, LA
515 PM CDT MON JUN 26 2017


...................................

...THE LAFAYETTE CLIMATE SUMMARY FOR JUNE 26 2017...
VALID TODAY AS OF 0500 PM LOCAL TIME.

CLIMATE NORMAL PERIOD 1981 TO 2010
CLIMATE RECORD PERIOD 1893 TO 2017


WEATHER ITEM   OBSERVED TIME   RECORD YEAR NORMAL DEPARTURE LAST
                VALUE   (LST)  VALUE       VALUE  FROM      YEAR
                                                  NORMAL
..................................................................
TEMPERATURE (F)
 TODAY
  MAXIMUM         88    326 PM 104    1930  91     -3       97
  MINIMUM         72    508 AM  61    1974  74     -2       77
  AVERAGE         80                        83     -3       87

PRECIPITATION (IN)
  TODAY            0.00          5.50 1905   0.26  -0.26     0.00
  MONTH TO DATE    9.04                      6.04   3.00     6.55
  SINCE JUN 1      9.04                      6.04   3.00     6.55
  SINCE JAN 1     29.59                     28.66   0.93    34.94

DEGREE DAYS
 COOLING
  TODAY           15                        18     -3       22
  MONTH TO DATE  372                       427    -55      454
  SINCE JUN 1    372                       427    -55      454
  SINCE JAN 1   1292                      1041    251     1111
..................................................................


WIND (MPH)
  HIGHEST WIND SPEED    12   HIGHEST WIND DIRECTION    NE (40)
  HIGHEST GUST SPEED    15   HIGHEST GUST DIRECTION    NE (30)
  AVERAGE WIND SPEED     5.1


SKY COVER
  POSSIBLE SUNSHINE  MM
  AVERAGE SKY COVER 0.2


WEATHER CONDITIONS
 THE FOLLOWING WEATHER WAS RECORDED TODAY.
  NO SIGNIFICANT WEATHER WAS OBSERVED.


RELATIVE HUMIDITY (PERCENT)
 HIGHEST    93           400 AM
 LOWEST     63           200 PM
 AVERAGE    78

..........................................................


THE LAFAYETTE CLIMATE NORMALS FOR TOMORROW
                         NORMAL    RECORD    YEAR
 MAXIMUM TEMPERATURE (F)   91       106      1930
 MINIMUM TEMPERATURE (F)   74        61      1974


SUNRISE AND SUNSET
JUNE 26 2017..........SUNRISE   608 AM CDT   SUNSET   813 PM CDT
JUNE 27 2017..........SUNRISE   609 AM CDT   SUNSET   814 PM CDT


-  INDICATES NEGATIVE NUMBERS.
R  INDICATES RECORD WAS SET OR TIED.
MM INDICATES DATA IS MISSING.
T  INDICATES TRACE AMOUNT.




$$
