506
CDUS41 KOKX 120619
CLILGA


CLIMATE REPORT
NATIONAL WEATHER SERVICE NEW YORK NY
119 AM EST FRI FEB 12 2016


...................................

...THE LAGUARDIA NY CLIMATE SUMMARY FOR FEBRUARY 11 2016...

CLIMATE NORMAL PERIOD 1981 TO 2010
CLIMATE RECORD PERIOD 1945 TO 2016


WEATHER ITEM   OBSERVED TIME   RECORD YEAR NORMAL DEPARTURE LAST
                VALUE   (LST)  VALUE       VALUE  FROM      YEAR
                                                  NORMAL
..................................................................
TEMPERATURE (F)
 YESTERDAY
  MAXIMUM         32   1257 AM  63    2009  41     -9       33
  MINIMUM         20   1159 PM   2    1979  28     -8       22
  AVERAGE         26                        35     -9       28

PRECIPITATION (IN)
  YESTERDAY        0.05          1.32 1983   0.10  -0.05     0.00
  MONTH TO DATE    1.17                      1.05   0.12     1.20
  SINCE DEC 1      9.67                      7.78   1.89    12.38
  SINCE JAN 1      5.34                      4.22   1.12     6.18

SNOWFALL (IN)
  YESTERDAY        0.7          17.0  1983   0.3    0.4      0.0
  MONTH TO DATE    4.1                       3.5    0.6      6.9
  SINCE OCT 1     32.9                      16.4   16.5     28.3
  SINCE JUL 1     32.9                      16.4   16.5     28.3
  SNOW DEPTH       1

DEGREE DAYS
 HEATING
  YESTERDAY       39                        30      9       37
  MONTH TO DATE  275                       341    -66      409
  SINCE DEC 1   1610                      2165   -555     2241
  SINCE JUL 1   2172                      2940   -768     2995

 COOLING
  YESTERDAY        0                         0      0        0
  MONTH TO DATE    0                         0      0        0
  SINCE DEC 1      1                         0      1        0
  SINCE JAN 1      0                         0      0        0
..................................................................


WIND (MPH)
  HIGHEST WIND SPEED    32   HIGHEST WIND DIRECTION    NW (310)
  HIGHEST GUST SPEED    43   HIGHEST GUST DIRECTION    NW (310)
  AVERAGE WIND SPEED    20.8


SKY COVER
  AVERAGE SKY COVER 0.6


WEATHER CONDITIONS
 THE FOLLOWING WEATHER WAS RECORDED YESTERDAY.
  SNOW
  LIGHT SNOW


RELATIVE HUMIDITY (PERCENT)
 HIGHEST    75           300 AM
 LOWEST     32          1000 AM
 AVERAGE    54

..........................................................


THE LAGUARDIA NY CLIMATE NORMALS FOR TODAY
                         NORMAL    RECORD    YEAR
 MAXIMUM TEMPERATURE (F)   42        58      1984
 MINIMUM TEMPERATURE (F)   28         4      1979


SUNRISE AND SUNSET
FEBRUARY 12 2016......SUNRISE   654 AM EST   SUNSET   526 PM EST
FEBRUARY 13 2016......SUNRISE   653 AM EST   SUNSET   527 PM EST


-  INDICATES NEGATIVE NUMBERS.
R  INDICATES RECORD WAS SET OR TIED.
MM INDICATES DATA IS MISSING.
T  INDICATES TRACE AMOUNT.




$$
