000
CDUS46 KLOX 071516
CLILGB


CLIMATE REPORT
NATIONAL WEATHER SERVICE LOS ANGELES/OXNARD CA
716 AM PST SUN FEB 7 2016


...................................

...THE LONG BEACH AIRPORT CA CLIMATE SUMMARY FOR FEBRUARY 6 2016...

CLIMATE NORMAL PERIOD 1981 TO 2010
CLIMATE RECORD PERIOD 1958 TO 2016


WEATHER ITEM   OBSERVED TIME   RECORD YEAR NORMAL DEPARTURE LAST
                VALUE   (LST)  VALUE       VALUE  FROM      YEAR
                                                  NORMAL
..................................................................
TEMPERATURE (F)
 YESTERDAY
  MAXIMUM         80    203 PM  84    1987  67     13       74
  MINIMUM         48    639 AM  38    1989  47      1       55
  AVERAGE         64                        57      7       65

PRECIPITATION (IN)
  YESTERDAY        0.00          1.55 2010   0.10  -0.10     0.00
  MONTH TO DATE    T                         0.58  -0.58     0.00
  SINCE OCT 1      3.29                      6.76  -3.47     6.13
  SINCE JAN 1      2.29                      3.18  -0.89     0.87

SNOWFALL (IN)
  YESTERDAY        0.0
  MONTH TO DATE    0.0
  SINCE DEC 1      0.0
  SINCE JUL 1      0.0

DEGREE DAYS
 HEATING
  YESTERDAY        1                         8     -7        0
  MONTH TO DATE   54                        48      6       15
  SINCE DEC 1    520                       578    -58      329
  SINCE JUL 1    612                       727   -115      365

 COOLING
  YESTERDAY        0                         0      0        0
  MONTH TO DATE    0                         0      0        0
  SINCE DEC 1      6                         4      2       13
  SINCE JAN 1      0                         3     -3        8
..................................................................


WIND (MPH)
  HIGHEST WIND SPEED    13   HIGHEST WIND DIRECTION    NW (300)
  HIGHEST GUST SPEED    15   HIGHEST GUST DIRECTION     N (340)
  AVERAGE WIND SPEED     5.5


SKY COVER
  POSSIBLE SUNSHINE  MM
  AVERAGE SKY COVER 0.0


WEATHER CONDITIONS
 THE FOLLOWING WEATHER WAS RECORDED YESTERDAY.
  NO SIGNIFICANT WEATHER WAS OBSERVED.


RELATIVE HUMIDITY (PERCENT)
 HIGHEST    46           100 AM
 LOWEST     12           300 PM
 AVERAGE    29

..........................................................


THE LONG BEACH AIRPORT CA CLIMATE NORMALS FOR TODAY
                         NORMAL    RECORD    YEAR
 MAXIMUM TEMPERATURE (F)   67        88      1996
 MINIMUM TEMPERATURE (F)   47        37      1974


SUNRISE AND SUNSET
FEBRUARY  7 2016......SUNRISE   645 AM PST   SUNSET   529 PM PST
FEBRUARY  8 2016......SUNRISE   644 AM PST   SUNSET   530 PM PST


-  INDICATES NEGATIVE NUMBERS.
R  INDICATES RECORD WAS SET OR TIED.
MM INDICATES DATA IS MISSING.
T  INDICATES TRACE AMOUNT.




$$
