000
CDUS46 KLOX 160915
CLILGB


CLIMATE REPORT
NATIONAL WEATHER SERVICE LOS ANGELES/OXNARD CA
115 AM PST TUE JAN 16 2018


...................................

...THE LONG BEACH AIRPORT CA CLIMATE SUMMARY FOR JANUARY 15 2018...

CLIMATE NORMAL PERIOD 1981 TO 2010
CLIMATE RECORD PERIOD 1958 TO 2018


WEATHER ITEM   OBSERVED TIME   RECORD YEAR NORMAL DEPARTURE LAST
                VALUE   (LST)  VALUE       VALUE  FROM      YEAR
                                                  NORMAL
..................................................................
TEMPERATURE (F)
 YESTERDAY
  MAXIMUM         72    214 PM  89    1976  68      4       62
  MINIMUM         50    659 AM  31    2007  46      4       49
  AVERAGE         61                        57      4       56

PRECIPITATION (IN)
  YESTERDAY        0.00          1.45 1993   0.09  -0.09     0.00
  MONTH TO DATE    1.48                      1.30   0.18     3.19
  SINCE OCT 1      1.55                      4.88  -3.33     8.39
  SINCE JAN 1      1.48                      1.30   0.18     3.19

SNOWFALL (IN)
  YESTERDAY        0.0
  MONTH TO DATE    0.0
  SINCE DEC 1      0.0
  SINCE JUL 1      0.0

DEGREE DAYS
 HEATING
  YESTERDAY        4                         8     -4        9
  MONTH TO DATE   37                       128    -91      126
  SINCE DEC 1    176                       399   -223      354
  SINCE JUL 1    200                       548   -348      434

 COOLING
  YESTERDAY        0                         0      0        0
  MONTH TO DATE   13                         0     13        0
  SINCE DEC 1     29                         1     28        1
  SINCE JAN 1     13                         0     13        0
..................................................................


WIND (MPH)
  HIGHEST WIND SPEED    10   HIGHEST WIND DIRECTION     W (290)
  HIGHEST GUST SPEED    13   HIGHEST GUST DIRECTION     W (290)
  AVERAGE WIND SPEED     2.3


SKY COVER
  POSSIBLE SUNSHINE  MM
  AVERAGE SKY COVER 0.0


WEATHER CONDITIONS
 THE FOLLOWING WEATHER WAS RECORDED YESTERDAY.
  FOG
  HAZE


RELATIVE HUMIDITY (PERCENT)
 HIGHEST    84          1100 PM
 LOWEST     35          1100 AM
 AVERAGE    60

..........................................................


THE LONG BEACH AIRPORT CA CLIMATE NORMALS FOR TODAY
                         NORMAL    RECORD    YEAR
 MAXIMUM TEMPERATURE (F)   68        91      1976
 MINIMUM TEMPERATURE (F)   46        34      2007


SUNRISE AND SUNSET
JANUARY 16 2018.......SUNRISE   657 AM PST   SUNSET   508 PM PST
JANUARY 17 2018.......SUNRISE   657 AM PST   SUNSET   509 PM PST


-  INDICATES NEGATIVE NUMBERS.
R  INDICATES RECORD WAS SET OR TIED.
MM INDICATES DATA IS MISSING.
T  INDICATES TRACE AMOUNT.




$$
