000
CDUS46 KLOX 100922
CLILGB


CLIMATE REPORT
NATIONAL WEATHER SERVICE LOS ANGELES/OXNARD CA
222 AM PDT THU JUL 10 2014


...................................

...THE LONG BEACH AIRPORT CA CLIMATE SUMMARY FOR JULY 9 2014...

CLIMATE NORMAL PERIOD 1981 TO 2010
CLIMATE RECORD PERIOD 1958 TO 2014


WEATHER ITEM   OBSERVED TIME   RECORD YEAR NORMAL DEPARTURE LAST
                VALUE   (LST)  VALUE       VALUE  FROM      YEAR
                                                  NORMAL
..................................................................
TEMPERATURE (F)
 YESTERDAY
  MAXIMUM         84    137 PM  99    1985  81      3       78
  MINIMUM         67   1112 PM  56    1958  64      3       65
  AVERAGE         76                        73      3       72

PRECIPITATION (IN)
  YESTERDAY        0.00          T    1993   0.00   0.00     0.00
  MONTH TO DATE    0.00                      0.00   0.00     0.00
  SINCE JUL 1      0.00                      0.00   0.00     0.00
  SINCE JAN 1      3.19                      8.44  -5.25     2.87

SNOWFALL (IN)
  YESTERDAY        0.0
  MONTH TO DATE    0.0
  SINCE JUN 1      0.0
  SINCE JUL 1      0.0

DEGREE DAYS
 HEATING
  YESTERDAY        0                         0      0        0
  MONTH TO DATE    0                         0      0        0
  SINCE JUN 1      0                         6     -6        0
  SINCE JUL 1      0                         0      0        0

 COOLING
  YESTERDAY       11                         8      3        7
  MONTH TO DATE   96                        65     31       79
  SINCE JUN 1    242                       186     56      240
  SINCE JAN 1    511                       289    222      389
..................................................................


WIND (MPH)
  HIGHEST WIND SPEED    14   HIGHEST WIND DIRECTION    NW (310)
  HIGHEST GUST SPEED    18   HIGHEST GUST DIRECTION     W (270)
  AVERAGE WIND SPEED     5.3


SKY COVER
  POSSIBLE SUNSHINE  MM
  AVERAGE SKY COVER 0.2


WEATHER CONDITIONS
 THE FOLLOWING WEATHER WAS RECORDED YESTERDAY.
  NO SIGNIFICANT WEATHER WAS OBSERVED.


RELATIVE HUMIDITY (PERCENT)
 HIGHEST    87          1100 PM
 LOWEST     51           200 PM
 AVERAGE    69

..........................................................


THE LONG BEACH AIRPORT CA CLIMATE NORMALS FOR TODAY
                         NORMAL    RECORD    YEAR
 MAXIMUM TEMPERATURE (F)   82       105      1959
 MINIMUM TEMPERATURE (F)   64        58      1964


SUNRISE AND SUNSET
JULY 10 2014..........SUNRISE   550 AM PDT   SUNSET   806 PM PDT
JULY 11 2014..........SUNRISE   551 AM PDT   SUNSET   805 PM PDT


-  INDICATES NEGATIVE NUMBERS.
R  INDICATES RECORD WAS SET OR TIED.
MM INDICATES DATA IS MISSING.
T  INDICATES TRACE AMOUNT.




$$
