000
CDUS46 KLOX 200111
CLILGB


CLIMATE REPORT
NATIONAL WEATHER SERVICE LOS ANGELES/OXNARD CA
511 PM PST SUN NOV 19 2017


...................................

...THE LONG BEACH AIRPORT CA CLIMATE SUMMARY FOR NOVEMBER 19 2017...
VALID TODAY AS OF 0500 PM LOCAL TIME.

CLIMATE NORMAL PERIOD 1981 TO 2010
CLIMATE RECORD PERIOD 1958 TO 2017


WEATHER ITEM   OBSERVED TIME   RECORD YEAR NORMAL DEPARTURE LAST
                VALUE   (LST)  VALUE       VALUE  FROM      YEAR
                                                  NORMAL
..................................................................
TEMPERATURE (F)
 TODAY
  MAXIMUM         77    106 PM  90    2006  71      6       74
                                      1989
  MINIMUM         52    531 AM  35    1994  50      2       48
                                      1964
  AVERAGE         65                        60      5       61

PRECIPITATION (IN)
  TODAY            0.00          0.87 1967   0.03  -0.03     0.00
  MONTH TO DATE    0.04                      0.54  -0.50     0.00
  SINCE OCT 1      0.04                      1.17  -1.13     0.41
  SINCE JAN 1     14.94                      9.85   5.09     4.40

SNOWFALL (IN)
  TODAY            0.0
  MONTH TO DATE    0.0
  SINCE SEP 1      0.0
  SINCE JUL 1      0.0

DEGREE DAYS
 HEATING
  TODAY            0                         5     -5        4
  MONTH TO DATE    7                        60    -53       11
  SINCE SEP 1      7                        81    -74       14
  SINCE JUL 1      7                        81    -74       14

 COOLING
  TODAY            0                         0      0        0
  MONTH TO DATE   22                        19      3       81
  SINCE SEP 1    526                       355    171      501
  SINCE JAN 1   1492                      1123    369     1445
..................................................................


WIND (MPH)
  HIGHEST WIND SPEED    14   HIGHEST WIND DIRECTION     W (290)
  HIGHEST GUST SPEED    17   HIGHEST GUST DIRECTION     W (280)
  AVERAGE WIND SPEED     3.2


SKY COVER
  POSSIBLE SUNSHINE  MM
  AVERAGE SKY COVER 0.0


WEATHER CONDITIONS
 THE FOLLOWING WEATHER WAS RECORDED TODAY.
  NO SIGNIFICANT WEATHER WAS OBSERVED.


RELATIVE HUMIDITY (PERCENT)
 HIGHEST    83           200 AM
 LOWEST     19           100 PM
 AVERAGE    51

..........................................................


THE LONG BEACH AIRPORT CA CLIMATE NORMALS FOR TOMORROW
                         NORMAL    RECORD    YEAR
 MAXIMUM TEMPERATURE (F)   71        91      2002
 MINIMUM TEMPERATURE (F)   50        36      1994


SUNRISE AND SUNSET
NOVEMBER 19 2017......SUNRISE   629 AM PST   SUNSET   447 PM PST
NOVEMBER 20 2017......SUNRISE   630 AM PST   SUNSET   447 PM PST


-  INDICATES NEGATIVE NUMBERS.
R  INDICATES RECORD WAS SET OR TIED.
MM INDICATES DATA IS MISSING.
T  INDICATES TRACE AMOUNT.




$$
