000
CDUS46 KLOX 240903
CLILGB


CLIMATE REPORT
NATIONAL WEATHER SERVICE LOS ANGELES/OXNARD CA
103 AM PST FRI FEB 24 2017


...................................

...THE LONG BEACH AIRPORT CA CLIMATE SUMMARY FOR FEBRUARY 23 2017...

CLIMATE NORMAL PERIOD 1981 TO 2010
CLIMATE RECORD PERIOD 1958 TO 2017


WEATHER ITEM   OBSERVED TIME   RECORD YEAR NORMAL DEPARTURE LAST
                VALUE   (LST)  VALUE       VALUE  FROM      YEAR
                                                  NORMAL
..................................................................
TEMPERATURE (F)
 YESTERDAY
  MAXIMUM         63   1131 AM  88    1986  67     -4       80
  MINIMUM         48    703 AM  39    2001  49     -1       51
  AVERAGE         56                        58     -2       66

PRECIPITATION (IN)
  YESTERDAY        0.00          1.68 1969   0.11  -0.11     0.00
  MONTH TO DATE    4.66                      2.55   2.11     0.61
  SINCE OCT 1     19.19                      8.73  10.46     3.90
  SINCE JAN 1     13.99                      5.15   8.84     2.90

SNOWFALL (IN)
  YESTERDAY        0.0
  MONTH TO DATE    0.0
  SINCE DEC 1      0.0
  SINCE JUL 1      0.0

DEGREE DAYS
 HEATING
  YESTERDAY        9                         7      2        0
  MONTH TO DATE  128                       178    -50       80
  SINCE DEC 1    636                       708    -72      546
  SINCE JUL 1    716                       857   -141      638

 COOLING
  YESTERDAY        0                         0      0        1
  MONTH TO DATE    1                         0      1       43
  SINCE DEC 1      2                         4     -2       49
  SINCE JAN 1      1                         3     -2       43
..................................................................


WIND (MPH)
  HIGHEST WIND SPEED    23   HIGHEST WIND DIRECTION    NW (320)
  HIGHEST GUST SPEED    29   HIGHEST GUST DIRECTION    NW (320)
  AVERAGE WIND SPEED    10.4


SKY COVER
  POSSIBLE SUNSHINE  MM
  AVERAGE SKY COVER 0.0


WEATHER CONDITIONS
 THE FOLLOWING WEATHER WAS RECORDED YESTERDAY.
  NO SIGNIFICANT WEATHER WAS OBSERVED.


RELATIVE HUMIDITY (PERCENT)
 HIGHEST    51           700 PM
 LOWEST     23          1100 AM
 AVERAGE    37

..........................................................


THE LONG BEACH AIRPORT CA CLIMATE NORMALS FOR TODAY
                         NORMAL    RECORD    YEAR
 MAXIMUM TEMPERATURE (F)   67        91      1986
 MINIMUM TEMPERATURE (F)   49        40      2007
                                             1987


SUNRISE AND SUNSET
FEBRUARY 24 2017......SUNRISE   627 AM PST   SUNSET   545 PM PST
FEBRUARY 25 2017......SUNRISE   626 AM PST   SUNSET   546 PM PST


-  INDICATES NEGATIVE NUMBERS.
R  INDICATES RECORD WAS SET OR TIED.
MM INDICATES DATA IS MISSING.
T  INDICATES TRACE AMOUNT.




$$
