000
CDUS46 KLOX 230900
CLILGB


CLIMATE REPORT
NATIONAL WEATHER SERVICE LOS ANGELES/OXNARD CA
159 AM PDT WED APR 23 2014


...................................

...THE LONG BEACH AIRPORT CA CLIMATE SUMMARY FOR APRIL 22 2014...

CLIMATE NORMAL PERIOD 1981 TO 2010
CLIMATE RECORD PERIOD 1958 TO 2014


WEATHER ITEM   OBSERVED TIME   RECORD YEAR NORMAL DEPARTURE LAST
                VALUE   (LST)  VALUE       VALUE  FROM      YEAR
                                                  NORMAL
..................................................................
TEMPERATURE (F)
 YESTERDAY
  MAXIMUM         71    303 PM  93    1987  73     -2       69
  MINIMUM         59   1159 PM  41    1963  54      5       58
  AVERAGE         65                        63      2       64

PRECIPITATION (IN)
  YESTERDAY        0.00          0.08 1980   0.01  -0.01     0.00
  MONTH TO DATE    0.20                      0.49  -0.29     0.01
  SINCE JUL 1      4.33                     11.87  -7.54     6.00
  SINCE JAN 1      3.02                      8.05  -5.03     2.20

SNOWFALL (IN)
  YESTERDAY        0.0
  MONTH TO DATE    0.0
  SINCE MAR 1      0.0
  SINCE JUL 1      0.0

DEGREE DAYS
 HEATING
  YESTERDAY        0                         3     -3        1
  MONTH TO DATE   43                        85    -42       36
  SINCE MAR 1    121                       264   -143      156
  SINCE JUL 1    699                      1155   -456     1020

 COOLING
  YESTERDAY        0                         1     -1        0
  MONTH TO DATE   38                        22     16       12
  SINCE MAR 1     61                        32     29       19
  SINCE JAN 1     76                        40     36       24
..................................................................


WIND (MPH)
  HIGHEST WIND SPEED    15   HIGHEST WIND DIRECTION    NW (320)
  HIGHEST GUST SPEED    17   HIGHEST GUST DIRECTION    NW (320)
  AVERAGE WIND SPEED     5.6


SKY COVER
  POSSIBLE SUNSHINE  MM
  AVERAGE SKY COVER 0.5


WEATHER CONDITIONS
 THE FOLLOWING WEATHER WAS RECORDED YESTERDAY.
  HAZE


RELATIVE HUMIDITY (PERCENT)
 HIGHEST    78          1200 AM
 LOWEST     44           100 PM
 AVERAGE    61

..........................................................


THE LONG BEACH AIRPORT CA CLIMATE NORMALS FOR TODAY
                         NORMAL    RECORD    YEAR
 MAXIMUM TEMPERATURE (F)   73        90      1996
 MINIMUM TEMPERATURE (F)   54        44      1967


SUNRISE AND SUNSET
APRIL 23 2014.........SUNRISE   612 AM PDT   SUNSET   730 PM PDT
APRIL 24 2014.........SUNRISE   611 AM PDT   SUNSET   731 PM PDT


-  INDICATES NEGATIVE NUMBERS.
R  INDICATES RECORD WAS SET OR TIED.
MM INDICATES DATA IS MISSING.
T  INDICATES TRACE AMOUNT.




$$
