000
CDHW41 PHFO 260226
CLILIH


CLIMATE REPORT
NATIONAL WEATHER SERVICE HONOLULU HI
426 PM HST SUN JAN 25 2015


...................................

...THE LIHUE HI CLIMATE SUMMARY FOR JANUARY 25 2015...
VALID TODAY AS OF 0400 PM LOCAL TIME.

CLIMATE NORMAL PERIOD 1981 TO 2010
CLIMATE RECORD PERIOD 1946 TO 2015


WEATHER ITEM   OBSERVED TIME   RECORD YEAR NORMAL DEPARTURE LAST
                VALUE   (LST)  VALUE       VALUE  FROM      YEAR
                                                  NORMAL
..................................................................
TEMPERATURE (F)
 TODAY
  MAXIMUM         78   1136 AM  83    2007  78      0       80
                                      1981
  MINIMUM         67    220 AM  53    1969  65      2       63
  AVERAGE         73                        72      1       72

PRECIPITATION (IN)
  TODAY            0.00          1.74 1956   0.12  -0.12     0.00
  MONTH TO DATE    1.16                      3.06  -1.90     1.09
  SINCE DEC 1      2.56                      8.26  -5.70     6.37
  SINCE JAN 1      1.16                      3.06  -1.90     1.09

SNOWFALL (IN)
  TODAY            0.0
  MONTH TO DATE    0.0
  SINCE DEC 1      0.0
  SINCE JUL 1      0.0
  SNOW DEPTH       0

DEGREE DAYS
 HEATING
  TODAY            0                         0      0        0
  MONTH TO DATE    0                         0      0        0
  SINCE DEC 1      0                         0      0        0
  SINCE JUL 1      0                         0      0        0

 COOLING
  TODAY            8                         7      1        7
  MONTH TO DATE  166                       175     -9      162
  SINCE DEC 1    382                       429    -47      447
  SINCE JAN 1    166                       175     -9      162
..................................................................


WIND (MPH)
  HIGHEST WIND SPEED    21   HIGHEST WIND DIRECTION    NE (30)
  HIGHEST GUST SPEED    25   HIGHEST GUST DIRECTION    NE (30)
  AVERAGE WIND SPEED    12.9


SKY COVER
  POSSIBLE SUNSHINE  MM
  AVERAGE SKY COVER 1.0


WEATHER CONDITIONS
 THE FOLLOWING WEATHER WAS RECORDED TODAY.
  NO SIGNIFICANT WEATHER WAS OBSERVED.


RELATIVE HUMIDITY (PERCENT)
 HIGHEST    73           200 AM
 LOWEST     46          1100 AM
 AVERAGE    60

..........................................................


THE LIHUE HI CLIMATE NORMALS FOR TOMORROW
                         NORMAL    RECORD    YEAR
 MAXIMUM TEMPERATURE (F)   78        83      1962
 MINIMUM TEMPERATURE (F)   65        53      1969


SUNRISE AND SUNSET
JANUARY 25 2015.......SUNRISE   718 AM HST   SUNSET   622 PM HST
JANUARY 26 2015.......SUNRISE   717 AM HST   SUNSET   623 PM HST


-  INDICATES NEGATIVE NUMBERS.
R  INDICATES RECORD WAS SET OR TIED.
MM INDICATES DATA IS MISSING.
T  INDICATES TRACE AMOUNT.




$$
