000
CDHW41 PHFO 080227
CLILIH


CLIMATE REPORT
NATIONAL WEATHER SERVICE HONOLULU HI
426 PM HST WED DEC 7 2016


...................................

...THE LIHUE HI CLIMATE SUMMARY FOR DECEMBER 7 2016...
VALID TODAY AS OF 0400 PM LOCAL TIME.

CLIMATE NORMAL PERIOD 1981 TO 2010
CLIMATE RECORD PERIOD 1946 TO 2016


WEATHER ITEM   OBSERVED TIME   RECORD YEAR NORMAL DEPARTURE LAST
                VALUE   (LST)  VALUE       VALUE  FROM      YEAR
                                                  NORMAL
..................................................................
TEMPERATURE (F)
 TODAY
  MAXIMUM         80    251 PM  85    1995  79      1       82
  MINIMUM         69    434 AM  57    1986  69      0       69
  AVERAGE         75                        74      1       76

PRECIPITATION (IN)
  TODAY            0.01          0.86 1980   0.16  -0.15     0.00
  MONTH TO DATE    0.57                      1.11  -0.54     0.30
  SINCE DEC 1      0.57                      1.11  -0.54     0.30
  SINCE JAN 1     12.80                     32.96 -20.16    28.58

SNOWFALL (IN)
  TODAY            0.0
  MONTH TO DATE    0.0
  SINCE DEC 1      0.0
  SINCE JUL 1      0.0
  SNOW DEPTH       0

DEGREE DAYS
 HEATING
  TODAY            0                         0      0        0
  MONTH TO DATE    0                         0      0        0
  SINCE DEC 1      0                         0      0        0
  SINCE JUL 1      0                         0      0        0

 COOLING
  TODAY           10                         9      1       11
  MONTH TO DATE   67                        63      4       82
  SINCE DEC 1     67                        63      4       82
  SINCE JAN 1   4027                      3754    273     4161
..................................................................


WIND (MPH)
  HIGHEST WIND SPEED    10   HIGHEST WIND DIRECTION     E (80)
  HIGHEST GUST SPEED    12   HIGHEST GUST DIRECTION     E (90)
  AVERAGE WIND SPEED     6.7


SKY COVER
  POSSIBLE SUNSHINE  MM
  AVERAGE SKY COVER 0.7


WEATHER CONDITIONS
 THE FOLLOWING WEATHER WAS RECORDED TODAY.
  LIGHT RAIN


RELATIVE HUMIDITY (PERCENT)
 HIGHEST    90           500 AM
 LOWEST     69           200 PM
 AVERAGE    80

..........................................................


THE LIHUE HI CLIMATE NORMALS FOR TOMORROW
                         NORMAL    RECORD    YEAR
 MAXIMUM TEMPERATURE (F)   79        85      1985
 MINIMUM TEMPERATURE (F)   69        60      1986
                                             1966


SUNRISE AND SUNSET
DECEMBER  7 2016......SUNRISE   704 AM HST   SUNSET   554 PM HST
DECEMBER  8 2016......SUNRISE   705 AM HST   SUNSET   555 PM HST


-  INDICATES NEGATIVE NUMBERS.
R  INDICATES RECORD WAS SET OR TIED.
MM INDICATES DATA IS MISSING.
T  INDICATES TRACE AMOUNT.




$$
