000
CDHW41 PHFO 210227
CLILIH


CLIMATE REPORT
NATIONAL WEATHER SERVICE HONOLULU HI
426 PM HST SAT JAN 20 2018


...................................

...THE LIHUE HI CLIMATE SUMMARY FOR JANUARY 20 2018...
VALID TODAY AS OF 0400 PM LOCAL TIME.

CLIMATE NORMAL PERIOD 1981 TO 2010
CLIMATE RECORD PERIOD 1946 TO 2018


WEATHER ITEM   OBSERVED TIME   RECORD YEAR NORMAL DEPARTURE LAST
                VALUE   (LST)  VALUE       VALUE  FROM      YEAR
                                                  NORMAL
..................................................................
TEMPERATURE (F)
 TODAY
  MAXIMUM         78    225 PM  84    1962  78      0       83
  MINIMUM         72    347 AM  51    1969  65      7       68
  AVERAGE         75                        72      3       76

PRECIPITATION (IN)
  TODAY            0.03          3.15 1981   0.12  -0.09     0.03
  MONTH TO DATE    0.17                      2.47  -2.30     0.16
  SINCE DEC 1      1.28                      7.67  -6.39     1.33
  SINCE JAN 1      0.17                      2.47  -2.30     0.16

SNOWFALL (IN)
  TODAY            0.0
  MONTH TO DATE    0.0
  SINCE DEC 1      0.0
  SINCE JUL 1      0.0
  SNOW DEPTH      MM

DEGREE DAYS
 HEATING
  TODAY            0                         0      0        0
  MONTH TO DATE    0                         0      0        0
  SINCE DEC 1      0                         0      0        0
  SINCE JUL 1      0                         0      0        0

 COOLING
  TODAY           10                         7      3       11
  MONTH TO DATE  169                       140     29      147
  SINCE DEC 1    282                       394   -112      417
  SINCE JAN 1    169                       140     29      147
..................................................................


WIND (MPH)
  HIGHEST WIND SPEED    23   HIGHEST WIND DIRECTION     E (70)
  HIGHEST GUST SPEED    27   HIGHEST GUST DIRECTION     E (70)
  AVERAGE WIND SPEED    MM


SKY COVER
  POSSIBLE SUNSHINE  MM
  AVERAGE SKY COVER  MM


WEATHER CONDITIONS
 THE FOLLOWING WEATHER WAS RECORDED TODAY.
  FOG


RELATIVE HUMIDITY (PERCENT)
 HIGHEST    MM
 LOWEST     MM
 AVERAGE    MM

..........................................................


THE LIHUE HI CLIMATE NORMALS FOR TOMORROW
                         NORMAL    RECORD    YEAR
 MAXIMUM TEMPERATURE (F)   78        83      1961
 MINIMUM TEMPERATURE (F)   65        52      1969


SUNRISE AND SUNSET
JANUARY 20 2018.......SUNRISE   718 AM HST   SUNSET   619 PM HST
JANUARY 21 2018.......SUNRISE   718 AM HST   SUNSET   619 PM HST


-  INDICATES NEGATIVE NUMBERS.
R  INDICATES RECORD WAS SET OR TIED.
MM INDICATES DATA IS MISSING.
T  INDICATES TRACE AMOUNT.




$$
