000
CDHW41 PHFO 041245
CLILIH


CLIMATE REPORT
NATIONAL WEATHER SERVICE HONOLULU HI
245 AM HST WED MAY 4 2016


...................................

...THE LIHUE HI CLIMATE SUMMARY FOR MAY 3 2016...

CLIMATE NORMAL PERIOD 1981 TO 2010
CLIMATE RECORD PERIOD 1946 TO 2016


WEATHER ITEM   OBSERVED TIME   RECORD YEAR NORMAL DEPARTURE LAST
                VALUE   (LST)  VALUE       VALUE  FROM      YEAR
                                                  NORMAL
..................................................................
TEMPERATURE (F)
 YESTERDAY
  MAXIMUM         84   1114 AM  86    1978  80      4       82
  MINIMUM         73   1153 PM  62    1996  69      4       73
  AVERAGE         79                        75      4       78

PRECIPITATION (IN)
  YESTERDAY        0.06          1.40 2010   0.08  -0.02     0.00
  MONTH TO DATE    0.24                      0.24   0.00      T
  SINCE MAR 1      3.70                      7.10  -3.40     3.12
  SINCE JAN 1      4.87                     14.01  -9.14     5.03

SNOWFALL (IN)
  YESTERDAY        0.0
  MONTH TO DATE    0.0
  SINCE MAR 1      0.0
  SINCE JUL 1      0.0
  SNOW DEPTH       0

DEGREE DAYS
 HEATING
  YESTERDAY        0                         0      0        0
  MONTH TO DATE    0                         0      0        0
  SINCE MAR 1      0                         0      0        0
  SINCE JUL 1      0                         0      0        0

 COOLING
  YESTERDAY       14                        10      4       13
  MONTH TO DATE   43                        30     13       38
  SINCE MAR 1    611                       539     72      643
  SINCE JAN 1   1066                       934    132     1099
..................................................................


WIND (MPH)
  HIGHEST WIND SPEED    23   HIGHEST WIND DIRECTION     E (90)
  HIGHEST GUST SPEED    28   HIGHEST GUST DIRECTION     E (90)
  AVERAGE WIND SPEED    15.6


SKY COVER
  POSSIBLE SUNSHINE  MM
  AVERAGE SKY COVER 0.8


WEATHER CONDITIONS
 THE FOLLOWING WEATHER WAS RECORDED YESTERDAY.
  RAIN
  LIGHT RAIN
  FOG
  HAZE


RELATIVE HUMIDITY (PERCENT)
 HIGHEST    87          1100 PM
 LOWEST     58           400 PM
 AVERAGE    73

..........................................................


THE LIHUE HI CLIMATE NORMALS FOR TODAY
                         NORMAL    RECORD    YEAR
 MAXIMUM TEMPERATURE (F)   80        84      1982
                                             1981
                                             1961
 MINIMUM TEMPERATURE (F)   69        62      1989


SUNRISE AND SUNSET
MAY  4 2016...........SUNRISE   603 AM HST   SUNSET   705 PM HST
MAY  5 2016...........SUNRISE   603 AM HST   SUNSET   705 PM HST


-  INDICATES NEGATIVE NUMBERS.
R  INDICATES RECORD WAS SET OR TIED.
MM INDICATES DATA IS MISSING.
T  INDICATES TRACE AMOUNT.




$$
