000
CDHW41 PHFO 280245
CLILIH


CLIMATE REPORT
NATIONAL WEATHER SERVICE HONOLULU HI
445 PM HST SAT MAY 27 2017


...................................

...THE LIHUE HI CLIMATE SUMMARY FOR MAY 27 2017...
VALID TODAY AS OF 0400 PM LOCAL TIME.

CLIMATE NORMAL PERIOD 1981 TO 2010
CLIMATE RECORD PERIOD 1946 TO 2017


WEATHER ITEM   OBSERVED TIME   RECORD YEAR NORMAL DEPARTURE LAST
                VALUE   (LST)  VALUE       VALUE  FROM      YEAR
                                                  NORMAL
..................................................................
TEMPERATURE (F)
 TODAY
  MAXIMUM         81   1255 PM  85    1981  82     -1       83
  MINIMUM         67    627 AM  64    1997  71     -4       72
                                      1973
  AVERAGE         74                        77     -3       78

PRECIPITATION (IN)
  TODAY            0.47R         0.31 1955   0.05   0.42     0.24
  MONTH TO DATE    1.25                      1.87  -0.62     1.16
  SINCE MAR 1      7.75                      8.73  -0.98     4.62
  SINCE JAN 1     14.23                     15.64  -1.41     5.79

SNOWFALL (IN)
  TODAY            0.0
  MONTH TO DATE    0.0
  SINCE MAR 1      0.0
  SINCE JUL 1      0.0
  SNOW DEPTH      MM

DEGREE DAYS
 HEATING
  TODAY            0                         0      0        0
  MONTH TO DATE    0                         0      0        0
  SINCE MAR 1      0                         0      0        0
  SINCE JUL 1      0                         0      0        0

 COOLING
  TODAY            9                        12     -3       13
  MONTH TO DATE  355                       288     67      340
  SINCE MAR 1    976                       797    179      908
  SINCE JAN 1   1417                      1192    225     1363
..................................................................


WIND (MPH)
  HIGHEST WIND SPEED    13   HIGHEST WIND DIRECTION    SW (230)
  HIGHEST GUST SPEED    14   HIGHEST GUST DIRECTION    SE (130)
  AVERAGE WIND SPEED    MM


SKY COVER
  POSSIBLE SUNSHINE  MM
  AVERAGE SKY COVER  MM


WEATHER CONDITIONS
 THE FOLLOWING WEATHER WAS RECORDED TODAY.
  FOG


RELATIVE HUMIDITY (PERCENT)
 HIGHEST    MM
 LOWEST     MM
 AVERAGE    MM

..........................................................


THE LIHUE HI CLIMATE NORMALS FOR TOMORROW
                         NORMAL    RECORD    YEAR
 MAXIMUM TEMPERATURE (F)   82        85      2005
                                             1996
                                             1981
 MINIMUM TEMPERATURE (F)   72        64      1983


SUNRISE AND SUNSET
MAY 27 2017...........SUNRISE   554 AM HST   SUNSET   715 PM HST
MAY 28 2017...........SUNRISE   554 AM HST   SUNSET   716 PM HST


-  INDICATES NEGATIVE NUMBERS.
R  INDICATES RECORD WAS SET OR TIED.
MM INDICATES DATA IS MISSING.
T  INDICATES TRACE AMOUNT.




$$
