000
CDHW41 PHFO 240226
CLILIH


CLIMATE REPORT
NATIONAL WEATHER SERVICE HONOLULU HI
425 PM HST SUN JUL 23 2017


...................................

...THE LIHUE HI CLIMATE SUMMARY FOR JULY 23 2017...
VALID TODAY AS OF 0400 PM LOCAL TIME.

CLIMATE NORMAL PERIOD 1981 TO 2010
CLIMATE RECORD PERIOD 1946 TO 2017


WEATHER ITEM   OBSERVED TIME   RECORD YEAR NORMAL DEPARTURE LAST
                VALUE   (LST)  VALUE       VALUE  FROM      YEAR
                                                  NORMAL
..................................................................
TEMPERATURE (F)
 TODAY
  MAXIMUM         88R   122 PM  88    1981  84      4       84
  MINIMUM         79    838 AM  65    1955  74      5       73
  AVERAGE         84                        79      5       79

PRECIPITATION (IN)
  TODAY            T             4.68 1989   0.07  -0.07     0.04
  MONTH TO DATE    0.48                      1.33  -0.85     1.35
  SINCE JUN 1      1.23                      2.94  -1.71     2.43
  SINCE JAN 1     15.79                     18.78  -2.99     8.87

SNOWFALL (IN)
  TODAY            0.0
  MONTH TO DATE    0.0
  SINCE JUN 1      0.0
  SINCE JUL 1      0.0
  SNOW DEPTH      MM

DEGREE DAYS
 HEATING
  TODAY            0                         0      0        0
  MONTH TO DATE    0                         0      0        0
  SINCE JUN 1      0                         0      0        0
  SINCE JUL 1      0                         0      0        0

 COOLING
  TODAY           19                        14      5       14
  MONTH TO DATE  315                       322     -7      293
  SINCE JUN 1    713                       716     -3      638
  SINCE JAN 1   2181                      1955    226     2040
..................................................................


WIND (MPH)
  HIGHEST WIND SPEED    17   HIGHEST WIND DIRECTION     E (80)
  HIGHEST GUST SPEED    22   HIGHEST GUST DIRECTION     E (70)
  AVERAGE WIND SPEED    MM


SKY COVER
  POSSIBLE SUNSHINE  MM
  AVERAGE SKY COVER  MM


WEATHER CONDITIONS
 THE FOLLOWING WEATHER WAS RECORDED TODAY.
  NO SIGNIFICANT WEATHER WAS OBSERVED.


RELATIVE HUMIDITY (PERCENT)
 HIGHEST    MM
 LOWEST     MM
 AVERAGE    MM

..........................................................


THE LIHUE HI CLIMATE NORMALS FOR TOMORROW
                         NORMAL    RECORD    YEAR
 MAXIMUM TEMPERATURE (F)   84        87      2015
                                             1982
                                             1976
 MINIMUM TEMPERATURE (F)   74        68      1959


SUNRISE AND SUNSET
JULY 23 2017..........SUNRISE   606 AM HST   SUNSET   721 PM HST
JULY 24 2017..........SUNRISE   607 AM HST   SUNSET   721 PM HST


-  INDICATES NEGATIVE NUMBERS.
R  INDICATES RECORD WAS SET OR TIED.
MM INDICATES DATA IS MISSING.
T  INDICATES TRACE AMOUNT.




$$
