000
CDHW41 PHFO 171245
CLILIH


CLIMATE REPORT
NATIONAL WEATHER SERVICE HONOLULU HI
245 AM HST FRI NOV 17 2017


...................................

...THE LIHUE HI CLIMATE SUMMARY FOR NOVEMBER 16 2017...

CLIMATE NORMAL PERIOD 1981 TO 2010
CLIMATE RECORD PERIOD 1946 TO 2017


WEATHER ITEM   OBSERVED TIME   RECORD YEAR NORMAL DEPARTURE LAST
                VALUE   (LST)  VALUE       VALUE  FROM      YEAR
                                                  NORMAL
..................................................................
TEMPERATURE (F)
 YESTERDAY
  MAXIMUM         80    203 PM  84    2016  81     -1       84
                                      1957
  MINIMUM         72    723 AM  63    2001  71      1       73
  AVERAGE         76                        76      0       79

PRECIPITATION (IN)
  YESTERDAY        T             2.29 1996   0.16  -0.16     0.01
  MONTH TO DATE    0.75                      2.43  -1.68     0.06
  SINCE SEP 1      4.09                      8.37  -4.28     1.15
  SINCE JAN 1     21.79                     29.82  -8.03    11.89

SNOWFALL (IN)
  YESTERDAY        0.0
  MONTH TO DATE    0.0
  SINCE SEP 1      0.0
  SINCE JUL 1      0.0
  SNOW DEPTH      MM

DEGREE DAYS
 HEATING
  YESTERDAY        0                         0      0        0
  MONTH TO DATE    0                         0      0        0
  SINCE SEP 1      0                         0      0        0
  SINCE JUL 1      0                         0      0        0

 COOLING
  YESTERDAY       11                        11      0       14
  MONTH TO DATE  212                       183     29      189
  SINCE SEP 1   1118                      1024     94     1132
  SINCE JAN 1   3991                      3550    441     3791
..................................................................


WIND (MPH)
  HIGHEST WIND SPEED    25   HIGHEST WIND DIRECTION    NE (40)
  HIGHEST GUST SPEED    32   HIGHEST GUST DIRECTION    NE (60)
  AVERAGE WIND SPEED    19.2


SKY COVER
  POSSIBLE SUNSHINE  MM
  AVERAGE SKY COVER  MM


WEATHER CONDITIONS
 THE FOLLOWING WEATHER WAS RECORDED YESTERDAY.
  NO SIGNIFICANT WEATHER WAS OBSERVED.


RELATIVE HUMIDITY (PERCENT)
 HIGHEST    MM
 LOWEST     MM
 AVERAGE    MM

..........................................................


THE LIHUE HI CLIMATE NORMALS FOR TODAY
                         NORMAL    RECORD    YEAR
 MAXIMUM TEMPERATURE (F)   81        87      1997
 MINIMUM TEMPERATURE (F)   71        64      1967
                                             1950


SUNRISE AND SUNSET
NOVEMBER 17 2017......SUNRISE   651 AM HST   SUNSET   554 PM HST
NOVEMBER 18 2017......SUNRISE   651 AM HST   SUNSET   554 PM HST


-  INDICATES NEGATIVE NUMBERS.
R  INDICATES RECORD WAS SET OR TIED.
MM INDICATES DATA IS MISSING.
T  INDICATES TRACE AMOUNT.




$$
