000
CDHW41 PHFO 231236
CLILIH


CLIMATE REPORT
NATIONAL WEATHER SERVICE HONOLULU HI
226 AM HST SAT JUL 23 2016


...................................

...THE LIHUE HI CLIMATE SUMMARY FOR JULY 22 2016...

CLIMATE NORMAL PERIOD 1981 TO 2010
CLIMATE RECORD PERIOD 1946 TO 2016


WEATHER ITEM   OBSERVED TIME   RECORD YEAR NORMAL DEPARTURE LAST
                VALUE   (LST)  VALUE       VALUE  FROM      YEAR
                                                  NORMAL
..................................................................
TEMPERATURE (F)
 YESTERDAY
  MAXIMUM         85        MM  87    1982  84      1       86
                                      1963
  MINIMUM         74        MM  66    1955  74      0       78
  AVERAGE         80                        79      1       82

PRECIPITATION (IN)
  YESTERDAY        0.05          0.66 1997   0.06  -0.01      T
  MONTH TO DATE    1.31                      1.26   0.05     0.41
  SINCE JUN 1      2.39                      2.87  -0.48     1.39
  SINCE JAN 1      8.83                     18.71  -9.88     7.28

SNOWFALL (IN)
  YESTERDAY        0.0
  MONTH TO DATE    0.0
  SINCE JUN 1      0.0
  SINCE JUL 1      0.0
  SNOW DEPTH       0

DEGREE DAYS
 HEATING
  YESTERDAY        0                         0      0        0
  MONTH TO DATE    0                         0      0        0
  SINCE JUN 1      0                         0      0        0
  SINCE JUL 1      0                         0      0        0

 COOLING
  YESTERDAY       15                        14      1       17
  MONTH TO DATE  279                       308    -29      314
  SINCE JUN 1    624                       702    -78      723
  SINCE JAN 1   2026                      1941     85     2142
..................................................................


WIND (MPH)
  HIGHEST WIND SPEED    24   HIGHEST WIND DIRECTION    NE (40)
  HIGHEST GUST SPEED    33   HIGHEST GUST DIRECTION    NE (60)
  AVERAGE WIND SPEED    20.6


SKY COVER
  POSSIBLE SUNSHINE  MM
  AVERAGE SKY COVER 0.6


WEATHER CONDITIONS
 THE FOLLOWING WEATHER WAS RECORDED YESTERDAY.
  LIGHT RAIN


RELATIVE HUMIDITY (PERCENT)
 HIGHEST    87           200 AM
 LOWEST     55           100 PM
 AVERAGE    71

..........................................................


THE LIHUE HI CLIMATE NORMALS FOR TODAY
                         NORMAL    RECORD    YEAR
 MAXIMUM TEMPERATURE (F)   84        88      1981
 MINIMUM TEMPERATURE (F)   74        65      1955


SUNRISE AND SUNSET
JULY 23 2016..........SUNRISE   606 AM HST   SUNSET   721 PM HST
JULY 24 2016..........SUNRISE   607 AM HST   SUNSET   721 PM HST


-  INDICATES NEGATIVE NUMBERS.
R  INDICATES RECORD WAS SET OR TIED.
MM INDICATES DATA IS MISSING.
T  INDICATES TRACE AMOUNT.




$$
