000
CDUS44 KLZK 212211
CLILIT


CLIMATE REPORT
NATIONAL WEATHER SERVICE LITTLE ROCK AR
409 PM CST WED FEB 21 2018


...................................

...THE LITTLE ROCK ADAMS FIELD CLIMATE SUMMARY FOR FEBRUARY 21 2018...
VALID TODAY AS OF 0400 PM LOCAL TIME.

CLIMATE NORMAL PERIOD 1981 TO 2010
CLIMATE RECORD PERIOD 1874 TO 2018


WEATHER ITEM   OBSERVED TIME   RECORD YEAR NORMAL DEPARTURE LAST
                VALUE   (LST)  VALUE       VALUE  FROM      YEAR
                                                  NORMAL
..................................................................
TEMPERATURE (F)
 TODAY
  MAXIMUM         60   1232 AM  82    1980  57      3       62
  MINIMUM         43    159 PM  16    1968  36      7       57
                                      1963
  AVERAGE         52                        46      6       60

PRECIPITATION (IN)
  TODAY            2.36R         1.36 2015   0.14   2.22     0.62
  MONTH TO DATE    4.56                      2.66   1.90     3.16
  SINCE DEC 1     14.52                     11.18   3.34     9.02
  SINCE JAN 1      6.78                      6.21   0.57     4.63

SNOWFALL (IN)
  TODAY            0.0           2.1  1968   0.0    0.0      0.0
  MONTH TO DATE    0.0                       1.0   -1.0      0.0
  SINCE DEC 1      1.7                       2.8   -1.1      0.2
  SINCE JUL 1      1.7                       2.8   -1.1      0.2
  SNOW DEPTH       0

DEGREE DAYS
 HEATING
  TODAY           13                        19     -6        5
  MONTH TO DATE  433                       446    -13      261
  SINCE DEC 1   1960                      1878     82     1502
  SINCE JUL 1   2426                      2392     34     1841

 COOLING
  TODAY            0                         0      0        0
  MONTH TO DATE    9                         0      9        8
  SINCE DEC 1      9                         3      6       10
  SINCE JAN 1      9                         1      8        8
..................................................................


WIND (MPH)
  HIGHEST WIND SPEED    18   HIGHEST WIND DIRECTION    NE (40)
  HIGHEST GUST SPEED    23   HIGHEST GUST DIRECTION     N (360)
  AVERAGE WIND SPEED    11.3


SKY COVER
  POSSIBLE SUNSHINE  MM
  AVERAGE SKY COVER 0.9


WEATHER CONDITIONS
 THE FOLLOWING WEATHER WAS RECORDED TODAY.
  THUNDERSTORM
  HEAVY RAIN
  RAIN
  LIGHT RAIN
  FOG


RELATIVE HUMIDITY (PERCENT)
 HIGHEST   100           100 AM
 LOWEST     92          1100 AM
 AVERAGE    96

..........................................................


THE LITTLE ROCK ADAMS FIELD CLIMATE NORMALS FOR TOMORROW
                         NORMAL    RECORD    YEAR
 MAXIMUM TEMPERATURE (F)   57        76      1988
 MINIMUM TEMPERATURE (F)   36        10      1963


SUNRISE AND SUNSET
FEBRUARY 21 2018......SUNRISE   648 AM CST   SUNSET   558 PM CST
FEBRUARY 22 2018......SUNRISE   647 AM CST   SUNSET   559 PM CST


-  INDICATES NEGATIVE NUMBERS.
R  INDICATES RECORD WAS SET OR TIED.
MM INDICATES DATA IS MISSING.
T  INDICATES TRACE AMOUNT.




$$
