000
CDUS44 KLZK 120634
CLILIT


CLIMATE REPORT
NATIONAL WEATHER SERVICE LITTLE ROCK AR
1233 AM CST TUE DEC 12 2017


...................................

...THE LITTLE ROCK ADAMS FIELD CLIMATE SUMMARY FOR DECEMBER 11 2017...

CLIMATE NORMAL PERIOD 1981 TO 2010
CLIMATE RECORD PERIOD 1874 TO 2017


WEATHER ITEM   OBSERVED TIME   RECORD YEAR NORMAL DEPARTURE LAST
                VALUE   (LST)  VALUE       VALUE  FROM      YEAR
                                                  NORMAL
..................................................................
TEMPERATURE (F)
 YESTERDAY
  MAXIMUM         72    226 PM  78    1996  53     19       59
  MINIMUM         34    605 AM  11    1917  34      0       41
  AVERAGE         53                        44      9       50

PRECIPITATION (IN)
  YESTERDAY        0.00          2.95 1884   0.17  -0.17     0.37
  MONTH TO DATE    0.86                      1.92  -1.06     1.36
  SINCE DEC 1      0.86                      1.92  -1.06     1.36
  SINCE JAN 1     40.39                     46.70  -6.31    53.09

SNOWFALL (IN)
  YESTERDAY        0.0           0.6  1917   0.0    0.0      0.0
  MONTH TO DATE    0.0                       0.0    0.0      0.0
  SINCE DEC 1      0.0                       0.0    0.0      0.0
  SINCE JUL 1      T                         T      0.0      0.0
  SNOW DEPTH       0

DEGREE DAYS
 HEATING
  YESTERDAY       12                        21     -9       15
  MONTH TO DATE  191                       219    -28      254
  SINCE DEC 1    191                       219    -28      254
  SINCE JUL 1    657                       733    -76      593

 COOLING
  YESTERDAY        0                         0      0        0
  MONTH TO DATE    0                         0      0        0
  SINCE DEC 1      0                         0      0        0
  SINCE JAN 1   2028                      2204   -176     2650
..................................................................


WIND (MPH)
  HIGHEST WIND SPEED    21   HIGHEST WIND DIRECTION    SW (230)
  HIGHEST GUST SPEED    25   HIGHEST GUST DIRECTION    SW (230)
  AVERAGE WIND SPEED     8.3


SKY COVER
  POSSIBLE SUNSHINE  MM
  AVERAGE SKY COVER 0.1


WEATHER CONDITIONS
 THE FOLLOWING WEATHER WAS RECORDED YESTERDAY.
  NO SIGNIFICANT WEATHER WAS OBSERVED.


RELATIVE HUMIDITY (PERCENT)
 HIGHEST    82           300 AM
 LOWEST     17           200 PM
 AVERAGE    50

..........................................................


THE LITTLE ROCK ADAMS FIELD CLIMATE NORMALS FOR TODAY
                         NORMAL    RECORD    YEAR
 MAXIMUM TEMPERATURE (F)   53        76      2015
                                             1948
 MINIMUM TEMPERATURE (F)   34         8      1962


SUNRISE AND SUNSET
DECEMBER 12 2017......SUNRISE   707 AM CST   SUNSET   459 PM CST
DECEMBER 13 2017......SUNRISE   708 AM CST   SUNSET   459 PM CST


-  INDICATES NEGATIVE NUMBERS.
R  INDICATES RECORD WAS SET OR TIED.
MM INDICATES DATA IS MISSING.
T  INDICATES TRACE AMOUNT.




$$
