000
CDUS44 KLZK 250639
CLILIT


CLIMATE REPORT
NATIONAL WEATHER SERVICE LITTLE ROCK AR
1238 AM CST SAT FEB 25 2017


...................................

...THE LITTLE ROCK ADAMS FIELD CLIMATE SUMMARY FOR FEBRUARY 24 2017...

CLIMATE NORMAL PERIOD 1981 TO 2010
CLIMATE RECORD PERIOD 1874 TO 2017


WEATHER ITEM   OBSERVED TIME   RECORD YEAR NORMAL DEPARTURE LAST
                VALUE   (LST)  VALUE       VALUE  FROM      YEAR
                                                  NORMAL
..................................................................
TEMPERATURE (F)
 YESTERDAY
  MAXIMUM         70   1258 PM  78    1918  58     12       50
                                      1891
                                      1890
  MINIMUM         47   1159 PM  17    1889  37     10       35
  AVERAGE         59                        47     12       43

PRECIPITATION (IN)
  YESTERDAY        0.00          2.06 1957   0.14  -0.14     0.19
  MONTH TO DATE    3.16                      3.08   0.08     2.14
  SINCE DEC 1      9.02                     11.60  -2.58    14.07
  SINCE JAN 1      4.63                      6.63  -2.00     5.69

SNOWFALL (IN)
  YESTERDAY        0.0           4.0  1960   0.1   -0.1      0.0
  MONTH TO DATE    0.0                       1.2   -1.2      0.0
  SINCE DEC 1      0.2                       3.0   -2.8      5.7
  SINCE JUL 1      0.2                       3.0   -2.8      5.7
  SNOW DEPTH       0

DEGREE DAYS
 HEATING
  YESTERDAY        6                        18    -12       22
  MONTH TO DATE  277                       500   -223      382
  SINCE DEC 1   1518                      1932   -414     1494
  SINCE JUL 1   1857                      2446   -589     1818

 COOLING
  YESTERDAY        0                         0      0        0
  MONTH TO DATE    8                         0      8        5
  SINCE DEC 1     10                         3      7       17
  SINCE JAN 1      8                         1      7        6
..................................................................


WIND (MPH)
  HIGHEST WIND SPEED    24   HIGHEST WIND DIRECTION    NW (310)
  HIGHEST GUST SPEED    32   HIGHEST GUST DIRECTION     W (290)
  AVERAGE WIND SPEED    14.2


SKY COVER
  POSSIBLE SUNSHINE  MM
  AVERAGE SKY COVER 0.4


WEATHER CONDITIONS
 THE FOLLOWING WEATHER WAS RECORDED YESTERDAY.
  NO SIGNIFICANT WEATHER WAS OBSERVED.


RELATIVE HUMIDITY (PERCENT)
 HIGHEST    93           700 AM
 LOWEST     37           500 PM
 AVERAGE    65

..........................................................


THE LITTLE ROCK ADAMS FIELD CLIMATE NORMALS FOR TODAY
                         NORMAL    RECORD    YEAR
 MAXIMUM TEMPERATURE (F)   58        87      1918
 MINIMUM TEMPERATURE (F)   37        16      1965


SUNRISE AND SUNSET
FEBRUARY 25 2017......SUNRISE   643 AM CST   SUNSET   602 PM CST
FEBRUARY 26 2017......SUNRISE   641 AM CST   SUNSET   602 PM CST


-  INDICATES NEGATIVE NUMBERS.
R  INDICATES RECORD WAS SET OR TIED.
MM INDICATES DATA IS MISSING.
T  INDICATES TRACE AMOUNT.




$$
