000
CDUS45 KPIH 280735
CLILLJ


CLIMATE REPORT
NATIONAL WEATHER SERVICE POCATELLO ID
133 AM MDT THU JUL 28 2016


...................................

...THE CHALLIS ID CLIMATE SUMMARY FOR JULY 27 2016...

CLIMATE NORMAL PERIOD 1981 TO 2010
CLIMATE RECORD PERIOD 1898 TO 2016


WEATHER ITEM   OBSERVED TIME   RECORD YEAR NORMAL DEPARTURE LAST
                VALUE   (LST)  VALUE       VALUE  FROM      YEAR
                                                  NORMAL
..................................................................
TEMPERATURE (F)
 YESTERDAY
  MAXIMUM         94    424 PM 100    1928  88      6       66
  MINIMUM         49    533 AM  39    1918  52     -3       43
  AVERAGE         72                        70      2       55

PRECIPITATION (IN)
  YESTERDAY        0.00          0.30 2015   0.03  -0.03     0.30
  MONTH TO DATE    0.02                      0.73  -0.71     0.98
  SINCE OCT 1      5.64                      8.43  -2.79     5.28
  SINCE JAN 1      3.30                      6.50  -3.20     3.49

SNOWFALL (IN)
  YESTERDAY       MM
  MONTH TO DATE   MM
  SINCE JUN 1     MM
  SINCE JUL 1     MM
  SNOW DEPTH      MM

DEGREE DAYS
 HEATING
  YESTERDAY        0                         0      0       10
  MONTH TO DATE   28                        18     10       21
  SINCE JUN 1    101                       183    -82       68
  SINCE JUL 1     28                        18     10       21

 COOLING
  YESTERDAY        7                         5      2        0
  MONTH TO DATE   94                       110    -16       81
  SINCE JUN 1    159                       132     27      190
  SINCE JAN 1    159                       134     25      193
..................................................................


WIND (MPH)
  HIGHEST WIND SPEED    17   HIGHEST WIND DIRECTION     W (260)
  HIGHEST GUST SPEED    23   HIGHEST GUST DIRECTION    SW (240)
  AVERAGE WIND SPEED     3.8


SKY COVER
  POSSIBLE SUNSHINE  MM
  AVERAGE SKY COVER 0.0


WEATHER CONDITIONS
 THE FOLLOWING WEATHER WAS RECORDED YESTERDAY.
  HAZE


RELATIVE HUMIDITY (PERCENT)
 HIGHEST    68           600 AM
 LOWEST     10           400 PM
 AVERAGE    39

..........................................................


THE CHALLIS ID CLIMATE NORMALS FOR TODAY
                         NORMAL    RECORD    YEAR
 MAXIMUM TEMPERATURE (F)   88        99      2006
 MINIMUM TEMPERATURE (F)   52        37      1948


SUNRISE AND SUNSET
JULY 28 2016..........SUNRISE   620 AM MDT   SUNSET   906 PM MDT
JULY 29 2016..........SUNRISE   621 AM MDT   SUNSET   905 PM MDT


-  INDICATES NEGATIVE NUMBERS.
R  INDICATES RECORD WAS SET OR TIED.
MM INDICATES DATA IS MISSING.
T  INDICATES TRACE AMOUNT.




$$
