552
CDUS45 KPIH 200749
CLILLJ


CLIMATE REPORT
NATIONAL WEATHER SERVICE POCATELLO ID
1248 AM MST MON FEB 20 2017


...................................

...THE CHALLIS ID CLIMATE SUMMARY FOR FEBRUARY 19 2017...

CLIMATE NORMAL PERIOD 1981 TO 2010
CLIMATE RECORD PERIOD 1898 TO 2017


WEATHER ITEM   OBSERVED TIME   RECORD YEAR NORMAL DEPARTURE LAST
                VALUE   (LST)  VALUE       VALUE  FROM      YEAR
                                                  NORMAL
..................................................................
TEMPERATURE (F)
 YESTERDAY
  MAXIMUM         46   1200 PM  60    1981  37      9       48
  MINIMUM         30    810 PM -17    1942  15     15       31
  AVERAGE         38                        26     12       40

PRECIPITATION (IN)
  YESTERDAY        T             0.28 1931   0.02  -0.02      T
  MONTH TO DATE    0.59                      0.40   0.19     0.08
  SINCE OCT 1      5.50                      2.84   2.66     2.98
  SINCE JAN 1      2.09                      0.91   1.18     0.64

SNOWFALL (IN)
  YESTERDAY       MM
  MONTH TO DATE   MM
  SINCE DEC 1     MM
  SINCE JUL 1     MM
  SNOW DEPTH      MM

DEGREE DAYS
 HEATING
  YESTERDAY       27                        39    -12       25
  MONTH TO DATE  704                       794    -90      778
  SINCE DEC 1   4305                      3673    632     3750
  SINCE JUL 1   6092                      5716    376     5616

 COOLING
  YESTERDAY        0                         0      0        0
  MONTH TO DATE    0                         0      0        0
  SINCE DEC 1      0                         0      0        0
  SINCE JAN 1      0                         0      0        0
..................................................................


WIND (MPH)
  HIGHEST WIND SPEED    23   HIGHEST WIND DIRECTION     W (260)
  HIGHEST GUST SPEED    27   HIGHEST GUST DIRECTION     W (250)
  AVERAGE WIND SPEED     4.3


SKY COVER
  POSSIBLE SUNSHINE  MM
  AVERAGE SKY COVER 0.8


WEATHER CONDITIONS
 THE FOLLOWING WEATHER WAS RECORDED YESTERDAY.
  LIGHT SNOW
  FOG


RELATIVE HUMIDITY (PERCENT)
 HIGHEST   100           300 AM
 LOWEST     40           200 PM
 AVERAGE    70

..........................................................


THE CHALLIS ID CLIMATE NORMALS FOR TODAY
                         NORMAL    RECORD    YEAR
 MAXIMUM TEMPERATURE (F)   37        59      1995
 MINIMUM TEMPERATURE (F)   15       -15      1937


SUNRISE AND SUNSET
FEBRUARY 20 2017......SUNRISE   729 AM MST   SUNSET   613 PM MST
FEBRUARY 21 2017......SUNRISE   727 AM MST   SUNSET   614 PM MST


-  INDICATES NEGATIVE NUMBERS.
R  INDICATES RECORD WAS SET OR TIED.
MM INDICATES DATA IS MISSING.
T  INDICATES TRACE AMOUNT.




$$
