000
CDUS46 KMFR 200835
CLILMT


CLIMATE REPORT
NATIONAL WEATHER SERVICE MEDFORD, OR
135 AM PDT THU JUL 20 2017


...................................

...THE KLAMATH FALLS OR CLIMATE SUMMARY FOR JULY 19 2017...

CLIMATE NORMAL PERIOD 1981 TO 2010
CLIMATE RECORD PERIOD 1928 TO 2017


WEATHER ITEM   OBSERVED TIME   RECORD YEAR NORMAL DEPARTURE LAST
                VALUE   (LST)  VALUE       VALUE  FROM      YEAR
                                                  NORMAL
..................................................................
TEMPERATURE (F)
 YESTERDAY
  MAXIMUM         84    337 PM  98    1979  85     -1       77
  MINIMUM         45    500 AM  40    1983  49     -4       44
  AVERAGE         65                        67     -2       61

PRECIPITATION (IN)
  YESTERDAY        0.00          0.53 1944   0.02  -0.02     0.00
  MONTH TO DATE    0.00                      0.37  -0.37     0.42
  SINCE OCT 1     11.26                     13.89  -2.63    11.64
  SINCE JAN 1      6.51                      9.20  -2.69     7.11

SNOWFALL (IN)
  YESTERDAY       MM                        MM     MM       MM
  MONTH TO DATE   MM                        MM     MM       MM
  SINCE JUL 1     MM                        MM     MM       MM
  SNOW DEPTH      MM

DEGREE DAYS
 HEATING
  YESTERDAY        0                         1     -1        4
  MONTH TO DATE    0                        35    -35       66
  SINCE JUN 1    167                       252    -85      234
  SINCE JUL 1      0                        35    -35       66

 COOLING
  YESTERDAY        0                         3     -3        0
  MONTH TO DATE   68                        42     26       15
  SINCE JUN 1    131                        53     78       64
  SINCE JAN 1    134                        54     80       64
..................................................................


WIND (MPH)
  HIGHEST WIND SPEED    17   HIGHEST WIND DIRECTION     W (290)
  HIGHEST GUST SPEED    21   HIGHEST GUST DIRECTION    NW (300)
  AVERAGE WIND SPEED     5.8


SKY COVER
  POSSIBLE SUNSHINE  MM
  AVERAGE SKY COVER 0.0


WEATHER CONDITIONS
 THE FOLLOWING WEATHER WAS RECORDED YESTERDAY.
  FOG


RELATIVE HUMIDITY (PERCENT)
 HIGHEST    93           400 AM
 LOWEST     20           400 PM

..........................................................


THE KLAMATH FALLS OR CLIMATE NORMALS FOR TODAY
                         NORMAL    RECORD    YEAR
 MAXIMUM TEMPERATURE (F)   85        98      1988
 MINIMUM TEMPERATURE (F)   49        39      1983


SUNRISE AND SUNSET
JULY 20 2017..........SUNRISE   549 AM PDT   SUNSET   837 PM PDT
JULY 21 2017..........SUNRISE   550 AM PDT   SUNSET   836 PM PDT


-  INDICATES NEGATIVE NUMBERS.
R  INDICATES RECORD WAS SET OR TIED.
MM INDICATES DATA IS MISSING.
T  INDICATES TRACE AMOUNT.




$$
