000
CDUS46 KMFR 210907
CLILMT


CLIMATE REPORT
NATIONAL WEATHER SERVICE MEDFORD, OR
107 AM PST WED FEB 21 2018


...................................

...THE KLAMATH FALLS OR CLIMATE SUMMARY FOR FEBRUARY 20 2018...

CLIMATE NORMAL PERIOD 1981 TO 2010
CLIMATE RECORD PERIOD 1928 TO 2018


WEATHER ITEM   OBSERVED TIME   RECORD YEAR NORMAL DEPARTURE LAST
                VALUE   (LST)  VALUE       VALUE  FROM      YEAR
                                                  NORMAL
..................................................................
TEMPERATURE (F)
 YESTERDAY
  MAXIMUM         32    317 PM  66    1995  46    -14       50
  MINIMUM          8    440 AM   5    1990  25    -17       36
  AVERAGE         20                        35    -15       43

PRECIPITATION (IN)
  YESTERDAY        0.00          0.32 1956   0.07  -0.07     0.22
  MONTH TO DATE    0.09                      1.38  -1.29     1.76
  SINCE OCT 1      3.00                      7.92  -4.92     7.86
  SINCE JAN 1      0.75                      3.23  -2.48     3.11

SNOWFALL (IN)
  YESTERDAY       MM                        MM     MM       MM
  MONTH TO DATE   MM                        MM     MM       MM
  SINCE JUL 1     MM                        MM     MM       MM
  SNOW DEPTH      MM

DEGREE DAYS
 HEATING
  YESTERDAY       45                        30     15       22
  MONTH TO DATE  606                       630    -24      516
  SINCE DEC 1   2540                      2808   -268     2896
  SINCE JUL 1   4126                      4610   -484     4556

 COOLING
  YESTERDAY        0                         0      0        0
  MONTH TO DATE    0                         0      0        0
  SINCE DEC 1      0                         0      0        0
  SINCE JAN 1      0                         0      0        0
..................................................................


WIND (MPH)
  HIGHEST WIND SPEED    10   HIGHEST WIND DIRECTION     S (170)
  HIGHEST GUST SPEED    14   HIGHEST GUST DIRECTION     S (190)
  AVERAGE WIND SPEED     3.5


SKY COVER
  POSSIBLE SUNSHINE  MM
  AVERAGE SKY COVER 0.7


WEATHER CONDITIONS
 THE FOLLOWING WEATHER WAS RECORDED YESTERDAY.
  NO SIGNIFICANT WEATHER WAS OBSERVED.


RELATIVE HUMIDITY (PERCENT)
 HIGHEST    92           100 AM
 LOWEST     47           300 PM

..........................................................


THE KLAMATH FALLS OR CLIMATE NORMALS FOR TODAY
                         NORMAL    RECORD    YEAR
 MAXIMUM TEMPERATURE (F)   46        67      1995
 MINIMUM TEMPERATURE (F)   25         4      1952


SUNRISE AND SUNSET
FEBRUARY 21 2018......SUNRISE   654 AM PST   SUNSET   547 PM PST
FEBRUARY 22 2018......SUNRISE   653 AM PST   SUNSET   549 PM PST


-  INDICATES NEGATIVE NUMBERS.
R  INDICATES RECORD WAS SET OR TIED.
MM INDICATES DATA IS MISSING.
T  INDICATES TRACE AMOUNT.




$$
