486
CDUS46 KMFR 260835
CLILMT


CLIMATE REPORT
NATIONAL WEATHER SERVICE MEDFORD, OR
135 AM PDT FRI MAY 26 2017


...................................

...THE KLAMATH FALLS OR CLIMATE SUMMARY FOR MAY 25 2017...

CLIMATE NORMAL PERIOD 1981 TO 2010
CLIMATE RECORD PERIOD 1928 TO 2017


WEATHER ITEM   OBSERVED TIME   RECORD YEAR NORMAL DEPARTURE LAST
                VALUE   (LST)  VALUE       VALUE  FROM      YEAR
                                                  NORMAL
..................................................................
TEMPERATURE (F)
 YESTERDAY
  MAXIMUM         73    222 PM  87    1982  68      5       67
  MINIMUM         32    438 AM  24    1975  38     -6       36
  AVERAGE         53                        53      0       52

PRECIPITATION (IN)
  YESTERDAY        0.00          0.58 1993   0.02  -0.02     0.00
  MONTH TO DATE    0.10                      1.28  -1.18     0.81
  SINCE OCT 1     10.78                     12.38  -1.60    10.40
  SINCE JAN 1      6.03                      7.69  -1.66     5.87

SNOWFALL (IN)
  YESTERDAY       MM                        MM     MM       MM
  MONTH TO DATE   MM                        MM     MM       MM
  SINCE JUL 1     MM                        MM     MM       MM
  SNOW DEPTH      MM

DEGREE DAYS
 HEATING
  YESTERDAY       12                        12      0       13
  MONTH TO DATE  331                       369    -38      306
  SINCE MAR 1   1712                      1847   -135     1531
  SINCE JUL 1   6550                      6688   -138     6021

 COOLING
  YESTERDAY        0                         0      0        0
  MONTH TO DATE    3                         0      3        0
  SINCE MAR 1      3                         0      3        0
  SINCE JAN 1      3                         0      3        0
..................................................................


WIND (MPH)
  HIGHEST WIND SPEED    21   HIGHEST WIND DIRECTION     N (340)
  HIGHEST GUST SPEED    26   HIGHEST GUST DIRECTION     N (360)
  AVERAGE WIND SPEED     7.2


SKY COVER
  POSSIBLE SUNSHINE  MM
  AVERAGE SKY COVER 0.0


WEATHER CONDITIONS
 THE FOLLOWING WEATHER WAS RECORDED YESTERDAY.
  NO SIGNIFICANT WEATHER WAS OBSERVED.


RELATIVE HUMIDITY (PERCENT)
 HIGHEST    96           400 AM
 LOWEST     22           400 PM

..........................................................


THE KLAMATH FALLS OR CLIMATE NORMALS FOR TODAY
                         NORMAL    RECORD    YEAR
 MAXIMUM TEMPERATURE (F)   68        88      1983
 MINIMUM TEMPERATURE (F)   38        29      1989


SUNRISE AND SUNSET
MAY 26 2017...........SUNRISE   537 AM PDT   SUNSET   832 PM PDT
MAY 27 2017...........SUNRISE   536 AM PDT   SUNSET   833 PM PDT


-  INDICATES NEGATIVE NUMBERS.
R  INDICATES RECORD WAS SET OR TIED.
MM INDICATES DATA IS MISSING.
T  INDICATES TRACE AMOUNT.




$$
