000
CDUS46 KMFR 220836
CLILMT


CLIMATE REPORT
NATIONAL WEATHER SERVICE MEDFORD, OR
1235 AM PST WED FEB 22 2017


...................................

...THE KLAMATH FALLS OR CLIMATE SUMMARY FOR FEBRUARY 21 2017...

CLIMATE NORMAL PERIOD 1981 TO 2010
CLIMATE RECORD PERIOD 1928 TO 2017


WEATHER ITEM   OBSERVED TIME   RECORD YEAR NORMAL DEPARTURE LAST
                VALUE   (LST)  VALUE       VALUE  FROM      YEAR
                                                  NORMAL
..................................................................
TEMPERATURE (F)
 YESTERDAY
  MAXIMUM         44    314 PM  67    1995  46     -2       48
  MINIMUM         31   1159 PM   4    1952  25      6       21
  AVERAGE         38                        36      2       35

PRECIPITATION (IN)
  YESTERDAY        0.03          0.97 1982   0.07  -0.04      T
  MONTH TO DATE    1.79                      1.45   0.34     0.14
  SINCE OCT 1      7.89                      7.99  -0.10     6.93
  SINCE JAN 1      3.14                      3.30  -0.16     2.40

SNOWFALL (IN)
  YESTERDAY       MM                        MM     MM       MM
  MONTH TO DATE   MM                        MM     MM       MM
  SINCE JUL 1     MM                        MM     MM       MM
  SNOW DEPTH      MM

DEGREE DAYS
 HEATING
  YESTERDAY       27                        29     -2       30
  MONTH TO DATE  543                       659   -116      540
  SINCE DEC 1   2923                      2837     86     2703
  SINCE JUL 1   4583                      4639    -56     4291

 COOLING
  YESTERDAY        0                         0      0        0
  MONTH TO DATE    0                         0      0        0
  SINCE DEC 1      0                         0      0        0
  SINCE JAN 1      0                         0      0        0
..................................................................


WIND (MPH)
  HIGHEST WIND SPEED    37   HIGHEST WIND DIRECTION    SW (210)
  HIGHEST GUST SPEED    45   HIGHEST GUST DIRECTION    SW (210)
  AVERAGE WIND SPEED    13.8


SKY COVER
  POSSIBLE SUNSHINE  MM
  AVERAGE SKY COVER 0.5


WEATHER CONDITIONS
 THE FOLLOWING WEATHER WAS RECORDED YESTERDAY.
  LIGHT RAIN
  FOG


RELATIVE HUMIDITY (PERCENT)
 HIGHEST    85          1200 AM
 LOWEST     49           300 PM

..........................................................


THE KLAMATH FALLS OR CLIMATE NORMALS FOR TODAY
                         NORMAL    RECORD    YEAR
 MAXIMUM TEMPERATURE (F)   47        67      1995
 MINIMUM TEMPERATURE (F)   25        13      2007


SUNRISE AND SUNSET
FEBRUARY 22 2017......SUNRISE   652 AM PST   SUNSET   549 PM PST
FEBRUARY 23 2017......SUNRISE   651 AM PST   SUNSET   550 PM PST


-  INDICATES NEGATIVE NUMBERS.
R  INDICATES RECORD WAS SET OR TIED.
MM INDICATES DATA IS MISSING.
T  INDICATES TRACE AMOUNT.




$$
