000
CDUS45 KRIW 190734
CLILND


CLIMATE REPORT
NATIONAL WEATHER SERVICE RIVERTON WY
133 AM MDT THU OCT 19 2017


...................................

...THE LANDER WY CLIMATE SUMMARY FOR OCTOBER 18 2017...

CLIMATE NORMAL PERIOD 1981 TO 2010
CLIMATE RECORD PERIOD 1891 TO 2017


WEATHER ITEM   OBSERVED TIME   RECORD YEAR NORMAL DEPARTURE LAST
                VALUE   (LST)  VALUE       VALUE  FROM      YEAR
                                                  NORMAL
..................................................................
TEMPERATURE (F)
 YESTERDAY
  MAXIMUM         71    338 PM  80    1958  58     13       55
  MINIMUM         38    652 AM   9    1917  32      6       28
  AVERAGE         55                        45     10       42

PRECIPITATION (IN)
  YESTERDAY        0.00          0.74 1932   0.04  -0.04     0.00
  MONTH TO DATE    1.04                      0.81   0.23     0.95
  SINCE SEP 1      1.30                      1.86  -0.56     2.63
  SINCE JAN 1     14.48                     10.74   3.74    18.87

SNOWFALL (IN)
  YESTERDAY        0.0                       0.3   -0.3      0.0
  MONTH TO DATE    4.5                       5.1   -0.6      0.0
  SINCE SEP 1      4.5                       7.8   -3.3      0.0
  SINCE JUL 1      4.5                       7.8   -3.3      0.0
  SNOW DEPTH       0

DEGREE DAYS
 HEATING
  YESTERDAY       10                        20    -10       23
  MONTH TO DATE  371                       305     66      266
  SINCE SEP 1    494                       524    -30      467
  SINCE JUL 1    494                       564    -70      519

 COOLING
  YESTERDAY        0                         0      0        0
  MONTH TO DATE    0                         0      0        0
  SINCE SEP 1      0                        27    -27       34
  SINCE JAN 1    292                       472   -180      562
..................................................................


WIND (MPH)
  HIGHEST WIND SPEED    16   HIGHEST WIND DIRECTION     W (250)
  HIGHEST GUST SPEED    20   HIGHEST GUST DIRECTION    NW (300)
  AVERAGE WIND SPEED     6.7


SKY COVER
  POSSIBLE SUNSHINE  MM
  AVERAGE SKY COVER 0.0


WEATHER CONDITIONS
 THE FOLLOWING WEATHER WAS RECORDED YESTERDAY.
  NO SIGNIFICANT WEATHER WAS OBSERVED.


RELATIVE HUMIDITY (PERCENT)
 HIGHEST    48           700 AM
 LOWEST     12           300 PM
 AVERAGE    30

..........................................................


THE LANDER WY CLIMATE NORMALS FOR TODAY
                         NORMAL    RECORD    YEAR
 MAXIMUM TEMPERATURE (F)   57        77      1947
 MINIMUM TEMPERATURE (F)   32         7      1916


SUNRISE AND SUNSET
OCTOBER 19 2017.......SUNRISE   733 AM MDT   SUNSET   626 PM MDT
OCTOBER 20 2017.......SUNRISE   735 AM MDT   SUNSET   624 PM MDT


-  INDICATES NEGATIVE NUMBERS.
R  INDICATES RECORD WAS SET OR TIED.
MM INDICATES DATA IS MISSING.
T  INDICATES TRACE AMOUNT.




$$
