000
CDUS45 KRIW 270733
CLILND


CLIMATE REPORT
NATIONAL WEATHER SERVICE RIVERTON WY
133 AM MDT SAT AUG 27 2016


...................................

...THE LANDER WY CLIMATE SUMMARY FOR AUGUST 26 2016...

CLIMATE NORMAL PERIOD 1981 TO 2010
CLIMATE RECORD PERIOD 1891 TO 2016


WEATHER ITEM   OBSERVED TIME   RECORD YEAR NORMAL DEPARTURE LAST
                VALUE   (LST)  VALUE       VALUE  FROM      YEAR
                                                  NORMAL
..................................................................
TEMPERATURE (F)
 YESTERDAY
  MAXIMUM         70    254 PM  95    2010  83    -13       86
  MINIMUM         42    520 AM  30    1910  52    -10       58
  AVERAGE         56                        67    -11       72

PRECIPITATION (IN)
  YESTERDAY        T             0.88 1933   0.01  -0.01     0.01
  MONTH TO DATE    0.52                      0.52   0.00     0.50
  SINCE JUN 1      1.09                      2.57  -1.48     1.80
  SINCE JAN 1     16.24                      8.79   7.45    12.32

SNOWFALL (IN)
  YESTERDAY        0.0                       0.0    0.0      0.0
  MONTH TO DATE    0.0                       0.0    0.0      0.0
  SINCE JUN 1      0.0                       0.1   -0.1      0.0
  SINCE JUL 1      0.0                       0.0    0.0      0.0
  SNOW DEPTH       0

DEGREE DAYS
 HEATING
  YESTERDAY        9                         1      8        0
  MONTH TO DATE   46                        14     32       22
  SINCE JUN 1     72                       156    -84       71
  SINCE JUL 1     50                        30     20       40

 COOLING
  YESTERDAY        0                         4     -4        7
  MONTH TO DATE  132                       151    -19      156
  SINCE JUN 1    504                       423     81      402
  SINCE JAN 1    504                       428     76      402
..................................................................


WIND (MPH)
  HIGHEST WIND SPEED    25   HIGHEST WIND DIRECTION     W (270)
  HIGHEST GUST SPEED    34   HIGHEST GUST DIRECTION     W (270)
  AVERAGE WIND SPEED     6.2


SKY COVER
  POSSIBLE SUNSHINE  MM
  AVERAGE SKY COVER 0.1


WEATHER CONDITIONS
 THE FOLLOWING WEATHER WAS RECORDED YESTERDAY.
  LIGHT RAIN


RELATIVE HUMIDITY (PERCENT)
 HIGHEST    83           300 AM
 LOWEST     42           100 PM
 AVERAGE    63

..........................................................


THE LANDER WY CLIMATE NORMALS FOR TODAY
                         NORMAL    RECORD    YEAR
 MAXIMUM TEMPERATURE (F)   82        95      2011
 MINIMUM TEMPERATURE (F)   52        36      1903


SUNRISE AND SUNSET
AUGUST 27 2016........SUNRISE   635 AM MDT   SUNSET   757 PM MDT
AUGUST 28 2016........SUNRISE   636 AM MDT   SUNSET   755 PM MDT


-  INDICATES NEGATIVE NUMBERS.
R  INDICATES RECORD WAS SET OR TIED.
MM INDICATES DATA IS MISSING.
T  INDICATES TRACE AMOUNT.




$$
