000
CDUS45 KRIW 250738
CLILND


CLIMATE REPORT
NATIONAL WEATHER SERVICE RIVERTON WY
137 AM MDT MON MAY 25 2015


...................................

...THE LANDER WY CLIMATE SUMMARY FOR MAY 24 2015...

CLIMATE NORMAL PERIOD 1981 TO 2010
CLIMATE RECORD PERIOD 1891 TO 2015


WEATHER ITEM   OBSERVED TIME   RECORD YEAR NORMAL DEPARTURE LAST
                VALUE   (LST)  VALUE       VALUE  FROM      YEAR
                                                  NORMAL
..................................................................
TEMPERATURE (F)
 YESTERDAY
  MAXIMUM         50    713 PM  85    1985  69    -19       75
  MINIMUM         42    722 AM  29    2007  42      0       48
  AVERAGE         46                        56    -10       62

PRECIPITATION (IN)
  YESTERDAY        1.33          1.98 1898   0.08   1.25     0.01
  MONTH TO DATE    5.64                      1.75   3.89     1.50
  SINCE MAR 1      8.50                      4.78   3.72     3.38
  SINCE JAN 1     10.06                      5.77   4.29     4.18

SNOWFALL (IN)
  YESTERDAY        0.0                       0.0    0.0      0.0
  MONTH TO DATE    0.8                       4.6   -3.8      2.2
  SINCE MAR 1     20.0                      37.5  -17.5     20.4
  SINCE JUL 1     73.9                      91.1  -17.2     75.7
  SNOW DEPTH       0

DEGREE DAYS
 HEATING
  YESTERDAY       19                         9     10        3
  MONTH TO DATE  399                       309     90      320
  SINCE MAR 1   1757                      1859   -102     1836
  SINCE JUL 1   6881                      7563   -682     7572

 COOLING
  YESTERDAY        0                         0      0        0
  MONTH TO DATE    0                         0      0        2
  SINCE MAR 1      0                         0      0        2
  SINCE JAN 1      0                         0      0        2
..................................................................


WIND (MPH)
  HIGHEST WIND SPEED    16   HIGHEST WIND DIRECTION    NW (310)
  HIGHEST GUST SPEED    21   HIGHEST GUST DIRECTION    NW (310)
  AVERAGE WIND SPEED     6.9


SKY COVER
  POSSIBLE SUNSHINE  MM
  AVERAGE SKY COVER 1.0


WEATHER CONDITIONS
 THE FOLLOWING WEATHER WAS RECORDED YESTERDAY.
  RAIN
  LIGHT RAIN
  FOG


RELATIVE HUMIDITY (PERCENT)
 HIGHEST    93           200 PM
 LOWEST     71           500 PM
 AVERAGE    82

..........................................................


THE LANDER WY CLIMATE NORMALS FOR TODAY
                         NORMAL    RECORD    YEAR
 MAXIMUM TEMPERATURE (F)   69        86      2006
                                             1969
 MINIMUM TEMPERATURE (F)   43        27      1893


SUNRISE AND SUNSET
MAY 25 2015...........SUNRISE   544 AM MDT   SUNSET   841 PM MDT
MAY 26 2015...........SUNRISE   543 AM MDT   SUNSET   842 PM MDT


-  INDICATES NEGATIVE NUMBERS.
R  INDICATES RECORD WAS SET OR TIED.
MM INDICATES DATA IS MISSING.
T  INDICATES TRACE AMOUNT.




$$
