000
CDUS45 KRIW 230735
CLILND


CLIMATE REPORT
NATIONAL WEATHER SERVICE RIVERTON WY
127 AM MDT SAT AUG 23 2014


...................................

...THE LANDER WY CLIMATE SUMMARY FOR AUGUST 22 2014...

CLIMATE NORMAL PERIOD 1981 TO 2010
CLIMATE RECORD PERIOD 1891 TO 2014


WEATHER ITEM   OBSERVED TIME   RECORD YEAR NORMAL DEPARTURE LAST
                VALUE   (LST)  VALUE       VALUE  FROM      YEAR
                                                  NORMAL
..................................................................
TEMPERATURE (F)
 YESTERDAY
  MAXIMUM         71    334 PM  96    2009  84    -13       89
  MINIMUM         49    527 AM  31    1904  53     -4       56
  AVERAGE         60                        69     -9       73

PRECIPITATION (IN)
  YESTERDAY        0.21          0.40 1957   0.01   0.20      T
  MONTH TO DATE    1.03                      0.46   0.57     0.01
  SINCE JUN 1      2.25                      2.51  -0.26     0.34
  SINCE JAN 1      6.44                      8.73  -2.29     7.86

SNOWFALL (IN)
  YESTERDAY        0.0                       0.0    0.0      0.0
  MONTH TO DATE    0.0                       0.0    0.0      0.0
  SINCE JUN 1      0.0                       0.1   -0.1      0.0
  SINCE JUL 1      0.0                       0.0    0.0      0.0
  SNOW DEPTH       0

DEGREE DAYS
 HEATING
  YESTERDAY        5                         1      4        0
  MONTH TO DATE    5                        10     -5        0
  SINCE JUN 1    144                       152     -8       54
  SINCE JUL 1      8                        26    -18        0

 COOLING
  YESTERDAY        0                         4     -4        8
  MONTH TO DATE  115                       135    -20      184
  SINCE JUN 1    380                       407    -27      592
  SINCE JAN 1    398                       412    -14      601
..................................................................


WIND (MPH)
  HIGHEST WIND SPEED    20   HIGHEST WIND DIRECTION    NW (330)
  HIGHEST GUST SPEED    25   HIGHEST GUST DIRECTION     N (340)
  AVERAGE WIND SPEED     6.9


SKY COVER
  POSSIBLE SUNSHINE  MM
  AVERAGE SKY COVER 0.5


WEATHER CONDITIONS
 THE FOLLOWING WEATHER WAS RECORDED YESTERDAY.
  RAIN
  LIGHT RAIN
  FOG


RELATIVE HUMIDITY (PERCENT)
 HIGHEST   100          1100 PM
 LOWEST     37           400 PM
 AVERAGE    69

..........................................................


THE LANDER WY CLIMATE NORMALS FOR TODAY
                         NORMAL    RECORD    YEAR
 MAXIMUM TEMPERATURE (F)   84        95      1961
 MINIMUM TEMPERATURE (F)   53        33      1899


SUNRISE AND SUNSET
AUGUST 23 2014........SUNRISE   630 AM MDT   SUNSET   804 PM MDT
AUGUST 24 2014........SUNRISE   631 AM MDT   SUNSET   803 PM MDT


-  INDICATES NEGATIVE NUMBERS.
R  INDICATES RECORD WAS SET OR TIED.
MM INDICATES DATA IS MISSING.
T  INDICATES TRACE AMOUNT.




$$
