000
CDUS45 KRIW 240741
CLILND


CLIMATE REPORT
NATIONAL WEATHER SERVICE RIVERTON WY
136 AM MDT THU APR 24 2014


...................................

...THE LANDER WY CLIMATE SUMMARY FOR APRIL 23 2014...

CLIMATE NORMAL PERIOD 1981 TO 2010
CLIMATE RECORD PERIOD 1891 TO 2014


WEATHER ITEM   OBSERVED TIME   RECORD YEAR NORMAL DEPARTURE LAST
                VALUE   (LST)  VALUE       VALUE  FROM      YEAR
                                                  NORMAL
..................................................................
TEMPERATURE (F)
 YESTERDAY
  MAXIMUM         51    224 PM  83    2012  59     -8       41
  MINIMUM         35   1149 PM   9    2013  33      2        9
  AVERAGE         43                        46     -3       25

PRECIPITATION (IN)
  YESTERDAY        0.00          2.00 1929   0.07  -0.07      T
  MONTH TO DATE    0.62                      1.36  -0.74     2.82
  SINCE MAR 1      1.80                      2.52  -0.72     3.24
  SINCE JAN 1      2.60                      3.51  -0.91     5.22

SNOWFALL (IN)
  YESTERDAY        0.0                       0.5   -0.5      0.2
  MONTH TO DATE    4.3                      13.2   -8.9     40.5
  SINCE MAR 1     18.2                      29.3  -11.1     45.6
  SINCE JUL 1     73.5                      82.9   -9.4     97.8
  SNOW DEPTH       0

DEGREE DAYS
 HEATING
  YESTERDAY       22                        19      3       40
  MONTH TO DATE  474                       510    -36      682
  SINCE MAR 1   1369                      1425    -56     1573
  SINCE JUL 1   7105                      7129    -24     6942

 COOLING
  YESTERDAY        0                         0      0        0
  MONTH TO DATE    0                         0      0        0
  SINCE MAR 1      0                         0      0        0
  SINCE JAN 1      0                         0      0        0
..................................................................


WIND (MPH)
  HIGHEST WIND SPEED    31   HIGHEST WIND DIRECTION     W (270)
  HIGHEST GUST SPEED    40   HIGHEST GUST DIRECTION     W (270)
  AVERAGE WIND SPEED    13.2


SKY COVER
  POSSIBLE SUNSHINE  MM
  AVERAGE SKY COVER 0.0


WEATHER CONDITIONS
 THE FOLLOWING WEATHER WAS RECORDED YESTERDAY.
  NO SIGNIFICANT WEATHER WAS OBSERVED.


RELATIVE HUMIDITY (PERCENT)
 HIGHEST    64           600 AM
 LOWEST     15          1100 AM
 AVERAGE    40

..........................................................


THE LANDER WY CLIMATE NORMALS FOR TODAY
                         NORMAL    RECORD    YEAR
 MAXIMUM TEMPERATURE (F)   59        82      2012
 MINIMUM TEMPERATURE (F)   34        13      1892


SUNRISE AND SUNSET
APRIL 24 2014.........SUNRISE   619 AM MDT   SUNSET   808 PM MDT
APRIL 25 2014.........SUNRISE   618 AM MDT   SUNSET   809 PM MDT


-  INDICATES NEGATIVE NUMBERS.
R  INDICATES RECORD WAS SET OR TIED.
MM INDICATES DATA IS MISSING.
T  INDICATES TRACE AMOUNT.




$$
