000
CDUS43 KOAX 310644
CLILNK


CLIMATE REPORT
NATIONAL WEATHER SERVICE OMAHA NEBRASKA
143 AM CDT TUE MAY 31 2016


...................................

...THE LINCOLN, NEBRASKA CLIMATE SUMMARY FOR MAY 30 2016...

CLIMATE NORMAL PERIOD 1981 TO 2010
CLIMATE RECORD PERIOD 1887 TO 2016


WEATHER ITEM   OBSERVED TIME   RECORD YEAR NORMAL DEPARTURE LAST
                VALUE   (LST)  VALUE       VALUE  FROM      YEAR
                                                  NORMAL
..................................................................
TEMPERATURE (F)
 YESTERDAY
  MAXIMUM         87    401 PM 104    1934  79      8       71
  MINIMUM         59    319 AM  40    1947  55      4       48
                                      1930
                                      1897
  AVERAGE         73                        67      6       60

PRECIPITATION (IN)
  YESTERDAY        T             2.59 2001   0.14  -0.14      T
  MONTH TO DATE    5.42                      4.14   1.28    10.90
  SINCE MAR 1     10.72                      8.78   1.94    13.66
  SINCE JAN 1     12.31                     10.19   2.12    15.50

SNOWFALL (IN)
  YESTERDAY        0.0                       0.0    0.0      0.0
  MONTH TO DATE    0.0                       0.1   -0.1      0.0
  SINCE JUL 1     20.5                      26.0   -5.5     21.9
  SNOW DEPTH       0

DEGREE DAYS
 HEATING
  YESTERDAY        0                         2     -2        5
  MONTH TO DATE  127                       146    -19      138
  SINCE MAR 1    963                      1336   -373     1134
  SINCE JUL 1   4880                      6039  -1159     5821

 COOLING
  YESTERDAY        8                         4      4        0
  MONTH TO DATE   56                        61     -5       47
  SINCE MAR 1     65                        75    -10       52
  SINCE JAN 1     65                        75    -10       52
..................................................................


WIND (MPH)
  HIGHEST WIND SPEED    20   HIGHEST WIND DIRECTION     S (200)
  HIGHEST GUST SPEED    26   HIGHEST GUST DIRECTION    SW (220)
  AVERAGE WIND SPEED     8.2


SKY COVER
  POSSIBLE SUNSHINE  MM
  AVERAGE SKY COVER 0.0


WEATHER CONDITIONS
 THE FOLLOWING WEATHER WAS RECORDED YESTERDAY.
  NO SIGNIFICANT WEATHER WAS OBSERVED.


RELATIVE HUMIDITY (PERCENT)
 HIGHEST    93           600 AM
 LOWEST     34           400 PM
 AVERAGE    64

..........................................................


THE LINCOLN, NEBRASKA CLIMATE NORMALS FOR TODAY
                         NORMAL    RECORD    YEAR
 MAXIMUM TEMPERATURE (F)   79       103      1934
 MINIMUM TEMPERATURE (F)   56        41      1894


SUNRISE AND SUNSET
MAY 31 2016...........SUNRISE   558 AM CDT   SUNSET   852 PM CDT
JUNE  1 2016..........SUNRISE   557 AM CDT   SUNSET   853 PM CDT


-  INDICATES NEGATIVE NUMBERS.
R  INDICATES RECORD WAS SET OR TIED.
MM INDICATES DATA IS MISSING.
T  INDICATES TRACE AMOUNT.




$$
