000
CDUS43 KOAX 190627
CLILNK


CLIMATE REPORT
NATIONAL WEATHER SERVICE OMAHA NEBRASKA
125 AM CDT SAT APR 19 2014


...................................

...THE LINCOLN, NEBRASKA CLIMATE SUMMARY FOR APRIL 18 2014...

CLIMATE NORMAL PERIOD 1981 TO 2010
CLIMATE RECORD PERIOD 1887 TO 2014


WEATHER ITEM   OBSERVED TIME   RECORD YEAR NORMAL DEPARTURE LAST
                VALUE   (LST)  VALUE       VALUE  FROM      YEAR
                                                  NORMAL
..................................................................
TEMPERATURE (F)
 YESTERDAY
  MAXIMUM         72    338 PM  94    1994  65      7       37
  MINIMUM         31   1221 AM  21    1953  40     -9       31
  AVERAGE         52                        52      0       34

PRECIPITATION (IN)
  YESTERDAY        0.00          1.40 1970   0.09  -0.09     0.11
  MONTH TO DATE    1.48                      1.41   0.07     2.47
  SINCE MAR 1      1.61                      3.34  -1.73     4.59
  SINCE JAN 1      2.47                      4.75  -2.28     5.86

SNOWFALL (IN)
  YESTERDAY        0.0                       0.0    0.0      0.1
  MONTH TO DATE    0.5                       1.1   -0.6      0.6
  SINCE JUL 1     18.2                      25.6   -7.4     24.8
  SNOW DEPTH       0

DEGREE DAYS
 HEATING
  YESTERDAY       13                        13      0       31
  MONTH TO DATE  302                       286     16      381
  SINCE MAR 1   1159                      1059    100     1310
  SINCE JUL 1   6276                      5762    514     5938

 COOLING
  YESTERDAY        0                         1     -1        0
  MONTH TO DATE    5                         1      4        0
  SINCE MAR 1      5                         2      3        0
  SINCE JAN 1      5                         2      3        0
..................................................................


WIND (MPH)
  HIGHEST WIND SPEED    28   HIGHEST WIND DIRECTION     S (160)
  HIGHEST GUST SPEED    35   HIGHEST GUST DIRECTION     S (180)
  AVERAGE WIND SPEED    13.2


SKY COVER
  POSSIBLE SUNSHINE  MM
  AVERAGE SKY COVER 0.1


WEATHER CONDITIONS
 THE FOLLOWING WEATHER WAS RECORDED YESTERDAY.
  HAZE


RELATIVE HUMIDITY (PERCENT)
 HIGHEST    76           700 AM
 LOWEST     31           200 PM
 AVERAGE    54

..........................................................


THE LINCOLN, NEBRASKA CLIMATE NORMALS FOR TODAY
                         NORMAL    RECORD    YEAR
 MAXIMUM TEMPERATURE (F)   66        92      1987
 MINIMUM TEMPERATURE (F)   40        25      2013
                                             1989


SUNRISE AND SUNSET
APRIL 19 2014.........SUNRISE   642 AM CDT   SUNSET   811 PM CDT
APRIL 20 2014.........SUNRISE   641 AM CDT   SUNSET   812 PM CDT


-  INDICATES NEGATIVE NUMBERS.
R  INDICATES RECORD WAS SET OR TIED.
MM INDICATES DATA IS MISSING.
T  INDICATES TRACE AMOUNT.




$$
