000
CDUS43 KOAX 172223
CLILNK


CLIMATE REPORT
NATIONAL WEATHER SERVICE OMAHA NEBRASKA
422 PM CST WED JAN 17 2018


...................................

...THE LINCOLN, NEBRASKA CLIMATE SUMMARY FOR JANUARY 17 2018...
VALID TODAY AS OF 0400 PM LOCAL TIME.

CLIMATE NORMAL PERIOD 1981 TO 2010
CLIMATE RECORD PERIOD 1887 TO 2018


WEATHER ITEM   OBSERVED TIME   RECORD YEAR NORMAL DEPARTURE LAST
                VALUE   (LST)  VALUE       VALUE  FROM      YEAR
                                                  NORMAL
..................................................................
TEMPERATURE (F)
 TODAY
  MAXIMUM         30    359 PM  64    1986  35     -5       38
  MINIMUM         -1    148 AM -16    1930  14    -15       23
  AVERAGE         15                        24     -9       31

PRECIPITATION (IN)
  TODAY            0.00          0.45 1960   0.02  -0.02     0.00
  MONTH TO DATE    0.12                      0.33  -0.21     0.95
  SINCE DEC 1      0.50                      1.28  -0.78     2.57
  SINCE JAN 1      0.12                      0.33  -0.21     0.95

SNOWFALL (IN)
  TODAY            0.0                       0.1   -0.1      0.0
  MONTH TO DATE    1.6                       2.7   -1.1      2.0
  SINCE JUL 1      5.9                      11.4   -5.5      3.7
  SNOW DEPTH       1

DEGREE DAYS
 HEATING
  TODAY           50                        41      9       34
  MONTH TO DATE  806                       694    112      736
  SINCE DEC 1   1949                      1878     71     1919
  SINCE JUL 1   3002                      3139   -137     2727

 COOLING
  TODAY            0                         0      0        0
  MONTH TO DATE    0                         0      0        0
  SINCE DEC 1      0                         0      0        0
  SINCE JAN 1      0                         0      0        0
..................................................................


WIND (MPH)
  HIGHEST WIND SPEED    21   HIGHEST WIND DIRECTION    SW (220)
  HIGHEST GUST SPEED    26   HIGHEST GUST DIRECTION    SW (230)
  AVERAGE WIND SPEED     9.0


SKY COVER
  POSSIBLE SUNSHINE  MM
  AVERAGE SKY COVER 0.0


WEATHER CONDITIONS
 THE FOLLOWING WEATHER WAS RECORDED TODAY.
  NO SIGNIFICANT WEATHER WAS OBSERVED.


RELATIVE HUMIDITY (PERCENT)
 HIGHEST    87           300 AM
 LOWEST     42           100 PM
 AVERAGE    65

..........................................................


THE LINCOLN, NEBRASKA CLIMATE NORMALS FOR TOMORROW
                         NORMAL    RECORD    YEAR
 MAXIMUM TEMPERATURE (F)   35        66      1951
 MINIMUM TEMPERATURE (F)   14       -21      1940


SUNRISE AND SUNSET
JANUARY 17 2018.......SUNRISE   748 AM CST   SUNSET   526 PM CST
JANUARY 18 2018.......SUNRISE   748 AM CST   SUNSET   527 PM CST


-  INDICATES NEGATIVE NUMBERS.
R  INDICATES RECORD WAS SET OR TIED.
MM INDICATES DATA IS MISSING.
T  INDICATES TRACE AMOUNT.




$$
