000
CDUS43 KLOT 232138
CLILOT


CLIMATE REPORT
NATIONAL WEATHER SERVICE CHICAGO IL
438 PM CDT THU MAR 23 2017


...................................

...THE ROMEOVILLE  WFO CLIMATE SUMMARY FOR MARCH 23 2017...
VALID TODAY AS OF 0400 PM LOCAL TIME.

CLIMATE NORMAL PERIOD 1981 TO 2010
CLIMATE RECORD PERIOD 1992 TO 2017


WEATHER ITEM   OBSERVED TIME   RECORD YEAR NORMAL DEPARTURE
                VALUE   (LST)  VALUE       VALUE  FROM
                                                  NORMAL
...............................................................
TEMPERATURE (F)
 TODAY
  MAXIMUM         49        MM  78    1994  51     -2
  MINIMUM         30        MM  17    1992  32     -2
  AVERAGE         40                        41     -1

PRECIPITATION (IN)
  TODAY            0.00          0.78 2012   0.08  -0.08
  MONTH TO DATE    1.36                      2.03  -0.67
  SINCE MAR 1      1.36                      2.03  -0.67
  SINCE JAN 1      7.07                      5.74   1.33

SNOWFALL (IN)
  TODAY            0.0           3.8  2015   0.1   -0.1
  MONTH TO DATE    4.9                       4.0    0.9
  SINCE MAR 1      4.9                       4.0    0.9
  SINCE JUL 1     24.3                      31.4   -7.1

DEGREE DAYS
 HEATING
  TODAY           25                        24      1
  MONTH TO DATE  656                       642     14
  SINCE MAR 1    656                       642     14
  SINCE JUL 1   4631                      5370   -739

 COOLING
  TODAY            0                         0      0
  MONTH TO DATE    0                         0      0
  SINCE MAR 1      0                         0      0
  SINCE JAN 1      0                         0      0
...............................................................







THE ROMEOVILLE  WFO CLIMATE NORMALS FOR TOMORROW
                         NORMAL    RECORD    YEAR
 MAXIMUM TEMPERATURE (F)   51        76      2003
 MINIMUM TEMPERATURE (F)   32        18      2014


SUNRISE AND SUNSET
MARCH 23 2017.........SUNRISE   650 AM CDT   SUNSET   708 PM CDT
MARCH 24 2017.........SUNRISE   648 AM CDT   SUNSET   709 PM CDT


-  INDICATES NEGATIVE NUMBERS.
R  INDICATES RECORD WAS SET OR TIED.
MM INDICATES DATA IS MISSING.
T  INDICATES TRACE AMOUNT.




$$
