000
CDUS43 KLOT 280641
CLILOT


CLIMATE REPORT
NATIONAL WEATHER SERVICE CHICAGO IL
139 AM CDT SUN AUG 28 2016


...................................

...THE ROMEOVILLE  WFO CLIMATE SUMMARY FOR AUGUST 27 2016...

CLIMATE NORMAL PERIOD 1981 TO 2010
CLIMATE RECORD PERIOD 1992 TO 2016


WEATHER ITEM   OBSERVED RECORD YEAR NORMAL DEPARTURE LAST
                VALUE   VALUE       VALUE  FROM      YEAR
                                           NORMAL
...........................................................
TEMPERATURE (F)
 YESTERDAY
  MAXIMUM         84     93    2013  81      3       73
  MINIMUM         68     50    2015  62      6       50
  AVERAGE         76                 71      5       62

PRECIPITATION (IN)
  YESTERDAY        1.70   1.87 2009   0.12   1.58     0.00
  MONTH TO DATE    7.59               3.54   4.05     2.86
  SINCE JUN 1     17.35              12.59   4.76    15.51
  SINCE JAN 1     29.58              27.29   2.29    27.42

DEGREE DAYS
 HEATING
  YESTERDAY        0                  0      0
  MONTH TO DATE    0                  0      0
  SINCE JUN 1      9                 35    -26
  SINCE JUL 1      2                  2      0

 COOLING
  YESTERDAY       11                  7      4
  MONTH TO DATE  277                207     70
  SINCE JUN 1    806                669    137
  SINCE JAN 1    899                727    172
...........................................................







THE ROMEOVILLE  WFO CLIMATE NORMALS FOR TODAY
                         NORMAL    RECORD    YEAR
 MAXIMUM TEMPERATURE (F)   81        92      2003
 MINIMUM TEMPERATURE (F)   61        51      1992


SUNRISE AND SUNSET
AUGUST 28 2016........SUNRISE   615 AM CDT   SUNSET   731 PM CDT
AUGUST 29 2016........SUNRISE   616 AM CDT   SUNSET   730 PM CDT


-  INDICATES NEGATIVE NUMBERS.
R  INDICATES RECORD WAS SET OR TIED.
MM INDICATES DATA IS MISSING.
T  INDICATES TRACE AMOUNT.




$$
