000
CDUS43 KLOT 270635
CLILOT


CLIMATE REPORT
NATIONAL WEATHER SERVICE CHICAGO IL
1233 AM CST FRI FEB 27 2015


...................................

...THE ROMEOVILLE  WFO CLIMATE SUMMARY FOR FEBRUARY 26 2015...

CLIMATE NORMAL PERIOD 1981 TO 2010
CLIMATE RECORD PERIOD 1992 TO 2015


WEATHER ITEM   OBSERVED RECORD YEAR NORMAL DEPARTURE LAST
                VALUE   VALUE       VALUE  FROM      YEAR
                                           NORMAL
...........................................................
TEMPERATURE (F)
 YESTERDAY
  MAXIMUM         19     64    2000  40    -21       17
  MINIMUM          0     -1    2014  23    -23       -1
                               1994
  AVERAGE         10                 32    -22        8

PRECIPITATION (IN)
  YESTERDAY        0.06   1.49 2009   0.08  -0.02     0.00
  MONTH TO DATE    1.32               1.62  -0.30     2.24
  SINCE DEC 1      3.88               5.80  -1.92     6.20
  SINCE JAN 1      2.83               3.55  -0.72     4.86

SNOWFALL (IN)
  YESTERDAY        0.9    2.2  2013   0.2    0.7      0.0
  MONTH TO DATE   18.8                6.0   12.8     22.3
  SINCE DEC 1     29.6               26.1    3.5     64.6
  SINCE JUL 1     31.0               27.0    4.0     65.5
  SNOW DEPTH       0

DEGREE DAYS
 HEATING
  YESTERDAY       55                 34     21
  MONTH TO DATE 1294                982    312
  SINCE DEC 1   3648               3444    204
  SINCE JUL 1   5124               4663    461

 COOLING
  YESTERDAY        0                  0      0
  MONTH TO DATE    0                  0      0
  SINCE DEC 1      0                  0      0
  SINCE JAN 1      0                  0      0
...........................................................







THE ROMEOVILLE  WFO CLIMATE NORMALS FOR TODAY
                         NORMAL    RECORD    YEAR
 MAXIMUM TEMPERATURE (F)   40        55      1996
 MINIMUM TEMPERATURE (F)   24        -7      1994


SUNRISE AND SUNSET
FEBRUARY 27 2015......SUNRISE   631 AM CST   SUNSET   540 PM CST
FEBRUARY 28 2015......SUNRISE   629 AM CST   SUNSET   541 PM CST


-  INDICATES NEGATIVE NUMBERS.
R  INDICATES RECORD WAS SET OR TIED.
MM INDICATES DATA IS MISSING.
T  INDICATES TRACE AMOUNT.




$$
