000
CDUS43 KLOT 060837 CCA
CLILOT

CLIMATE REPORT
NATIONAL WEATHER SERVICE CHICAGO IL
150 AM CDT MON JUL 6 2015


...................................

...THE ROMEOVILLE  WFO CLIMATE SUMMARY FOR JULY 5 2015...

CLIMATE NORMAL PERIOD 1981 TO 2010
CLIMATE RECORD PERIOD 1992 TO 2015


WEATHER ITEM   OBSERVED RECORD YEAR NORMAL DEPARTURE LAST
                VALUE   VALUE       VALUE  FROM      YEAR
                                           NORMAL
...........................................................
TEMPERATURE (F)
 YESTERDAY
  MAXIMUM         82    100    2012  84     -2       77
  MINIMUM         61     50    1997  64     -4       59
  AVERAGE         71                 74     -3       68

PRECIPITATION (IN)
  YESTERDAY        0.00   0.88 2003   0.13  -0.13     0.01
  MONTH TO DATE    0.02               0.67  -0.65     0.38
  SINCE JUN 1      8.52               5.01   3.51     9.60
  SINCE JAN 1     20.43              19.71   0.72    24.97

DEGREE DAYS
 HEATING
  YESTERDAY        0                  0      0
  MONTH TO DATE    5                  0      5
  SINCE JUN 1     32                 33     -1
  SINCE JUL 1      5                  0      5

 COOLING
  YESTERDAY        6                  9     -3
  MONTH TO DATE   12                 45    -33
  SINCE JUN 1    149                225    -76
  SINCE JAN 1    225                283    -58
...........................................................







THE ROMEOVILLE  WFO CLIMATE NORMALS FOR TODAY
                         NORMAL    RECORD    YEAR
 MAXIMUM TEMPERATURE (F)   84       101      2012
 MINIMUM TEMPERATURE (F)   64        51      2001
                                             1992


SUNRISE AND SUNSET
JULY  6 2015..........SUNRISE   525 AM CDT   SUNSET   829 PM CDT
JULY  7 2015..........SUNRISE   525 AM CDT   SUNSET   829 PM CDT


-  INDICATES NEGATIVE NUMBERS.
R  INDICATES RECORD WAS SET OR TIED.
MM INDICATES DATA IS MISSING.
T  INDICATES TRACE AMOUNT.




$$
