000
CDUS43 KLOT 300636
CLILOT


CLIMATE REPORT
NATIONAL WEATHER SERVICE CHICAGO IL
135 AM CDT WED JUL 30 2014


...................................

...THE ROMEOVILLE  WFO CLIMATE SUMMARY FOR JULY 29 2014...

CLIMATE NORMAL PERIOD 1981 TO 2010
CLIMATE RECORD PERIOD 1992 TO 2014


WEATHER ITEM   OBSERVED RECORD YEAR NORMAL DEPARTURE LAST
                VALUE   VALUE       VALUE  FROM      YEAR
                                           NORMAL
...........................................................
TEMPERATURE (F)
 YESTERDAY
  MAXIMUM         81     95    1999  83     -2       78
  MINIMUM         55     52    2013  64     -9       52
                               1994
  AVERAGE         68                 74     -6       65

PRECIPITATION (IN)
  YESTERDAY        0.04   0.31 2000   0.17  -0.13     0.00
  MONTH TO DATE    4.34               4.38  -0.04     0.60
  SINCE JUN 1     13.56               8.72   4.84     5.04
  SINCE JAN 1     28.93              23.42   5.51    26.03

DEGREE DAYS
 HEATING
  YESTERDAY        0                  0      0
  MONTH TO DATE    9                  0      9
  SINCE JUN 1     21                 33    -12
  SINCE JUL 1      9                  0      9

 COOLING
  YESTERDAY        3                  9     -6
  MONTH TO DATE  133                261   -128
  SINCE JUN 1    331                441   -110
  SINCE JAN 1    419                499    -80
...........................................................







THE ROMEOVILLE  WFO CLIMATE NORMALS FOR TODAY
                         NORMAL    RECORD    YEAR
 MAXIMUM TEMPERATURE (F)   83       100      1999
 MINIMUM TEMPERATURE (F)   64        54      1994


SUNRISE AND SUNSET
JULY 30 2014..........SUNRISE   545 AM CDT   SUNSET   812 PM CDT
JULY 31 2014..........SUNRISE   546 AM CDT   SUNSET   811 PM CDT


-  INDICATES NEGATIVE NUMBERS.
R  INDICATES RECORD WAS SET OR TIED.
MM INDICATES DATA IS MISSING.
T  INDICATES TRACE AMOUNT.




$$
