000
CDUS43 KLOT 050635
CLILOT


CLIMATE REPORT
NATIONAL WEATHER SERVICE CHICAGO IL
135 AM CDT SAT SEP 5 2015


...................................

...THE ROMEOVILLE  WFO CLIMATE SUMMARY FOR SEPTEMBER 4 2015...

CLIMATE NORMAL PERIOD 1981 TO 2010
CLIMATE RECORD PERIOD 1992 TO 2015


WEATHER ITEM   OBSERVED RECORD YEAR NORMAL DEPARTURE LAST
                VALUE   VALUE       VALUE  FROM      YEAR
                                           NORMAL
...........................................................
TEMPERATURE (F)
 YESTERDAY
  MAXIMUM         90     92    1999  80     10       84
  MINIMUM         66     43    1997  59      7       68
  AVERAGE         78                 70      8       76

PRECIPITATION (IN)
  YESTERDAY        0.00   2.70 2008   0.12  -0.12     0.43
  MONTH TO DATE    0.00               0.51  -0.51     0.43
  SINCE SEP 1      0.00               0.51  -0.51     0.43
  SINCE JAN 1     27.66              28.33  -0.67    39.09

DEGREE DAYS
 HEATING
  YESTERDAY        0                  1     -1
  MONTH TO DATE    0                  4     -4
  SINCE SEP 1      0                  4     -4
  SINCE JUL 1     20                 12      8

 COOLING
  YESTERDAY       13                  5      8
  MONTH TO DATE   56                 22     34
  SINCE SEP 1     56                 22     34
  SINCE JAN 1    702                775    -73
...........................................................







THE ROMEOVILLE  WFO CLIMATE NORMALS FOR TODAY
                         NORMAL    RECORD    YEAR
 MAXIMUM TEMPERATURE (F)   79        91      1999
 MINIMUM TEMPERATURE (F)   59        47      1997


SUNRISE AND SUNSET
SEPTEMBER  5 2015.....SUNRISE   622 AM CDT   SUNSET   719 PM CDT
SEPTEMBER  6 2015.....SUNRISE   623 AM CDT   SUNSET   718 PM CDT


-  INDICATES NEGATIVE NUMBERS.
R  INDICATES RECORD WAS SET OR TIED.
MM INDICATES DATA IS MISSING.
T  INDICATES TRACE AMOUNT.




$$
