000
CDUS43 KLOT 270634
CLILOT


CLIMATE REPORT
NATIONAL WEATHER SERVICE CHICAGO IL
132 AM CDT TUE JUN 27 2017


...................................

...THE ROMEOVILLE  WFO CLIMATE SUMMARY FOR JUNE 26 2017...

CLIMATE NORMAL PERIOD 1981 TO 2010
CLIMATE RECORD PERIOD 1992 TO 2017


WEATHER ITEM   OBSERVED RECORD YEAR NORMAL DEPARTURE LAST
                VALUE   VALUE       VALUE  FROM      YEAR
                                           NORMAL
...........................................................
TEMPERATURE (F)
 YESTERDAY
  MAXIMUM         75     95    2005  83     -8       87
  MINIMUM         50R    50    2004  63    -13       69
                               1992
  AVERAGE         63                 73    -10       78

PRECIPITATION (IN)
  YESTERDAY        T      1.52 1998   0.13  -0.13     0.15
  MONTH TO DATE    1.19               3.86  -2.67     2.19
  SINCE JUN 1      1.19               3.86  -2.67     2.19
  SINCE JAN 1     23.41              18.56   4.85    14.42

DEGREE DAYS
 HEATING
  YESTERDAY        2                  0      2
  MONTH TO DATE    8                 31    -23
  SINCE JUN 1      8                 31    -23
  SINCE JUL 1   5344               6217   -873

 COOLING
  YESTERDAY        0                  8     -8
  MONTH TO DATE  198                145     53
  SINCE JUN 1    198                145     53
  SINCE JAN 1    235                203     32
...........................................................







THE ROMEOVILLE  WFO CLIMATE NORMALS FOR TODAY
                         NORMAL    RECORD    YEAR
 MAXIMUM TEMPERATURE (F)   83        94      2005
 MINIMUM TEMPERATURE (F)   63        47      1992


SUNRISE AND SUNSET
JUNE 27 2017..........SUNRISE   520 AM CDT   SUNSET   831 PM CDT
JUNE 28 2017..........SUNRISE   521 AM CDT   SUNSET   831 PM CDT


-  INDICATES NEGATIVE NUMBERS.
R  INDICATES RECORD WAS SET OR TIED.
MM INDICATES DATA IS MISSING.
T  INDICATES TRACE AMOUNT.




$$
