000
CDUS43 KLOT 030644
CLILOT


CLIMATE REPORT
NATIONAL WEATHER SERVICE CHICAGO IL
139 AM CDT WED JUN 3 2015


...................................

...THE ROMEOVILLE  WFO CLIMATE SUMMARY FOR JUNE 2 2015...

CLIMATE NORMAL PERIOD 1981 TO 2010
CLIMATE RECORD PERIOD 1992 TO 2015


WEATHER ITEM   OBSERVED RECORD YEAR NORMAL DEPARTURE LAST
                VALUE   VALUE       VALUE  FROM      YEAR
                                           NORMAL
...........................................................
TEMPERATURE (F)
 YESTERDAY
  MAXIMUM         73     87    2008  76     -3       83
  MINIMUM         42R    42    2003  55    -13       66
  AVERAGE         58                 66     -8       75

PRECIPITATION (IN)
  YESTERDAY        0.00   1.27 2010   0.16  -0.16     0.15
  MONTH TO DATE    0.00               0.31  -0.31     0.15
  SINCE JUN 1      0.00               0.31  -0.31     0.15
  SINCE JAN 1     11.91              15.01  -3.10    15.52

DEGREE DAYS
 HEATING
  YESTERDAY        7                  3      4
  MONTH TO DATE   17                  6     11
  SINCE JUN 1     17                  6     11
  SINCE JUL 1   6741               6192    549

 COOLING
  YESTERDAY        0                  4     -4
  MONTH TO DATE    0                  7     -7
  SINCE JUN 1      0                  7     -7
  SINCE JAN 1     76                 65     11
...........................................................







THE ROMEOVILLE  WFO CLIMATE NORMALS FOR TODAY
                         NORMAL    RECORD    YEAR
 MAXIMUM TEMPERATURE (F)   76        90      2011
 MINIMUM TEMPERATURE (F)   56        41      1994


SUNRISE AND SUNSET
JUNE  3 2015..........SUNRISE   520 AM CDT   SUNSET   821 PM CDT
JUNE  4 2015..........SUNRISE   519 AM CDT   SUNSET   822 PM CDT


-  INDICATES NEGATIVE NUMBERS.
R  INDICATES RECORD WAS SET OR TIED.
MM INDICATES DATA IS MISSING.
T  INDICATES TRACE AMOUNT.




$$
