000
CDUS43 KLMK 200640
CLILOU


CLIMATE REPORT
NATIONAL WEATHER SERVICE LOUISVILLE KY
235 AM EDT MON OCT 20 2014


...................................

...THE LOUISVILLE BOWMAN KY CLIMATE SUMMARY FOR OCTOBER 19 2014...

CLIMATE NORMAL PERIOD 1981 TO 2010
CLIMATE RECORD PERIOD 9999 TO 9999


WEATHER ITEM   OBSERVED TIME   RECORD YEAR NORMAL DEPARTURE LAST
                VALUE   (LST)  VALUE       VALUE  FROM      YEAR
                                                  NORMAL
..................................................................
TEMPERATURE (F)
 YESTERDAY
  MAXIMUM         61    321 PM  MM      MM  68     -7       53
  MINIMUM         46   1159 PM  MM      MM  47     -1       41
  AVERAGE         54                        57     -3       47

PRECIPITATION (IN)
  YESTERDAY        0.00         MM      MM   0.12  -0.12     0.26
  MONTH TO DATE    3.55                      2.00   1.55     7.73
  SINCE SEP 1      6.69                      5.16   1.53    11.12
  SINCE JAN 1     37.15                     36.70   0.45    48.18

SNOWFALL (IN)
  YESTERDAY       MM            MM      MM  MM     MM       MM
  MONTH TO DATE   MM                        MM     MM       MM
  SINCE SEP 1     MM                        MM     MM       MM
  SINCE JUL 1     MM                        MM     MM       MM
  SNOW DEPTH      MM

DEGREE DAYS
 HEATING
  YESTERDAY       11                         8      3       18
  MONTH TO DATE  110                       119     -9       78
  SINCE SEP 1    142                       155    -13       88
  SINCE JUL 1    142                       155    -13       88

 COOLING
  YESTERDAY        0                         1     -1        0
  MONTH TO DATE   22                        26     -4       42
  SINCE SEP 1    189                       200    -11      243
  SINCE JAN 1   1534                      1439     95     1446
..................................................................


WIND (MPH)
  HIGHEST WIND SPEED     8   HIGHEST WIND DIRECTION     W (290)
  HIGHEST GUST SPEED    11   HIGHEST GUST DIRECTION     N (340)
  AVERAGE WIND SPEED     2.8


SKY COVER
  POSSIBLE SUNSHINE  MM
  AVERAGE SKY COVER 0.5


WEATHER CONDITIONS
 THE FOLLOWING WEATHER WAS RECORDED YESTERDAY.
  NO SIGNIFICANT WEATHER WAS OBSERVED.


RELATIVE HUMIDITY (PERCENT)
 HIGHEST    86          1000 PM
 LOWEST     47           400 PM
 AVERAGE    67

..........................................................


THE LOUISVILLE BOWMAN KY CLIMATE NORMALS FOR TODAY
                         NORMAL
 MAXIMUM TEMPERATURE (F)   68
 MINIMUM TEMPERATURE (F)   47


SUNRISE AND SUNSET
OCTOBER 20 2014.......SUNRISE   756 AM EDT   SUNSET   658 PM EDT
OCTOBER 21 2014.......SUNRISE   757 AM EDT   SUNSET   657 PM EDT


-  INDICATES NEGATIVE NUMBERS.
R  INDICATES RECORD WAS SET OR TIED.
MM INDICATES DATA IS MISSING.
T  INDICATES TRACE AMOUNT.




$$
