000
CDUS43 KJKL 250538
CLILOZ

CLIMATE REPORT
NATIONAL WEATHER SERVICE JACKSON KY
1240 AM EST SUN JAN 25 2015

...................................

...THE LONDON KY CLIMATE SUMMARY FOR JANUARY 24 2015...

CLIMATE NORMAL PERIOD 1981 TO 2010
CLIMATE RECORD PERIOD 1954 TO 2015

WEATHER ITEM   OBSERVED TIME   RECORD YEAR NORMAL DEPARTURE LAST
                VALUE   (LST)  VALUE       VALUE  FROM      YEAR
                                                  NORMAL
..................................................................
TEMPERATURE (F)
 YESTERDAY
  MAXIMUM         40    510 PM  74    1972  45     -5       25
  MINIMUM         29   1102 PM -18    1963  26      3        1
  AVERAGE         35                        36     -1       13

PRECIPITATION (IN)
  YESTERDAY        0.11          2.46 2010   0.12  -0.01     0.00
  MONTH TO DATE    2.15                      2.73  -0.58     2.19
  SINCE DEC 1      5.96                      6.97  -1.01     8.63
  SINCE JAN 1      2.15                      2.73  -0.58     2.19

SNOWFALL (IN)
  YESTERDAY       MM
  MONTH TO DATE   MM
  SINCE DEC 1     MM
  SINCE JUL 1     MM
  SNOW DEPTH      MM

DEGREE DAYS
 HEATING
  YESTERDAY       30                        29      1       52
  MONTH TO DATE  729                       713     16      838
  SINCE DEC 1   1452                      1535    -83     1578
  SINCE JUL 1   2396                      2365     31     2445

 COOLING
  YESTERDAY        0                         0      0        0
  MONTH TO DATE    0                         0      0        0
  SINCE DEC 1      0                         1     -1        0
  SINCE JAN 1      0                         0      0        0
..................................................................

WIND (MPH)
  HIGHEST WIND SPEED    15   HIGHEST WIND DIRECTION     W (250)
  HIGHEST GUST SPEED    20   HIGHEST GUST DIRECTION     W (250)
  AVERAGE WIND SPEED     6.9

SKY COVER
  POSSIBLE SUNSHINE  MM
  AVERAGE SKY COVER 0.7

WEATHER CONDITIONS
 THE FOLLOWING WEATHER WAS RECORDED YESTERDAY.
  LIGHT RAIN
  LIGHT SNOW
  FOG
  HAZE

RELATIVE HUMIDITY (PERCENT)
 HIGHEST    89           200 AM
 LOWEST     64           500 PM
 AVERAGE    77
..........................................................

THE LONDON KY CLIMATE NORMALS FOR TODAY
                         NORMAL    RECORD    YEAR
 MAXIMUM TEMPERATURE (F)   45        71      1967
 MINIMUM TEMPERATURE (F)   26       -10      1963

SUNRISE AND SUNSET
JANUARY 25 2015.......SUNRISE   744 AM EST   SUNSET   553 PM EST
JANUARY 26 2015.......SUNRISE   744 AM EST   SUNSET   554 PM EST

-  INDICATES NEGATIVE NUMBERS.
R  INDICATES RECORD WAS SET OR TIED.
MM INDICATES DATA IS MISSING.
T  INDICATES TRACE AMOUNT.

$$
GREIF
