000
CDUS43 KJKL 260544
CLILOZ

CLIMATE REPORT
NATIONAL WEATHER SERVICE JACKSON KY
143 AM EDT TUE SEP 26 2017

...................................

...THE LONDON KY CLIMATE SUMMARY FOR SEPTEMBER 25 2017...

CLIMATE NORMAL PERIOD 1981 TO 2010
CLIMATE RECORD PERIOD 1954 TO 2017


WEATHER ITEM   OBSERVED TIME   RECORD YEAR NORMAL DEPARTURE LAST
                VALUE   (LST)  VALUE       VALUE  FROM      YEAR
                                                  NORMAL
..................................................................

TEMPERATURE (F)
 YESTERDAY
  MAXIMUM         85    201 PM  90    2007  76      9       89
                                      1961
  MINIMUM         60    618 AM  35    1965  53      7       62
  AVERAGE         73                        65      8       76

PRECIPITATION (IN)
  YESTERDAY        0.00          1.42 2000   0.11  -0.11     0.00
  MONTH TO DATE    1.79                      2.80  -1.01     1.06
  SINCE SEP 1      1.79                      2.80  -1.01     1.06

SNOWFALL (IN)
  YESTERDAY       MM
  MONTH TO DATE   MM
  SINCE SEP 1     MM
  SINCE JUL 1     MM
  SNOW DEPTH      MM

DEGREE DAYS
 HEATING
  YESTERDAY        0                         3     -3        0
  MONTH TO DATE   38                        26     12        0
  SINCE SEP 1     38                        26     12        0
  SINCE JUL 1     38                        27     11        0

 COOLING
  YESTERDAY        8                         3      5       11
  MONTH TO DATE  102                       132    -30      227
  SINCE SEP 1    102                       132    -30      227
  SINCE JAN 1   1071                      1156    -85     1450
..................................................................

WIND (MPH)
  HIGHEST WIND SPEED     6   HIGHEST WIND DIRECTION    NE (60)
  HIGHEST GUST SPEED     9   HIGHEST GUST DIRECTION     N (350)
  AVERAGE WIND SPEED     1.0


SKY COVER
  POSSIBLE SUNSHINE  MM
  AVERAGE SKY COVER 0.0


WEATHER CONDITIONS
 THE FOLLOWING WEATHER WAS RECORDED YESTERDAY.
  FOG


RELATIVE HUMIDITY (PERCENT)
 HIGHEST    93           200 AM
 LOWEST     43           200 PM
 AVERAGE    68
..........................................................

THE LONDON KY CLIMATE NORMALS FOR TODAY
                         NORMAL    RECORD    YEAR
 MAXIMUM TEMPERATURE (F)   76        90      2007
                                             1958
 MINIMUM TEMPERATURE (F)   53        34      2001


SUNRISE AND SUNSET
SEPTEMBER 26 2017.....SUNRISE   728 AM EDT   SUNSET   727 PM EDT
SEPTEMBER 27 2017.....SUNRISE   729 AM EDT   SUNSET   725 PM EDT


-  INDICATES NEGATIVE NUMBERS.
R  INDICATES RECORD WAS SET OR TIED.
MM INDICATES DATA IS MISSING.
T  INDICATES TRACE AMOUNT.
$$
