000
CDUS43 KJKL 192121
CLILOZ

CLIMATE REPORT
NATIONAL WEATHER SERVICE JACKSON KY
421 PM EST THU JAN 19 2017

...................................

...THE LONDON KY CLIMATE SUMMARY FOR JANUARY 19 2017...
VALID TODAY AS OF 0400 PM LOCAL TIME.

CLIMATE NORMAL PERIOD 1981 TO 2010
CLIMATE RECORD PERIOD 1954 TO 2017

WEATHER ITEM   OBSERVED TIME   RECORD YEAR NORMAL DEPARTURE LAST
                VALUE   (LST)  VALUE       VALUE  FROM      YEAR
                                                  NORMAL
..................................................................
TEMPERATURE (F)
 TODAY
  MAXIMUM         52    135 PM  70    1996  45      7       23
  MINIMUM         38    809 AM -25    1994  26     12        8
  AVERAGE         45                        35     10       16

PRECIPITATION (IN)
  TODAY            0.19          1.44 2001   0.12   0.07      T
  MONTH TO DATE    3.00                      2.17   0.83     0.84
  SINCE DEC 1      9.30                      6.41   2.89     6.29
  SINCE JAN 1      3.00                      2.17   0.83     0.84

SNOWFALL (IN)
  TODAY           MM
  MONTH TO DATE    0.0
  SINCE DEC 1      0.0
  SINCE JUL 1      0.0
  SNOW DEPTH      MM

DEGREE DAYS
 HEATING
  TODAY           20                        30    -10       49
  MONTH TO DATE  436                       566   -130      619
  SINCE DEC 1   1230                      1388   -158     1094
  SINCE JUL 1   1821                      2218   -397     1759

 COOLING
  TODAY            0                         0      0        0
  MONTH TO DATE    0                         0      0        0
  SINCE DEC 1      0                         1     -1        0
  SINCE JAN 1      0                         0      0        0
..................................................................

WIND (MPH)
  HIGHEST WIND SPEED     8   HIGHEST WIND DIRECTION     S (180)
  HIGHEST GUST SPEED     9   HIGHEST GUST DIRECTION     E (110)
  AVERAGE WIND SPEED     1.1

SKY COVER
  POSSIBLE SUNSHINE  MM
  AVERAGE SKY COVER 0.4

WEATHER CONDITIONS
 THE FOLLOWING WEATHER WAS RECORDED TODAY.
  RAIN
  LIGHT RAIN
  FOG

RELATIVE HUMIDITY (PERCENT)
 HIGHEST    93           300 PM
 LOWEST     63           100 PM
 AVERAGE    78
..........................................................

THE LONDON KY CLIMATE NORMALS FOR TOMORROW
                         NORMAL    RECORD    YEAR
 MAXIMUM TEMPERATURE (F)   45        66      1988
 MINIMUM TEMPERATURE (F)   26       -18      1985

SUNRISE AND SUNSET
JANUARY 19 2017.......SUNRISE   747 AM EST   SUNSET   548 PM EST
JANUARY 20 2017.......SUNRISE   747 AM EST   SUNSET   549 PM EST

-  INDICATES NEGATIVE NUMBERS.
R  INDICATES RECORD WAS SET OR TIED.
MM INDICATES DATA IS MISSING.
T  INDICATES TRACE AMOUNT.

$$

TAB
