000
CDUS43 KJKL 220926
CLILOZ

CLIMATE REPORT
NATIONAL WEATHER SERVICE JACKSON KY
526 AM EDT WED OCT 22 2014

...................................

...THE LONDON KY CLIMATE SUMMARY FOR OCTOBER 21 2014...

CLIMATE NORMAL PERIOD 1981 TO 2010
CLIMATE RECORD PERIOD 1954 TO 2014


WEATHER ITEM   OBSERVED TIME   RECORD YEAR NORMAL DEPARTURE LAST
                VALUE   (LST)  VALUE       VALUE  FROM      YEAR
                                                  NORMAL
..................................................................

TEMPERATURE (F)
 YESTERDAY
  MAXIMUM         61    153 PM  83    1979  68     -7       69
  MINIMUM         44    734 AM  26    1974  44      0       35
  AVERAGE         53                        56     -3       52

PRECIPITATION (IN)
  YESTERDAY        0.00          0.67 1985   0.09  -0.09     0.00
  MONTH TO DATE    6.74                      1.97   4.77     2.73
  SINCE SEP 1      8.13                      5.34   2.79     5.34
  SINCE JAN 1     MM                        38.02  MM       46.38

SNOWFALL (IN)
  YESTERDAY       MM
  MONTH TO DATE   MM
  SINCE SEP 1     MM
  SINCE JUL 1     MM
  SNOW DEPTH      MM

DEGREE DAYS
 HEATING
  YESTERDAY       12                        10      2       13
  MONTH TO DATE  122                       148    -26       91
  SINCE SEP 1    140                       194    -54      106
  SINCE JUL 1    140                       195    -55      106

 COOLING
  YESTERDAY        0                         0      0        0
  MONTH TO DATE   20                        17      3       39
  SINCE SEP 1    193                       160     33      188
  SINCE JAN 1     MM                      1184     MM     1080
..................................................................

WIND (MPH)
  HIGHEST WIND SPEED    16   HIGHEST WIND DIRECTION     N (340)
  HIGHEST GUST SPEED    22   HIGHEST GUST DIRECTION     N (350)
  AVERAGE WIND SPEED     5.1


SKY COVER
  POSSIBLE SUNSHINE  MM
  AVERAGE SKY COVER 0.6


WEATHER CONDITIONS
 THE FOLLOWING WEATHER WAS RECORDED YESTERDAY.
  FOG


RELATIVE HUMIDITY (PERCENT)
 HIGHEST    93           400 AM
 LOWEST     51          1100 AM
 AVERAGE    72
..........................................................

THE LONDON KY CLIMATE NORMALS FOR TODAY
                         NORMAL    RECORD    YEAR
 MAXIMUM TEMPERATURE (F)   68        81      1978
 MINIMUM TEMPERATURE (F)   43        21      1987


SUNRISE AND SUNSET
OCTOBER 22 2014.......SUNRISE   751 AM EDT   SUNSET   650 PM EDT
OCTOBER 23 2014.......SUNRISE   752 AM EDT   SUNSET   649 PM EDT


-  INDICATES NEGATIVE NUMBERS.
R  INDICATES RECORD WAS SET OR TIED.
MM INDICATES DATA IS MISSING.
T  INDICATES TRACE AMOUNT.
$$
