000
CDUS43 KJKL 260538 RRA
CLILOZ

CLIMATE REPORT
NATIONAL WEATHER SERVICE JACKSON KY
137 AM EDT FRI MAY 26 2017

...................................

...THE LONDON KY CLIMATE SUMMARY FOR MAY 25 2017...

CLIMATE NORMAL PERIOD 1981 TO 2010
CLIMATE RECORD PERIOD 1954 TO 2017


WEATHER ITEM   OBSERVED TIME   RECORD YEAR NORMAL DEPARTURE LAST
                VALUE   (LST)  VALUE       VALUE  FROM      YEAR
                                                  NORMAL
..................................................................
TEMPERATURE (F)
 YESTERDAY
  MAXIMUM         62    759 PM  88    1970  78    -16       83
  MINIMUM         52    610 AM  40    2013  56     -4       54
  AVERAGE         57                        67    -10       69

PRECIPITATION (IN)
  YESTERDAY        0.36          1.23 1958   0.17   0.19     0.14
                                      2006
  MONTH TO DATE    7.01                      4.15   2.86     4.80
  SINCE MAR 1     17.37                     12.25   5.12     9.83

SNOWFALL (IN)
  YESTERDAY       MM
  MONTH TO DATE   MM
  SINCE MAR 1     MM
  SINCE JUL 1     MM
  SNOW DEPTH      MM

DEGREE DAYS
 HEATING
  YESTERDAY        8                         2      6        0
  MONTH TO DATE   87                        86      1      128
  SINCE MAR 1    724                       911   -187      758
  SINCE JUL 1   3319                      4187   -868     3674

 COOLING
  YESTERDAY        0                         4     -4        4
  MONTH TO DATE   68                        61      7       29
  SINCE MAR 1    125                        87     38       51
  SINCE JAN 1    125                        87     38       51
..................................................................


WIND (MPH)
  HIGHEST WIND SPEED    22   HIGHEST WIND DIRECTION     W (260)
  HIGHEST GUST SPEED    29   HIGHEST GUST DIRECTION     W (270)
  AVERAGE WIND SPEED    10.2


SKY COVER
  POSSIBLE SUNSHINE  MM
  AVERAGE SKY COVER 0.9


WEATHER CONDITIONS
 THE FOLLOWING WEATHER WAS RECORDED YESTERDAY.
  RAIN
  LIGHT RAIN
  FOG


RELATIVE HUMIDITY (PERCENT)
 HIGHEST    93          1200 PM
 LOWEST     77          1200 AM
 AVERAGE    85

..........................................................


THE LONDON KY CLIMATE NORMALS FOR TODAY
                         NORMAL    RECORD    YEAR
 MAXIMUM TEMPERATURE (F)   79        88      2012
                                             1955
 MINIMUM TEMPERATURE (F)   56        38      1979


SUNRISE AND SUNSET
MAY 26 2017...........SUNRISE   621 AM EDT   SUNSET   847 PM EDT
MAY 27 2017...........SUNRISE   620 AM EDT   SUNSET   847 PM EDT


-  INDICATES NEGATIVE NUMBERS.
R  INDICATES RECORD WAS SET OR TIED.
MM INDICATES DATA IS MISSING.
T  INDICATES TRACE AMOUNT.




$$
