000
CDUS44 KCRP 040654
CLILRD

CLIMATE REPORT
NATIONAL WEATHER SERVICE CORPUS CHRISTI TX
154 AM CDT SAT JUL 4 2015


...THE LAREDO CLIMATE SUMMARY FOR JULY 3 2015...

CLIMATE NORMAL PERIOD 1981 TO 2010
CLIMATE RECORD PERIOD 1900 TO 2015


WEATHER ITEM   OBSERVED TIME   RECORD YEAR NORMAL DEPARTURE LAST
                VALUE   (LST)  VALUE       VALUE  FROM      YEAR
                                                  NORMAL
..................................................................
TEMPERATURE (F)
 YESTERDAY
  MAXIMUM         97    459 PM 110    1910  99     -2      100
  MINIMUM         75    616 AM  66    1924  77     -2       74
  AVERAGE         86                        88     -2       87

PRECIPITATION (IN)
  YESTERDAY        0.00          1.99 1985   0.08  -0.08      T
  MONTH TO DATE    T                         0.25  -0.25     0.40
  SINCE JUN 1      1.20                      2.48  -1.28     0.95
  SINCE JAN 1     19.90                      9.35  10.55     5.98

SNOWFALL (IN)
  YESTERDAY        0.0
  MONTH TO DATE    0.0
  SINCE JUN 1      0.0
  SINCE JUL 1      0.0

DEGREE DAYS
 HEATING
  YESTERDAY        0                         0      0        0
  MONTH TO DATE    0                         0      0        0
  SINCE JUN 1      0                         0      0        0
  SINCE JUL 1      0                         0      0        0

 COOLING
  YESTERDAY       21                        23     -2       22
  MONTH TO DATE   56                        69    -13       69
  SINCE JUN 1    656                       729    -73      805
  SINCE JAN 1   1598                      1872   -274     1930
..................................................................


WIND (MPH)
  HIGHEST WIND SPEED    24   HIGHEST WIND DIRECTION    SE (140)
  HIGHEST GUST SPEED    32   HIGHEST GUST DIRECTION     S (160)
  AVERAGE WIND SPEED    15.7


SKY COVER
  POSSIBLE SUNSHINE  MM
  AVERAGE SKY COVER 0.1


WEATHER CONDITIONS
 THE FOLLOWING WEATHER WAS RECORDED YESTERDAY.
  NO SIGNIFICANT WEATHER WAS OBSERVED.


RELATIVE HUMIDITY (PERCENT)
 HIGHEST    87           600 AM
 LOWEST     36           100 PM

..........................................................


THE LAREDO CLIMATE NORMALS FOR TODAY
                         NORMAL    RECORD    YEAR
 MAXIMUM TEMPERATURE (F)   99       111      1910
 MINIMUM TEMPERATURE (F)   77        63      1907


SUNRISE AND SUNSET
JULY  4 2015..........SUNRISE   647 AM CDT   SUNSET   837 PM CDT
JULY  5 2015..........SUNRISE   648 AM CDT   SUNSET   837 PM CDT


-  INDICATES NEGATIVE NUMBERS.
R  INDICATES RECORD WAS SET OR TIED.
MM INDICATES DATA IS MISSING.
T  INDICATES TRACE AMOUNT.

$$

TMT
