000
CDUS44 KCRP 230755
CLILRD

CLIMATE REPORT
NATIONAL WEATHER SERVICE CORPUS CHRISTI TX
155 AM CST TUE JAN 23 2018


...THE LAREDO CLIMATE SUMMARY FOR JANUARY 22 2018...

CLIMATE NORMAL PERIOD 1981 TO 2010
CLIMATE RECORD PERIOD 1900 TO 2018


WEATHER ITEM   OBSERVED TIME   RECORD YEAR NORMAL DEPARTURE LAST
                VALUE   (LST)  VALUE       VALUE  FROM      YEAR
                                                  NORMAL
..................................................................
TEMPERATURE (F)
 YESTERDAY
  MAXIMUM         70    356 PM  91    1969  68      2       77
  MINIMUM         46    730 AM  20    1935  46      0       47
  AVERAGE         58                        57      1       62

PRECIPITATION (IN)
  YESTERDAY        0.00          0.18 1926   0.03  -0.03     0.00
  MONTH TO DATE    0.10                      0.64  -0.54     0.01
  SINCE DEC 1      2.79                      1.52   1.27     1.63
  SINCE JAN 1      0.10                      0.64  -0.54     0.01

SNOWFALL (IN)
  YESTERDAY        0.0
  MONTH TO DATE    T
  SINCE DEC 1      1.3
  SINCE JUL 1      1.3

DEGREE DAYS
 HEATING
  YESTERDAY        7                         9     -2        3
  MONTH TO DATE  288                       214     74       97
  SINCE DEC 1    601                       489    112      276
  SINCE JUL 1    670                       604     66      293

 COOLING
  YESTERDAY        0                         1     -1        0
  MONTH TO DATE    1                        22    -21       91
  SINCE DEC 1     44                        57    -13      154
  SINCE JAN 1      1                        22    -21       91
..................................................................


WIND (MPH)
  HIGHEST WIND SPEED    17   HIGHEST WIND DIRECTION     N (10)
  HIGHEST GUST SPEED    20   HIGHEST GUST DIRECTION     N (10)
  AVERAGE WIND SPEED     8.3


SKY COVER
  POSSIBLE SUNSHINE  MM
  AVERAGE SKY COVER 0.0


WEATHER CONDITIONS
 THE FOLLOWING WEATHER WAS RECORDED YESTERDAY.
  FOG


RELATIVE HUMIDITY (PERCENT)
 HIGHEST   100          1200 AM
 LOWEST     16           500 PM

..........................................................


THE LAREDO CLIMATE NORMALS FOR TODAY
                         NORMAL    RECORD    YEAR
 MAXIMUM TEMPERATURE (F)   68        94      1943
 MINIMUM TEMPERATURE (F)   47        16      1930


SUNRISE AND SUNSET
JANUARY 23 2018.......SUNRISE   728 AM CST   SUNSET   612 PM CST
JANUARY 24 2018.......SUNRISE   728 AM CST   SUNSET   613 PM CST


-  INDICATES NEGATIVE NUMBERS.
R  INDICATES RECORD WAS SET OR TIED.
MM INDICATES DATA IS MISSING.
T  INDICATES TRACE AMOUNT.

$$

TMT
