324
CDUS44 KCRP 200921
CLILRD

CLIMATE REPORT
NATIONAL WEATHER SERVICE CORPUS CHRISTI TX
318 AM CST MON NOV 20 2017


...................................

...THE LAREDO CLIMATE SUMMARY FOR NOVEMBER 19 2017...

CLIMATE NORMAL PERIOD 1981 TO 2010
CLIMATE RECORD PERIOD 1900 TO 2017


WEATHER ITEM   OBSERVED TIME   RECORD YEAR NORMAL DEPARTURE LAST
                VALUE   (LST)  VALUE       VALUE  FROM      YEAR
                                                  NORMAL
..................................................................
TEMPERATURE (F)
 YESTERDAY
  MAXIMUM         67        MM  93    2011  75     -8       67
  MINIMUM         50        MM  32    1917  54     -4       48
  AVERAGE         59                        64     -5       58

PRECIPITATION (IN)
  YESTERDAY        0.00          2.24 1905   0.04  -0.04     0.00
  MONTH TO DATE    0.62                      0.82  -0.20     0.67
  SINCE SEP 1      9.68                      5.96   3.72     5.80
  SINCE JAN 1     22.27                     18.95   3.32    22.88

SNOWFALL (IN)
  YESTERDAY        0.0
  MONTH TO DATE    0.0
  SINCE SEP 1      0.0
  SINCE JUL 1      0.0

DEGREE DAYS
 HEATING
  YESTERDAY        6                         4      2        7
  MONTH TO DATE   26                        45    -19        7
  SINCE SEP 1     49                        57     -8        7
  SINCE JUL 1     49                        57     -8        7

 COOLING
  YESTERDAY        0                         3     -3        0
  MONTH TO DATE  171                        98     73      164
  SINCE SEP 1   1088                       984    104     1250
  SINCE JAN 1   4813                      4227    586     4669
..................................................................


WIND (MPH)
  HIGHEST WIND SPEED    MM   HIGHEST WIND DIRECTION    MM
  HIGHEST GUST SPEED    MM   HIGHEST GUST DIRECTION    MM
  AVERAGE WIND SPEED    MM


SKY COVER
  POSSIBLE SUNSHINE  MM
  AVERAGE SKY COVER 0.0


WEATHER CONDITIONS
 THE FOLLOWING WEATHER WAS RECORDED YESTERDAY.
  NO SIGNIFICANT WEATHER WAS OBSERVED.


RELATIVE HUMIDITY (PERCENT)
 HIGHEST    56           700 AM
 LOWEST     22           500 PM

..........................................................


THE LAREDO CLIMATE NORMALS FOR TODAY
                         NORMAL    RECORD    YEAR
 MAXIMUM TEMPERATURE (F)   75        93      2011
 MINIMUM TEMPERATURE (F)   53        28      1969


SUNRISE AND SUNSET
NOVEMBER 20 2017......SUNRISE   703 AM CST   SUNSET   544 PM CST
NOVEMBER 21 2017......SUNRISE   703 AM CST   SUNSET   544 PM CST


-  INDICATES NEGATIVE NUMBERS.
R  INDICATES RECORD WAS SET OR TIED.
MM INDICATES DATA IS MISSING.
T  INDICATES TRACE AMOUNT.




$$
