000
CDUS44 KCRP 300707
CLILRD

CLIMATE REPORT
NATIONAL WEATHER SERVICE CORPUS CHRISTI TX
207 AM CDT SAT AUG 30 2014


...................................

...THE LAREDO CLIMATE SUMMARY FOR AUGUST 29 2014...

CLIMATE NORMAL PERIOD 1981 TO 2010
CLIMATE RECORD PERIOD 1900 TO 2014


WEATHER ITEM   OBSERVED TIME   RECORD YEAR NORMAL DEPARTURE LAST
                VALUE   (LST)  VALUE       VALUE  FROM      YEAR
                                                  NORMAL
..................................................................
TEMPERATURE (F)
 YESTERDAY
  MAXIMUM        100    447 PM 109    2011  98      2      101
  MINIMUM         79    706 AM  65    1973  76      3       77
  AVERAGE         90                        87      3       89

PRECIPITATION (IN)
  YESTERDAY        0.00          3.04 1977   0.10  -0.10     0.00
  MONTH TO DATE    0.49                      1.68  -1.19     1.34
  SINCE JUN 1      2.38                      5.92  -3.54     5.79
  SINCE JAN 1      7.41                     12.79  -5.38    12.87

SNOWFALL (IN)
  YESTERDAY        0.0
  MONTH TO DATE    0.0
  SINCE JUN 1      0.0
  SINCE JUL 1      0.0

DEGREE DAYS
 HEATING
  YESTERDAY        0                         0      0        0
  MONTH TO DATE    0                         0      0        0
  SINCE JUN 1      0                         0      0        0
  SINCE JUL 1      0                         0      0        0

 COOLING
  YESTERDAY       25                        22      3       24
  MONTH TO DATE  759                       685     74      721
  SINCE JUN 1   2258                      2058    200     2154
  SINCE JAN 1   3383                      3201    182     3355
..................................................................


WIND (MPH)
  HIGHEST WIND SPEED    17   HIGHEST WIND DIRECTION     E (90)
  HIGHEST GUST SPEED    22   HIGHEST GUST DIRECTION    NE (60)
  AVERAGE WIND SPEED     9.8


SKY COVER
  POSSIBLE SUNSHINE  MM
  AVERAGE SKY COVER 0.4


WEATHER CONDITIONS
 THE FOLLOWING WEATHER WAS RECORDED YESTERDAY.
  HAZE


RELATIVE HUMIDITY (PERCENT)
 HIGHEST    88           700 AM
 LOWEST     33           500 PM

..........................................................


THE LAREDO CLIMATE NORMALS FOR TODAY
                         NORMAL    RECORD    YEAR
 MAXIMUM TEMPERATURE (F)   98       107      1991
 MINIMUM TEMPERATURE (F)   76        62      1973


SUNRISE AND SUNSET
AUGUST 30 2014........SUNRISE   716 AM CDT   SUNSET   801 PM CDT
AUGUST 31 2014........SUNRISE   716 AM CDT   SUNSET   759 PM CDT


-  INDICATES NEGATIVE NUMBERS.
R  INDICATES RECORD WAS SET OR TIED.
MM INDICATES DATA IS MISSING.
T  INDICATES TRACE AMOUNT.




$$
