000
CDUS44 KCRP 220818 RRA
CLILRD

CLIMATE REPORT
NATIONAL WEATHER SERVICE CORPUS CHRISTI TX
318 AM CDT FRI SEP 22 2017


...................................

...THE LAREDO CLIMATE SUMMARY FOR SEPTEMBER 21 2017...

CLIMATE NORMAL PERIOD 1981 TO 2010
CLIMATE RECORD PERIOD 1900 TO 2017


WEATHER ITEM   OBSERVED TIME   RECORD YEAR NORMAL DEPARTURE LAST
                VALUE   (LST)  VALUE       VALUE  FROM      YEAR
                                                  NORMAL
..................................................................
TEMPERATURE (F)
 YESTERDAY
  MAXIMUM        100        MM 110    1926  92      8       99
  MINIMUM         81        MM  57    1983  71     10       76
  AVERAGE         91                        82      9       88

PRECIPITATION (IN)
  YESTERDAY        0.00          1.82 1995   0.09  -0.09     0.00
  MONTH TO DATE    0.46                      2.15  -1.69     1.17
  SINCE SEP 1      0.46                      2.15  -1.69     1.17
  SINCE JAN 1     13.05                     15.14  -2.09    18.25

SNOWFALL (IN)
  YESTERDAY        0.0
  MONTH TO DATE    0.0
  SINCE SEP 1      0.0
  SINCE JUL 1      0.0

DEGREE DAYS
 HEATING
  YESTERDAY        0                         0      0        0
  MONTH TO DATE    0                         0      0        0
  SINCE SEP 1      0                         0      0        0
  SINCE JUL 1      0                         0      0        0

 COOLING
  YESTERDAY       26                        17      9       23
  MONTH TO DATE  433                       402     31      474
  SINCE SEP 1    433                       402     31      474
  SINCE JAN 1   4158                      3645    513     3893
..................................................................


WIND (MPH)
  HIGHEST WIND SPEED    20   HIGHEST WIND DIRECTION     S (160)
  HIGHEST GUST SPEED    27   HIGHEST GUST DIRECTION     S (160)
  AVERAGE WIND SPEED    14.0


SKY COVER
  POSSIBLE SUNSHINE  MM
  AVERAGE SKY COVER 0.4


WEATHER CONDITIONS
 THE FOLLOWING WEATHER WAS RECORDED YESTERDAY.
  NO SIGNIFICANT WEATHER WAS OBSERVED.


RELATIVE HUMIDITY (PERCENT)
 HIGHEST    85           700 AM
 LOWEST     38           300 PM

..........................................................


THE LAREDO CLIMATE NORMALS FOR TODAY
                         NORMAL    RECORD    YEAR
 MAXIMUM TEMPERATURE (F)   92       107      1909
 MINIMUM TEMPERATURE (F)   71        53      1995


SUNRISE AND SUNSET
SEPTEMBER 22 2017.....SUNRISE   726 AM CDT   SUNSET   734 PM CDT
SEPTEMBER 23 2017.....SUNRISE   727 AM CDT   SUNSET   733 PM CDT


-  INDICATES NEGATIVE NUMBERS.
R  INDICATES RECORD WAS SET OR TIED.
MM INDICATES DATA IS MISSING.
T  INDICATES TRACE AMOUNT.




$$
