000
CDUS46 KMTR 150209
CLILVK


CLIMATE REPORT
NATIONAL WEATHER SERVICE SAN FRANCISCO BAY AREA
708 PM PDT SUN SEP 14 2014


...................................

...THE LIVERMORE AIRPORT CLIMATE SUMMARY FOR SEPTEMBER 14 2014...
VALID TODAY AS OF 0700 PM LOCAL TIME.

CLIMATE NORMAL PERIOD 1981 TO 2010
CLIMATE RECORD PERIOD 1930 TO 2014


WEATHER ITEM   OBSERVED TIME   RECORD YEAR NORMAL DEPARTURE LAST
                VALUE   (LST)  VALUE       VALUE  FROM      YEAR
                                                  NORMAL
..................................................................
TEMPERATURE (F)
 TODAY
  MAXIMUM         93        MM 109    1971  85      8       75
  MINIMUM         61        MM  37    1970  56      5       57
  AVERAGE         77                        70      7       66

PRECIPITATION (IN)
  TODAY            0.00          0.01 2009   0.00   0.00     0.00
  MONTH TO DATE    0.00                      0.05  -0.05     0.01
  SINCE JUL 1      T                         0.06  -0.06     0.01
  SINCE JAN 1      4.88                      9.96  -5.08     2.13

DEGREE DAYS
 HEATING
  TODAY            0                         0      0        0
  MONTH TO DATE    0                         0      0        0
  SINCE SEP 1      0                         0      0        0
  SINCE JUL 1      0                         7     -7        0

 COOLING
  TODAY           12                         6      6        1
  MONTH TO DATE  134                        91     43      131
  SINCE SEP 1    134                        91     43      131
  SINCE JAN 1   1048                       716    332      955
..................................................................


WIND (MPH)
  RESULTANT WIND SPEED   6   RESULTANT WIND DIRECTION   W (290)
  HIGHEST WIND SPEED    16   HIGHEST WIND DIRECTION     W (290)
  HIGHEST GUST SPEED    MM   HIGHEST GUST DIRECTION    MM
  AVERAGE WIND SPEED     7.1


SKY COVER
  POSSIBLE SUNSHINE  MM
  AVERAGE SKY COVER 0.0


WEATHER CONDITIONS
 THE FOLLOWING WEATHER WAS RECORDED TODAY.
  NO SIGNIFICANT WEATHER WAS OBSERVED.


RELATIVE HUMIDITY (PERCENT)
 HIGHEST    84           600 AM
 LOWEST     18           300 PM
 AVERAGE    51

..........................................................


THE LIVERMORE AIRPORT CLIMATE NORMALS FOR TOMORROW
                         NORMAL    RECORD    YEAR
 MAXIMUM TEMPERATURE (F)   85       109      1971
 MINIMUM TEMPERATURE (F)   56        39      1970


SUNRISE AND SUNSET
SEPTEMBER 14 2014.....SUNRISE   648 AM PDT   SUNSET   716 PM PDT
SEPTEMBER 15 2014.....SUNRISE   649 AM PDT   SUNSET   715 PM PDT


-  INDICATES NEGATIVE NUMBERS.
R  INDICATES RECORD WAS SET OR TIED.
MM INDICATES DATA IS MISSING.
T  INDICATES TRACE AMOUNT.




$$
