000
CDUS46 KMTR 200831
CLILVK


CLIMATE REPORT
NATIONAL WEATHER SERVICE SAN FRANCISCO BAY AREA
131 AM PDT WED AUG 20 2014


...................................

...THE LIVERMORE AIRPORT CLIMATE SUMMARY FOR AUGUST 19 2014...

CLIMATE NORMAL PERIOD 1981 TO 2010
CLIMATE RECORD PERIOD 1930 TO 2014


WEATHER ITEM   OBSERVED TIME   RECORD YEAR NORMAL DEPARTURE LAST
                VALUE   (LST)  VALUE       VALUE  FROM      YEAR
                                                  NORMAL
..................................................................
TEMPERATURE (F)
 YESTERDAY
  MAXIMUM         81    131 PM 111    1950  87     -6      104
  MINIMUM         61    714 AM  47    1973  57      4       68
  AVERAGE         71                        72     -1       86

PRECIPITATION (IN)
  YESTERDAY        0.00          0.50 1983   0.00   0.00     0.00
  MONTH TO DATE    0.00                      0.00   0.00     0.00
  SINCE JUL 1      T                         T      0.00     0.00
  SINCE JAN 1      4.88                      9.90  -5.02     2.12

DEGREE DAYS
 HEATING
  YESTERDAY        0                         0      0        0
  MONTH TO DATE    0                         0      0        0
  SINCE JUN 1      4                        36    -32        5
  SINCE JUL 1      0                         4     -4        0

 COOLING
  YESTERDAY        6                         7     -1       21
  MONTH TO DATE  165                       141     24      149
  SINCE JUN 1    685                       482    203      616
  SINCE JAN 1    811                       535    276      717
..................................................................


WIND (MPH)
  RESULTANT WIND SPEED   9   RESULTANT WIND DIRECTION   W (280)
  HIGHEST WIND SPEED    21   HIGHEST WIND DIRECTION    NW (300)
  HIGHEST GUST SPEED    25   HIGHEST GUST DIRECTION     W (280)
  AVERAGE WIND SPEED    10.2


SKY COVER
  POSSIBLE SUNSHINE  MM
  AVERAGE SKY COVER 0.5


WEATHER CONDITIONS
 THE FOLLOWING WEATHER WAS RECORDED YESTERDAY.
  NO SIGNIFICANT WEATHER WAS OBSERVED.


RELATIVE HUMIDITY (PERCENT)
 HIGHEST    90          1200 AM
 LOWEST     45           100 PM
 AVERAGE    68

..........................................................


THE LIVERMORE AIRPORT CLIMATE NORMALS FOR TODAY
                         NORMAL    RECORD    YEAR
 MAXIMUM TEMPERATURE (F)   87       103      1960
 MINIMUM TEMPERATURE (F)   57        46      1949


SUNRISE AND SUNSET
AUGUST 20 2014........SUNRISE   627 AM PDT   SUNSET   753 PM PDT
AUGUST 21 2014........SUNRISE   628 AM PDT   SUNSET   752 PM PDT


-  INDICATES NEGATIVE NUMBERS.
R  INDICATES RECORD WAS SET OR TIED.
MM INDICATES DATA IS MISSING.
T  INDICATES TRACE AMOUNT.




$$
