000
CDUS46 KMTR 240826
CLILVK


CLIMATE REPORT
NATIONAL WEATHER SERVICE SAN FRANCISCO BAY AREA
126 AM PDT FRI MAR 24 2017


...................................

...THE LIVERMORE AIRPORT CLIMATE SUMMARY FOR MARCH 23 2017...

CLIMATE NORMAL PERIOD 1981 TO 2010
CLIMATE RECORD PERIOD 1930 TO 2017


WEATHER ITEM   OBSERVED TIME   RECORD YEAR NORMAL DEPARTURE LAST
                VALUE   (LST)  VALUE       VALUE  FROM      YEAR
                                                  NORMAL
..................................................................
TEMPERATURE (F)
 YESTERDAY
  MAXIMUM         63    333 PM  81    2007  65     -2       68
  MINIMUM         42    548 AM  25    1951  43     -1       39
  AVERAGE         53                        54     -1       54

PRECIPITATION (IN)
  YESTERDAY        T             1.02 2005   0.06  -0.06     0.00
  MONTH TO DATE    1.67                      1.69  -0.02     3.52
  SINCE OCT 1     23.17                     13.31   9.86    13.49
  SINCE JAN 1     16.71                      7.73   8.98     8.49

DEGREE DAYS
 HEATING
  YESTERDAY       12                        11      1       11
  MONTH TO DATE  213                       267    -54      207
  SINCE MAR 1    213                       267    -54      207
  SINCE JUL 1   2072                      2274   -202     1912

 COOLING
  YESTERDAY        0                         0      0        0
  MONTH TO DATE    0                         0      0        0
  SINCE MAR 1      0                         0      0        0
  SINCE JAN 1      0                         0      0        0
..................................................................


WIND (MPH)
  RESULTANT WIND SPEED   4   RESULTANT WIND DIRECTION   W (250)
  HIGHEST WIND SPEED    17   HIGHEST WIND DIRECTION     W (280)
  HIGHEST GUST SPEED    22   HIGHEST GUST DIRECTION     W (270)
  AVERAGE WIND SPEED     4.8


SKY COVER
  POSSIBLE SUNSHINE  MM
  AVERAGE SKY COVER 0.3


WEATHER CONDITIONS
 THE FOLLOWING WEATHER WAS RECORDED YESTERDAY.
  NO SIGNIFICANT WEATHER WAS OBSERVED.


RELATIVE HUMIDITY (PERCENT)
 HIGHEST    89           600 AM
 LOWEST     51          1200 PM
 AVERAGE    70

..........................................................


THE LIVERMORE AIRPORT CLIMATE NORMALS FOR TODAY
                         NORMAL    RECORD    YEAR
 MAXIMUM TEMPERATURE (F)   65        82      1970
 MINIMUM TEMPERATURE (F)   43        30      1935


SUNRISE AND SUNSET
MARCH 24 2017.........SUNRISE   704 AM PDT   SUNSET   723 PM PDT
MARCH 25 2017.........SUNRISE   703 AM PDT   SUNSET   724 PM PDT


-  INDICATES NEGATIVE NUMBERS.
R  INDICATES RECORD WAS SET OR TIED.
MM INDICATES DATA IS MISSING.
T  INDICATES TRACE AMOUNT.




$$
