000
CDUS45 KBYZ 210723
CLILVM


CLIMATE REPORT
NATIONAL WEATHER SERVICE BILLINGS MT
1223 AM MST TUE NOV 21 2017


...................................

...THE LIVINGSTON MT CLIMATE SUMMARY FOR NOVEMBER 20 2017...

CLIMATE NORMAL PERIOD 1981 TO 2010
CLIMATE RECORD PERIOD 1948 TO 2017


WEATHER ITEM   OBSERVED TIME   RECORD YEAR NORMAL DEPARTURE LAST
                VALUE   (LST)  VALUE       VALUE  FROM      YEAR
                                                  NORMAL
..................................................................
TEMPERATURE (F)
 YESTERDAY
  MAXIMUM         50   1148 AM  72    2002  42      8       59
  MINIMUM         38   1142 PM -10    1977  23     15       37
  AVERAGE         44                        32     12       48

PRECIPITATION (IN)
  YESTERDAY        0.12          0.41 1962   0.02   0.10     0.00
  MONTH TO DATE    1.59                      0.39   1.20     0.19
  SINCE OCT 1      1.83                      1.65   0.18     3.51
  SINCE JAN 1     15.73                     14.09   1.64    13.50

DEGREE DAYS
 HEATING
  YESTERDAY       21                        33    -12       17
  MONTH TO DATE  702                       581    121      353
  SINCE SEP 1   1609                      1491    118     1115
  SINCE JUL 1   1632                      1609     23     1203

 COOLING
  YESTERDAY        0                         0      0        0
  MONTH TO DATE    0                         0      0        0
  SINCE SEP 1     53                        15     38       18
  SINCE JAN 1    397                       230    167      330
..................................................................


WIND (MPH)
  HIGHEST WIND SPEED    54   HIGHEST WIND DIRECTION    SW (210)
  HIGHEST GUST SPEED    69   HIGHEST GUST DIRECTION     S (200)
  AVERAGE WIND SPEED    30.9


SKY COVER
  POSSIBLE SUNSHINE  MM
  AVERAGE SKY COVER 0.6


WEATHER CONDITIONS
 THE FOLLOWING WEATHER WAS RECORDED YESTERDAY.
  LIGHT RAIN
  FOG


RELATIVE HUMIDITY (PERCENT)
 HIGHEST   100          1000 PM
 LOWEST     31           300 AM
 AVERAGE    66

..........................................................


THE LIVINGSTON MT CLIMATE NORMALS FOR TODAY
                         NORMAL    RECORD    YEAR
 MAXIMUM TEMPERATURE (F)   41        73      2002
 MINIMUM TEMPERATURE (F)   22       -12      2013
                                             2010
                                             1977


SUNRISE AND SUNSET
NOVEMBER 21 2017......SUNRISE   730 AM MST   SUNSET   445 PM MST
NOVEMBER 22 2017......SUNRISE   731 AM MST   SUNSET   444 PM MST


-  INDICATES NEGATIVE NUMBERS.
R  INDICATES RECORD WAS SET OR TIED.
MM INDICATES DATA IS MISSING.
T  INDICATES TRACE AMOUNT.




$$
