000
CDUS45 KBYZ 230934
CLILVM


CLIMATE REPORT
NATIONAL WEATHER SERVICE BILLINGS MT
332 AM MDT THU OCT 23 2014


...................................

...THE LIVINGSTON MT CLIMATE SUMMARY FOR OCTOBER 22 2014...

CLIMATE NORMAL PERIOD 1981 TO 2010
CLIMATE RECORD PERIOD 1948 TO 2014


WEATHER ITEM   OBSERVED TIME   RECORD YEAR NORMAL DEPARTURE LAST
                VALUE   (LST)  VALUE       VALUE  FROM      YEAR
                                                  NORMAL
..................................................................
TEMPERATURE (F)
 YESTERDAY
  MAXIMUM         61   1245 PM  82    2003  56      5       69
  MINIMUM         38    324 AM  13    1957  30      8       33
  AVERAGE         50                        43      7       51

PRECIPITATION (IN)
  YESTERDAY        0.00          0.45 1975   0.03  -0.03     0.00
  MONTH TO DATE    0.23                      0.98  -0.75     1.14
  SINCE OCT 1      0.23                      0.98  -0.75     1.14
  SINCE JAN 1     13.90                     13.42   0.48    10.93

SNOWFALL (IN)
  YESTERDAY       MM             3.0  1975  MM     MM       MM
  MONTH TO DATE   MM                        MM     MM       MM
  SINCE SEP 1     MM                        MM     MM       MM
  SINCE JUL 1     MM                        MM     MM       MM
  SNOW DEPTH      MM

DEGREE DAYS
 HEATING
  YESTERDAY       15                        22     -7       14
  MONTH TO DATE  251                       407   -156      474
  SINCE SEP 1    495                       698   -203      647
  SINCE JUL 1    564                       816   -252      647

 COOLING
  YESTERDAY        0                         0      0        0
  MONTH TO DATE    0                         0      0        0
  SINCE SEP 1     18                        14      4       56
  SINCE JAN 1    321                       229     92      495
..................................................................


WIND (MPH)
  HIGHEST WIND SPEED    36   HIGHEST WIND DIRECTION    SW (240)
  HIGHEST GUST SPEED    44   HIGHEST GUST DIRECTION    SW (220)
  AVERAGE WIND SPEED    22.1


SKY COVER
  POSSIBLE SUNSHINE  MM
  AVERAGE SKY COVER 0.2


WEATHER CONDITIONS
 THE FOLLOWING WEATHER WAS RECORDED YESTERDAY.
  NO SIGNIFICANT WEATHER WAS OBSERVED.


RELATIVE HUMIDITY (PERCENT)
 HIGHEST    65           100 AM
 LOWEST     25           100 PM
 AVERAGE    45

..........................................................


THE LIVINGSTON MT CLIMATE NORMALS FOR TODAY
                         NORMAL    RECORD    YEAR
 MAXIMUM TEMPERATURE (F)   56        76      1948
 MINIMUM TEMPERATURE (F)   30         9      1957


SUNRISE AND SUNSET
OCTOBER 23 2014.......SUNRISE   749 AM MDT   SUNSET   622 PM MDT
OCTOBER 24 2014.......SUNRISE   751 AM MDT   SUNSET   621 PM MDT


-  INDICATES NEGATIVE NUMBERS.
R  INDICATES RECORD WAS SET OR TIED.
MM INDICATES DATA IS MISSING.
T  INDICATES TRACE AMOUNT.





&&

THIS IS AN AUTOMATED...UNATTENDED WEATHER STATION AND MAY
UNDERESTIMATE WINTER PRECIPITATION.

$$
