000
CDUS45 KBYZ 300933
CLILVM


CLIMATE REPORT
NATIONAL WEATHER SERVICE BILLINGS MT
331 AM MDT TUE SEP 30 2014


...................................

...THE LIVINGSTON MT CLIMATE SUMMARY FOR SEPTEMBER 29 2014...

CLIMATE NORMAL PERIOD 1981 TO 2010
CLIMATE RECORD PERIOD 1948 TO 2014


WEATHER ITEM   OBSERVED TIME   RECORD YEAR NORMAL DEPARTURE LAST
                VALUE   (LST)  VALUE       VALUE  FROM      YEAR
                                                  NORMAL
..................................................................
TEMPERATURE (F)
 YESTERDAY
  MAXIMUM         60    201 PM  89    1967  66     -6       66
  MINIMUM         45    716 AM  10    1985  36      9       44
  AVERAGE         53                        51      2       55

PRECIPITATION (IN)
  YESTERDAY        0.14          0.37 1991   0.05   0.09     0.05
  MONTH TO DATE    1.64                      1.17   0.47     2.14
  SINCE OCT 1     15.87                     14.77   1.10    11.92
  SINCE JAN 1     13.58                     12.40   1.18     9.62

DEGREE DAYS
 HEATING
  YESTERDAY       12                        14     -2       10
  MONTH TO DATE  231                       275    -44      161
  SINCE SEP 1    231                       275    -44      161
  SINCE JUL 1    300                       393    -93      161

 COOLING
  YESTERDAY        0                         0      0        0
  MONTH TO DATE   18                        13      5       56
  SINCE SEP 1     18                        13      5       56
  SINCE JAN 1    321                       228     93      495
..................................................................


WIND (MPH)
  HIGHEST WIND SPEED    26   HIGHEST WIND DIRECTION    SW (230)
  HIGHEST GUST SPEED    33   HIGHEST GUST DIRECTION    SW (220)
  AVERAGE WIND SPEED     7.0


SKY COVER
  POSSIBLE SUNSHINE  MM
  AVERAGE SKY COVER 0.7


WEATHER CONDITIONS
 THE FOLLOWING WEATHER WAS RECORDED YESTERDAY.
  LIGHT RAIN
  FOG
  FOG W/VISIBILITY <= 1/4 MILE


RELATIVE HUMIDITY (PERCENT)
 HIGHEST    93           100 AM
 LOWEST     57           200 PM
 AVERAGE    75

..........................................................


THE LIVINGSTON MT CLIMATE NORMALS FOR TODAY
                         NORMAL    RECORD    YEAR
 MAXIMUM TEMPERATURE (F)   65        90      2011
 MINIMUM TEMPERATURE (F)   35        16      1985


SUNRISE AND SUNSET
SEPTEMBER 30 2014.....SUNRISE   719 AM MDT   SUNSET   704 PM MDT
OCTOBER  1 2014.......SUNRISE   720 AM MDT   SUNSET   702 PM MDT


-  INDICATES NEGATIVE NUMBERS.
R  INDICATES RECORD WAS SET OR TIED.
MM INDICATES DATA IS MISSING.
T  INDICATES TRACE AMOUNT.





&&

THIS IS AN AUTOMATED...UNATTENDED WEATHER STATION AND MAY
UNDERESTIMATE WINTER PRECIPITATION.

$$
