000
CDUS45 KBYZ 290723
CLILVM


CLIMATE REPORT
NATIONAL WEATHER SERVICE BILLINGS MT
123 AM MDT SAT JUL 29 2017


...................................

...THE LIVINGSTON MT CLIMATE SUMMARY FOR JULY 28 2017...

CLIMATE NORMAL PERIOD 1981 TO 2010
CLIMATE RECORD PERIOD 1948 TO 2017


WEATHER ITEM   OBSERVED TIME   RECORD YEAR NORMAL DEPARTURE LAST
                VALUE   (LST)  VALUE       VALUE  FROM      YEAR
                                                  NORMAL
..................................................................
TEMPERATURE (F)
 YESTERDAY
  MAXIMUM         91    257 PM 101    2006  87      4       85
  MINIMUM         54    502 AM  40    1949  50      4       55
  AVERAGE         73                        68      5       70

PRECIPITATION (IN)
  YESTERDAY        0.00          1.64 1998   0.04  -0.04     0.01
  MONTH TO DATE    0.42                      1.35  -0.93     1.39
  SINCE OCT 1     14.10                     12.37   1.73    10.89
  SINCE JAN 1     10.17                     10.00   0.17     7.19

DEGREE DAYS
 HEATING
  YESTERDAY        0                         1     -1        0
  MONTH TO DATE    2                        47    -45       33
  SINCE JUN 1    160                       254    -94      111
  SINCE JUL 1      2                        47    -45       33

 COOLING
  YESTERDAY        8                         4      4        5
  MONTH TO DATE  202                        94    108      125
  SINCE JUN 1    225                       113    112      195
  SINCE JAN 1    225                       114    111      195
..................................................................


WIND (MPH)
  HIGHEST WIND SPEED    23   HIGHEST WIND DIRECTION    SW (210)
  HIGHEST GUST SPEED    29   HIGHEST GUST DIRECTION     S (160)
  AVERAGE WIND SPEED    11.0


SKY COVER
  POSSIBLE SUNSHINE  MM
  AVERAGE SKY COVER 0.0


WEATHER CONDITIONS
 THE FOLLOWING WEATHER WAS RECORDED YESTERDAY.
  THUNDERSTORM


RELATIVE HUMIDITY (PERCENT)
 HIGHEST    72           400 AM
 LOWEST     19           300 PM
 AVERAGE    46

..........................................................


THE LIVINGSTON MT CLIMATE NORMALS FOR TODAY
                         NORMAL    RECORD    YEAR
 MAXIMUM TEMPERATURE (F)   87       103      2006
 MINIMUM TEMPERATURE (F)   50        35      1971


SUNRISE AND SUNSET
JULY 29 2017..........SUNRISE   602 AM MDT   SUNSET   854 PM MDT
JULY 30 2017..........SUNRISE   603 AM MDT   SUNSET   852 PM MDT


-  INDICATES NEGATIVE NUMBERS.
R  INDICATES RECORD WAS SET OR TIED.
MM INDICATES DATA IS MISSING.
T  INDICATES TRACE AMOUNT.




$$
