423
CDUS45 KBYZ 191041
CLILVM


CLIMATE REPORT
NATIONAL WEATHER SERVICE BILLINGS MT
340 AM MST SUN FEB 19 2017


...................................

...THE LIVINGSTON MT CLIMATE SUMMARY FOR FEBRUARY 18 2017...

CLIMATE NORMAL PERIOD 1981 TO 2010
CLIMATE RECORD PERIOD 1948 TO 2017


WEATHER ITEM   OBSERVED TIME   RECORD YEAR NORMAL DEPARTURE LAST
                VALUE   (LST)  VALUE       VALUE  FROM      YEAR
                                                  NORMAL
..................................................................
TEMPERATURE (F)
 YESTERDAY
  MAXIMUM         58    211 PM  59    2016  40     18       59
  MINIMUM         32    753 AM -33    2006  18     14       35
  AVERAGE         45                        29     16       47

PRECIPITATION (IN)
  YESTERDAY        0.00          0.35 1986   0.02  -0.02     0.07
  MONTH TO DATE    0.67                      0.30   0.37     0.15
  SINCE OCT 1      5.01                      3.16   1.85     4.00
  SINCE JAN 1      1.08                      0.79   0.29     0.30

DEGREE DAYS
 HEATING
  YESTERDAY       20                        36    -16       18
  MONTH TO DATE  634                       661    -27      443
  SINCE DEC 1   3396                      3043    353     2645
  SINCE JUL 1   4894                      5002   -108     4322

 COOLING
  YESTERDAY        0                         0      0        0
  MONTH TO DATE    0                         0      0        0
  SINCE DEC 1      0                         0      0        0
  SINCE JAN 1      0                         0      0        0
..................................................................


WIND (MPH)
  HIGHEST WIND SPEED    35   HIGHEST WIND DIRECTION    SW (220)
  HIGHEST GUST SPEED    43   HIGHEST GUST DIRECTION    SW (220)
  AVERAGE WIND SPEED    11.9


SKY COVER
  POSSIBLE SUNSHINE  MM
  AVERAGE SKY COVER 0.5


WEATHER CONDITIONS
 THE FOLLOWING WEATHER WAS RECORDED YESTERDAY.
  NO SIGNIFICANT WEATHER WAS OBSERVED.


RELATIVE HUMIDITY (PERCENT)
 HIGHEST    78          1200 AM
 LOWEST     33           100 PM
 AVERAGE    56

..........................................................


THE LIVINGSTON MT CLIMATE NORMALS FOR TODAY
                         NORMAL    RECORD    YEAR
 MAXIMUM TEMPERATURE (F)   41        63      1995
 MINIMUM TEMPERATURE (F)   19       -19      2006


SUNRISE AND SUNSET
FEBRUARY 19 2017......SUNRISE   717 AM MST   SUNSET   555 PM MST
FEBRUARY 20 2017......SUNRISE   715 AM MST   SUNSET   556 PM MST


-  INDICATES NEGATIVE NUMBERS.
R  INDICATES RECORD WAS SET OR TIED.
MM INDICATES DATA IS MISSING.
T  INDICATES TRACE AMOUNT.





&&

THIS IS AN AUTOMATED...UNATTENDED WEATHER STATION AND MAY
UNDERESTIMATE WINTER PRECIPITATION.

$$
