000
CDUS45 KBYZ 091039
CLILVM


CLIMATE REPORT
NATIONAL WEATHER SERVICE BILLINGS MT
339 AM MST TUE FEB 9 2016


...................................

...THE LIVINGSTON MT CLIMATE SUMMARY FOR FEBRUARY 8 2016...

CLIMATE NORMAL PERIOD 1981 TO 2010
CLIMATE RECORD PERIOD 1948 TO 2016


WEATHER ITEM   OBSERVED TIME   RECORD YEAR NORMAL DEPARTURE LAST
                VALUE   (LST)  VALUE       VALUE  FROM      YEAR
                                                  NORMAL
..................................................................
TEMPERATURE (F)
 YESTERDAY
  MAXIMUM         56    313 PM  62    1996  38     18       60
  MINIMUM         40    807 AM -24    1994  18     22       41
  AVERAGE         48                        28     20       51

PRECIPITATION (IN)
  YESTERDAY        0.00          0.42 1960   0.02  -0.02     0.00
  MONTH TO DATE    T                         0.13  -0.13     0.08
  SINCE OCT 1      3.85                      2.99   0.86     2.41
  SINCE JAN 1      0.15                      0.62  -0.47     0.62

DEGREE DAYS
 HEATING
  YESTERDAY       17                        37    -20       14
  MONTH TO DATE  263                       297    -34      181
  SINCE DEC 1   2465                      2679   -214     2224
  SINCE JUL 1   4142                      4638   -496     3962

 COOLING
  YESTERDAY        0                         0      0        0
  MONTH TO DATE    0                         0      0        0
  SINCE DEC 1      0                         0      0        0
  SINCE JAN 1      0                         0      0        0
..................................................................


WIND (MPH)
  HIGHEST WIND SPEED    33   HIGHEST WIND DIRECTION     W (250)
  HIGHEST GUST SPEED    40   HIGHEST GUST DIRECTION     W (250)
  AVERAGE WIND SPEED    21.1


SKY COVER
  POSSIBLE SUNSHINE  MM
  AVERAGE SKY COVER 0.2


WEATHER CONDITIONS
 THE FOLLOWING WEATHER WAS RECORDED YESTERDAY.
  NO SIGNIFICANT WEATHER WAS OBSERVED.


RELATIVE HUMIDITY (PERCENT)
 HIGHEST    53           700 PM
 LOWEST     34           100 AM
 AVERAGE    44

..........................................................


THE LIVINGSTON MT CLIMATE NORMALS FOR TODAY
                         NORMAL    RECORD    YEAR
 MAXIMUM TEMPERATURE (F)   38        63      1996
 MINIMUM TEMPERATURE (F)   18       -16      1959


SUNRISE AND SUNSET
FEBRUARY  9 2016......SUNRISE   733 AM MST   SUNSET   539 PM MST
FEBRUARY 10 2016......SUNRISE   732 AM MST   SUNSET   541 PM MST


-  INDICATES NEGATIVE NUMBERS.
R  INDICATES RECORD WAS SET OR TIED.
MM INDICATES DATA IS MISSING.
T  INDICATES TRACE AMOUNT.





&&

THIS IS AN AUTOMATED...UNATTENDED WEATHER STATION AND MAY
UNDERESTIMATE WINTER PRECIPITATION.

$$
