000
CDUS45 KBYZ 230940
CLILVM


CLIMATE REPORT
NATIONAL WEATHER SERVICE BILLINGS MT
338 AM MDT THU MAR 23 2017


...................................

...THE LIVINGSTON MT CLIMATE SUMMARY FOR MARCH 22 2017...

CLIMATE NORMAL PERIOD 1981 TO 2010
CLIMATE RECORD PERIOD 1948 TO 2017


WEATHER ITEM   OBSERVED TIME   RECORD YEAR NORMAL DEPARTURE LAST
                VALUE   (LST)  VALUE       VALUE  FROM      YEAR
                                                  NORMAL
..................................................................
TEMPERATURE (F)
 YESTERDAY
  MAXIMUM         65    126 PM  69    1960  49     16       38
  MINIMUM         31    639 AM   1    1965  25      6       28
  AVERAGE         48                        37     11       33

PRECIPITATION (IN)
  YESTERDAY        T             0.31 1975   0.03  -0.03     0.31
                                      1975
                                      2016
  MONTH TO DATE    0.60                      0.52   0.08     0.60
  SINCE OCT 1      5.85                      3.88   1.97     4.62
  SINCE JAN 1      1.92                      1.51   0.41     0.92

DEGREE DAYS
 HEATING
  YESTERDAY       17                        28    -11       32
  MONTH TO DATE  520                       668   -148      549
  SINCE MAR 1    520                       668   -148      549
  SINCE JUL 1   5746                      6016   -270     5152

 COOLING
  YESTERDAY        0                         0      0        0
  MONTH TO DATE    0                         0      0        0
  SINCE MAR 1      0                         0      0        0
  SINCE JAN 1      0                         0      0        0
..................................................................


WIND (MPH)
  HIGHEST WIND SPEED    28   HIGHEST WIND DIRECTION    SW (240)
  HIGHEST GUST SPEED    35   HIGHEST GUST DIRECTION    SW (220)
  AVERAGE WIND SPEED    10.6


SKY COVER
  POSSIBLE SUNSHINE  MM
  AVERAGE SKY COVER 0.5


WEATHER CONDITIONS
 THE FOLLOWING WEATHER WAS RECORDED YESTERDAY.
  FOG


RELATIVE HUMIDITY (PERCENT)
 HIGHEST    96           200 AM
 LOWEST     27           100 PM
 AVERAGE    62

..........................................................


THE LIVINGSTON MT CLIMATE NORMALS FOR TODAY
                         NORMAL    RECORD    YEAR
 MAXIMUM TEMPERATURE (F)   49        71      2004
 MINIMUM TEMPERATURE (F)   25       -14      1965


SUNRISE AND SUNSET
MARCH 23 2017.........SUNRISE   718 AM MDT   SUNSET   739 PM MDT
MARCH 24 2017.........SUNRISE   717 AM MDT   SUNSET   740 PM MDT


-  INDICATES NEGATIVE NUMBERS.
R  INDICATES RECORD WAS SET OR TIED.
MM INDICATES DATA IS MISSING.
T  INDICATES TRACE AMOUNT.





&&

THIS IS AN AUTOMATED...UNATTENDED WEATHER STATION AND MAY
UNDERESTIMATE WINTER PRECIPITATION.

$$
