000
CDUS41 KRNK 251155 CCA
CLILWB

CLIMATE REPORT
NATIONAL WEATHER SERVICE BLACKSBURG VA
512 AM EDT FRI JUL 25 2014


...................................

...THE LEWISBURG WV CLIMATE SUMMARY FOR JULY 24 2014...

CLIMATE NORMAL PERIOD 1981 TO 2010
CLIMATE RECORD PERIOD 1973 TO 2014


WEATHER ITEM   OBSERVED TIME   RECORD YEAR NORMAL DEPARTURE
                VALUE   (LST)  VALUE       VALUE  FROM
                                                  NORMAL
...............................................................
TEMPERATURE (F)
 YESTERDAY
  MAXIMUM         80    200 PM  90    2011  82     -2
  MINIMUM         63   1100 PM  52    2005  59      4
  AVERAGE         72                        70      2

PRECIPITATION (IN)
  YESTERDAY        0.04          0.01 2012   0.13
  MONTH TO DATE    0.96                      3.07  -2.15
  SINCE JUN 1      4.39                      6.80  -2.45
  SINCE JAN 1     15.32                     23.98  -8.70

SNOWFALL (IN)
  YESTERDAY        0.0
  MONTH TO DATE    0.0
  SINCE JUN 1      0.0
  SINCE JUL 1      0.0
  SNOW DEPTH       0

DEGREE DAYS
 HEATING
  YESTERDAY        0                                0
  MONTH TO DATE   10                               10
  SINCE JUN 1     23                              -27
  SINCE JUL 1     10                               10

 COOLING
  YESTERDAY        7                                1
  MONTH TO DATE  149                                9
  SINCE JUN 1    313                               69
  SINCE JAN 1    346                               76
...............................................................


WIND (MPH)
  HIGHEST WIND SPEED    10   HIGHEST WIND DIRECTION     N (350)
  HIGHEST GUST SPEED    MM   HIGHEST GUST DIRECTION    MM
  AVERAGE WIND SPEED     2.3




RELATIVE HUMIDITY (PERCENT)
 HIGHEST    93
 LOWEST     67
 AVERAGE    80

..........................................................


THE LEWISBURG WV CLIMATE NORMALS FOR TODAY
                         NORMAL    RECORD    YEAR
 MAXIMUM TEMPERATURE (F)   82        91      1987
 MINIMUM TEMPERATURE (F)   59        50      2008


SUNRISE AND SUNSET
JULY 25 2014..........SUNRISE   619 AM EDT   SUNSET   837 PM EDT
JULY 26 2014..........SUNRISE   620 AM EDT   SUNSET   836 PM EDT


-  INDICATES NEGATIVE NUMBERS.
R  INDICATES RECORD WAS SET OR TIED.
MM INDICATES DATA IS MISSING.
T  INDICATES TRACE AMOUNT.

REMARKS:
DUE TO MISSING PRECIPITATION ON JANUARY 25...THE ANNUAL
TOTAL AND DEPARTURE FROM NORMAL FOR PRECIPITATION WILL
BE CALCULATED WITHOUT DATA FROM THAT DATE.


$$
