000
CDUS41 KRNK 202117
CLILWB


CLIMATE REPORT
NATIONAL WEATHER SERVICE BLACKSBURG VA
515 PM EDT SAT SEP 20 2014


...................................

...THE LEWISBURG WV CLIMATE SUMMARY FOR SEPTEMBER 20 2014...
VALID TODAY AS OF 0500 PM LOCAL TIME.

CLIMATE NORMAL PERIOD 1981 TO 2010
CLIMATE RECORD PERIOD 1973 TO 2014


WEATHER ITEM   OBSERVED TIME   RECORD YEAR NORMAL DEPARTURE
                VALUE   (LST)  VALUE       VALUE  FROM
                                                  NORMAL
...............................................................
TEMPERATURE (F)
 TODAY
  MAXIMUM         78    200 PM  86    1978  73      5
  MINIMUM         59        MM  37    2004  48     11
  AVERAGE         69                        60      9

PRECIPITATION (IN)
  TODAY            0.00          1.95 2013   0.11  -0.11
  MONTH TO DATE    0.96                      2.20  -1.24
  SINCE SEP 1      0.96                      2.20  -1.24
  SINCE JAN 1     19.65                     30.30 -10.65

SNOWFALL (IN)
  TODAY            0.0
  MONTH TO DATE    0.0
  SINCE SEP 1      0.0
  SINCE JUL 1      0.0
  SNOW DEPTH       0

DEGREE DAYS
 HEATING
  TODAY            0                               -5
  MONTH TO DATE   36                              -23
  SINCE SEP 1     36                              -23
  SINCE JUL 1     58                              -29

 COOLING
  TODAY            4                                3
  MONTH TO DATE   93                               57
  SINCE SEP 1     93                               57
  SINCE JAN 1    610                              124
...............................................................


WIND (MPH)
  HIGHEST WIND SPEED     5   HIGHEST WIND DIRECTION     E (110)
  HIGHEST GUST SPEED    MM   HIGHEST GUST DIRECTION    MM
  AVERAGE WIND SPEED     1.7




RELATIVE HUMIDITY (PERCENT)
 HIGHEST    87
 LOWEST     46
 AVERAGE    67

..........................................................


THE LEWISBURG WV CLIMATE NORMALS FOR TOMORROW
                         NORMAL    RECORD    YEAR
 MAXIMUM TEMPERATURE (F)   73        84      1978
 MINIMUM TEMPERATURE (F)   47        36      1991


SUNRISE AND SUNSET
SEPTEMBER 20 2014.....SUNRISE   708 AM EDT   SUNSET   722 PM EDT
SEPTEMBER 21 2014.....SUNRISE   708 AM EDT   SUNSET   720 PM EDT


-  INDICATES NEGATIVE NUMBERS.
R  INDICATES RECORD WAS SET OR TIED.
MM INDICATES DATA IS MISSING.
T  INDICATES TRACE AMOUNT.

REMARKS

DUE TO MISSING PRECIPITATION DATA ON JANUARY 25...THE ANNUAL
TOTAL AND DEPARTURE FROM NORMAL FOR PRECIPITATION WILL BE
CALCULATED WITHOUT DATA FROM THAT DATE.

$$

MBS
