000
CDUS41 KRNK 200935
CLILWB


CLIMATE REPORT
NATIONAL WEATHER SERVICE BLACKSBURG VA
533 AM EDT WED AUG 20 2014


...................................

...THE LEWISBURG WV CLIMATE SUMMARY FOR AUGUST 19 2014...

CLIMATE NORMAL PERIOD 1981 TO 2010
CLIMATE RECORD PERIOD 1973 TO 2014


WEATHER ITEM   OBSERVED TIME   RECORD YEAR NORMAL DEPARTURE
                VALUE   (LST)  VALUE       VALUE  FROM
                                                  NORMAL
...............................................................
TEMPERATURE (F)
 YESTERDAY
  MAXIMUM         80        MM  MM      MM  81     -1
  MINIMUM         67        MM  54    2008  57     10
  AVERAGE         74                        69      5

PRECIPITATION (IN)
  YESTERDAY        T             0.26 2011   0.09  -0.09
  MONTH TO DATE    2.32                      2.04   0.28
  SINCE JUN 1      7.33                      9.79  -2.46
  SINCE JAN 1     18.26                     26.97  -8.71

SNOWFALL (IN)
  YESTERDAY        0.0
  MONTH TO DATE    0.0
  SINCE JUN 1      0.0
  SINCE JUL 1      0.0
  SNOW DEPTH       0

DEGREE DAYS
 HEATING
  YESTERDAY        0                                0
  MONTH TO DATE    5                               -2
  SINCE JUN 1     35                              -33
  SINCE JUL 1     22                                4

 COOLING
  YESTERDAY        9                                4
  MONTH TO DATE   64                              -33
  SINCE JUN 1    404                               27
  SINCE JAN 1    437                               34
...............................................................


WIND (MPH)
  HIGHEST WIND SPEED     9   HIGHEST WIND DIRECTION    SW (220)
  HIGHEST GUST SPEED    MM   HIGHEST GUST DIRECTION    MM
  AVERAGE WIND SPEED     1.3




RELATIVE HUMIDITY (PERCENT)
 HIGHEST    93
 LOWEST     62
 AVERAGE    78

..........................................................


THE LEWISBURG WV CLIMATE NORMALS FOR TODAY
                         NORMAL    RECORD    YEAR
 MAXIMUM TEMPERATURE (F)   81        95      2005
 MINIMUM TEMPERATURE (F)   57        45      1981


SUNRISE AND SUNSET
AUGUST 20 2014........SUNRISE   641 AM EDT   SUNSET   808 PM EDT
AUGUST 21 2014........SUNRISE   642 AM EDT   SUNSET   807 PM EDT


-  INDICATES NEGATIVE NUMBERS.
R  INDICATES RECORD WAS SET OR TIED.
MM INDICATES DATA IS MISSING.
T  INDICATES TRACE AMOUNT.

REMARKS

DUE TO MISSING PRECIPITATION DATA ON JANUARY 25...THE ANNUAL
TOTAL AND DEPARTURE FROM NORMAL FOR PRECIPITATION WILL BE
CALCULATED WITHOUT DATA FROM THAT DATE.

$$

MBS
