000
CDUS41 KRNK 252237
CLILWB


CLIMATE REPORT
NATIONAL WEATHER SERVICE BLACKSBURG VA
530 PM EST THU DEC 25 2014


...................................

...THE LEWISBURG WV CLIMATE SUMMARY FOR DECEMBER 25 2014...
VALID TODAY AS OF 0500 PM LOCAL TIME.

CLIMATE NORMAL PERIOD 1981 TO 2010
CLIMATE RECORD PERIOD 1973 TO 2014


WEATHER ITEM   OBSERVED TIME   RECORD YEAR NORMAL DEPARTURE
                VALUE   (LST)  VALUE       VALUE  FROM
                                                  NORMAL
...............................................................
TEMPERATURE (F)
 TODAY
  MAXIMUM         47   1200 AM  66    1982  39      8
  MINIMUM         38    655 AM -15    1983  20     18
  AVERAGE         43                        29     14

PRECIPITATION (IN)
  TODAY            0.01          0.01 2012   0.11  -0.10
  MONTH TO DATE    1.51                      2.62  -1.11
  SINCE DEC 1      1.51                      2.62  -1.11
  SINCE JAN 1     25.91                     39.44 -13.53

SNOWFALL (IN)
  TODAY            0.0
  MONTH TO DATE    T
  SINCE DEC 1      T
  SINCE JUL 1      2.0
  SNOW DEPTH       0

DEGREE DAYS
 HEATING
  TODAY           22                              -14
  MONTH TO DATE  642                             -187
  SINCE DEC 1    642                             -187
  SINCE JUL 1   1854                             -292

 COOLING
  TODAY            0                                0
  MONTH TO DATE    0                                0
  SINCE DEC 1      0                                0
  SINCE JAN 1    619                              120
...............................................................


WIND (MPH)
  HIGHEST WIND SPEED    12   HIGHEST WIND DIRECTION     W (260)
  HIGHEST GUST SPEED    22   HIGHEST GUST DIRECTION     W (270)
  AVERAGE WIND SPEED     7.8




RELATIVE HUMIDITY (PERCENT)
 HIGHEST    85
 LOWEST     60
 AVERAGE    73

..........................................................


THE LEWISBURG WV CLIMATE NORMALS FOR TOMORROW
                         NORMAL    RECORD    YEAR
 MAXIMUM TEMPERATURE (F)   39        61      1982
 MINIMUM TEMPERATURE (F)   20        -1      1980


SUNRISE AND SUNSET
DECEMBER 25 2014......SUNRISE   735 AM EST   SUNSET   508 PM EST
DECEMBER 26 2014......SUNRISE   736 AM EST   SUNSET   509 PM EST


-  INDICATES NEGATIVE NUMBERS.
R  INDICATES RECORD WAS SET OR TIED.
MM INDICATES DATA IS MISSING.
T  INDICATES TRACE AMOUNT.

REMARKS:
DUE TO MISSING PRECIPITATION DATA ON JANUARY 25...THE ANNUAL
TOTAL AND DEPARTURE FROM NORMAL FOR PRECIPITATION WILL BE
CALCULATED WITHOUT DATA FROM THAT DATE.

$$
