000
CDUS41 KRNK 170922
CLILWB


CLIMATE REPORT
NATIONAL WEATHER SERVICE BLACKSBURG VA
516 AM EDT THU APR 17 2014


...................................

...THE LEWISBURG WV CLIMATE SUMMARY FOR APRIL 16 2014...

CLIMATE NORMAL PERIOD 1981 TO 2010
CLIMATE RECORD PERIOD 1973 TO 2014


WEATHER ITEM   OBSERVED TIME   RECORD YEAR NORMAL DEPARTURE
                VALUE   (LST)  VALUE       VALUE  FROM
                                                  NORMAL
...............................................................
TEMPERATURE (F)
 YESTERDAY
  MAXIMUM         50    415 PM  82    2012  64    -14
  MINIMUM         23R   525 AM  25    2008  37    -14
  AVERAGE         37                        50    -13

PRECIPITATION (IN)
  YESTERDAY        0.00                      0.11  -0.11
  MONTH TO DATE    1.40                      1.73  -0.33
  SINCE MAR 1      3.25                      5.18  -1.93
  SINCE JAN 1      6.08                     11.21  -5.13

SNOWFALL (IN)
  YESTERDAY        0.0
  MONTH TO DATE    T
  SINCE MAR 1      9.5
  SINCE DEC 1     40.4
  SNOW DEPTH       0

DEGREE DAYS
 HEATING
  YESTERDAY       28                               13
  MONTH TO DATE  223                              -58
  SINCE MAR 1   1088                               10
  SINCE DEC 1   4377                               MM

 COOLING
  YESTERDAY        0                                0
  MONTH TO DATE    0                                0
  SINCE MAR 1      0                                0
  SINCE JAN 1      0                                0
...............................................................


WIND (MPH)
  HIGHEST WIND SPEED    17   HIGHEST WIND DIRECTION     N (340)
  HIGHEST GUST SPEED    25   HIGHEST GUST DIRECTION     N (340)
  AVERAGE WIND SPEED     4.9




RELATIVE HUMIDITY (PERCENT)
 HIGHEST    65
 LOWEST     25
 AVERAGE    45

..........................................................


THE LEWISBURG WV CLIMATE NORMALS FOR TODAY
                         NORMAL    RECORD    YEAR
 MAXIMUM TEMPERATURE (F)   64        86      1976
 MINIMUM TEMPERATURE (F)   37        25      2001


SUNRISE AND SUNSET
APRIL 17 2014.........SUNRISE   644 AM EDT   SUNSET   759 PM EDT
APRIL 18 2014.........SUNRISE   642 AM EDT   SUNSET   800 PM EDT


-  INDICATES NEGATIVE NUMBERS.
R  INDICATES RECORD WAS SET OR TIED.
MM INDICATES DATA IS MISSING.
T  INDICATES TRACE AMOUNT.


REMARKS:
THE SEASONAL SNOWFALL TOTAL...AND THE SEASONAL TOTAL AND
DEPARTURE FROM NORMAL FOR HDD ARE INVALID DUE TO INCOMPLETE DATA
BEFORE DECEMBER 1. ALSO...DUE TO MISSING PRECIPITATION ON JANUARY
25...THE ANNUAL TOTAL AND DEPARTURE FROM NORMAL FOR PRECIPITATION
WILL BE CALCULATED WITHOUT DATA FROM THAT DATE.


$$
