000
CDUS43 KTOP 300636
CLILWC


CLIMATE REPORT
NATIONAL WEATHER SERVICE TOPEKA KS
135 AM CDT MON MAY 30 2016


...................................

...THE LAWRENCE KS CLIMATE SUMMARY FOR MAY 29 2016...

CLIMATE NORMAL PERIOD 1981 TO 2010
CLIMATE RECORD PERIOD 9999 TO 9999


WEATHER ITEM   OBSERVED NORMAL DEPARTURE LAST
                VALUE   VALUE  FROM      YEAR
                               NORMAL
...............................................
TEMPERATURE (F)
 YESTERDAY
  MAXIMUM         87     81      6       73
  MINIMUM         55     58     -3       63
  AVERAGE         71     69      2       68

PRECIPITATION (IN)
  YESTERDAY        0.00   0.17  -0.17     0.53
  MONTH TO DATE    7.38   4.83   2.55     9.07
  SINCE MAR 1     13.52  11.22   2.30    12.59
  SINCE JAN 1     14.64  13.53   1.11    14.28

DEGREE DAYS
 HEATING
  YESTERDAY        0      1     -1        0
  MONTH TO DATE  143    103     40       88
  SINCE MAR 1    867   1067   -200      931
  SINCE JUL 1   4369   5082   -713     5220

 COOLING
  YESTERDAY        6      5      1        3
  MONTH TO DATE   52     84    -32       71
  SINCE MAR 1     70    107    -37       76
  SINCE JAN 1     70    107    -37       76
...............................................


WIND (MPH)
  HIGHEST WIND SPEED    12   HIGHEST WIND DIRECTION    SW (220)
  HIGHEST GUST SPEED    15   HIGHEST GUST DIRECTION     S (200)
  AVERAGE WIND SPEED     3.3


SKY COVER
  AVERAGE SKY COVER 0.0


WEATHER CONDITIONS
 THE FOLLOWING WEATHER WAS RECORDED YESTERDAY.
  FOG


RELATIVE HUMIDITY (PERCENT)
 HIGHEST   100
 LOWEST     34
 AVERAGE    67

..........................................................


THE LAWRENCE KS CLIMATE NORMALS FOR TODAY
                         NORMAL
 MAXIMUM TEMPERATURE (F)   81
 MINIMUM TEMPERATURE (F)   58


SUNRISE AND SUNSET
MAY 30 2016...........SUNRISE   558 AM CDT   SUNSET   840 PM CDT
MAY 31 2016...........SUNRISE   557 AM CDT   SUNSET   840 PM CDT


-  INDICATES NEGATIVE NUMBERS.
R  INDICATES RECORD WAS SET OR TIED.
MM INDICATES DATA IS MISSING.
T  INDICATES TRACE AMOUNT.




$$
