000
CDUS43 KTOP 240638
CLILWC


CLIMATE REPORT
NATIONAL WEATHER SERVICE TOPEKA KS
1237 AM CST MON NOV 24 2014


...................................

...THE LAWRENCE KS CLIMATE SUMMARY FOR NOVEMBER 23 2014...

CLIMATE NORMAL PERIOD 1981 TO 2010
CLIMATE RECORD PERIOD 9999 TO 9999


WEATHER ITEM   OBSERVED NORMAL DEPARTURE LAST
                VALUE   VALUE  FROM      YEAR
                               NORMAL
...............................................
TEMPERATURE (F)
 YESTERDAY
  MAXIMUM         58     52      6       31
  MINIMUM         40     29     11       16
  AVERAGE         49     40      9       24

PRECIPITATION (IN)
  YESTERDAY        0.21   0.06   0.15     0.00
  MONTH TO DATE    0.35   1.71  -1.36     0.28
  SINCE SEP 1     10.54   8.75   1.79     7.67
  SINCE JAN 1     34.99  36.61  -1.62    27.95

DEGREE DAYS
 HEATING
  YESTERDAY       16     25     -9       41
  MONTH TO DATE  650    457    193      444
  SINCE SEP 1    987    818    169      790
  SINCE JUL 1    988    821    167      790

 COOLING
  YESTERDAY        0      0      0        0
  MONTH TO DATE    0      0      0        0
  SINCE SEP 1    119    179    -60      271
  SINCE JAN 1   1426   1370     56     1492
...............................................


WIND (MPH)
  HIGHEST WIND SPEED    36   HIGHEST WIND DIRECTION     N (340)
  HIGHEST GUST SPEED    47   HIGHEST GUST DIRECTION    NW (330)
  AVERAGE WIND SPEED    12.6


SKY COVER
  AVERAGE SKY COVER 1.0


WEATHER CONDITIONS
 THE FOLLOWING WEATHER WAS RECORDED YESTERDAY.
  RAIN
  LIGHT RAIN
  FOG
  HAZE


RELATIVE HUMIDITY (PERCENT)
 HIGHEST    96
 LOWEST     73
 AVERAGE    85

..........................................................


THE LAWRENCE KS CLIMATE NORMALS FOR TODAY
                         NORMAL
 MAXIMUM TEMPERATURE (F)   51
 MINIMUM TEMPERATURE (F)   28


SUNRISE AND SUNSET
NOVEMBER 24 2014......SUNRISE   714 AM CST   SUNSET   501 PM CST
NOVEMBER 25 2014......SUNRISE   715 AM CST   SUNSET   501 PM CST


-  INDICATES NEGATIVE NUMBERS.
R  INDICATES RECORD WAS SET OR TIED.
MM INDICATES DATA IS MISSING.
T  INDICATES TRACE AMOUNT.




$$
