823
CDUS43 KTOP 250634
CLILWC


CLIMATE REPORT
NATIONAL WEATHER SERVICE TOPEKA KS
132 AM CDT SAT MAR 25 2017


...................................

...THE LAWRENCE KS CLIMATE SUMMARY FOR MARCH 24 2017...

CLIMATE NORMAL PERIOD 1981 TO 2010
CLIMATE RECORD PERIOD 9999 TO 9999


WEATHER ITEM   OBSERVED NORMAL DEPARTURE LAST
                VALUE   VALUE  FROM      YEAR
                               NORMAL
...............................................
TEMPERATURE (F)
 YESTERDAY
  MAXIMUM         72     60     12       52
  MINIMUM         53     35     18       23
  AVERAGE         63     48     15       38

PRECIPITATION (IN)
  YESTERDAY        0.06   0.08  -0.02      T
  MONTH TO DATE    0.13   1.98  -1.85     0.59
  SINCE MAR 1      0.13   1.98  -1.85     0.59
  SINCE JAN 1      1.14   4.29  -3.15     1.71

DEGREE DAYS
 HEATING
  YESTERDAY        2     18    -16       27
  MONTH TO DATE  420    527   -107      373
  SINCE MAR 1    420    527   -107      373
  SINCE JUL 1   3701   4542   -841     3875

 COOLING
  YESTERDAY        0      0      0        0
  MONTH TO DATE    7      0      7        3
  SINCE MAR 1      7      0      7        3
  SINCE JAN 1      7      0      7        3
...............................................


WIND (MPH)
  HIGHEST WIND SPEED    22   HIGHEST WIND DIRECTION    SE (150)
  HIGHEST GUST SPEED    31   HIGHEST GUST DIRECTION    SE (150)
  AVERAGE WIND SPEED    12.0


SKY COVER
  AVERAGE SKY COVER 0.6


WEATHER CONDITIONS
 THE FOLLOWING WEATHER WAS RECORDED YESTERDAY.
  THUNDERSTORM
  LIGHT RAIN
  HAZE


RELATIVE HUMIDITY (PERCENT)
 HIGHEST   100
 LOWEST     42
 AVERAGE    71

..........................................................


THE LAWRENCE KS CLIMATE NORMALS FOR TODAY
                         NORMAL
 MAXIMUM TEMPERATURE (F)   60
 MINIMUM TEMPERATURE (F)   35


SUNRISE AND SUNSET
MARCH 25 2017.........SUNRISE   716 AM CDT   SUNSET   738 PM CDT
MARCH 26 2017.........SUNRISE   714 AM CDT   SUNSET   739 PM CDT


-  INDICATES NEGATIVE NUMBERS.
R  INDICATES RECORD WAS SET OR TIED.
MM INDICATES DATA IS MISSING.
T  INDICATES TRACE AMOUNT.




$$
