000
CDUS43 KTOP 040633
CLILWC


CLIMATE REPORT
NATIONAL WEATHER SERVICE TOPEKA KS
133 AM CDT TUE AUG 4 2015


...................................

...THE LAWRENCE KS CLIMATE SUMMARY FOR AUGUST 3 2015...

CLIMATE NORMAL PERIOD 1981 TO 2010
CLIMATE RECORD PERIOD 9999 TO 9999


WEATHER ITEM   OBSERVED NORMAL DEPARTURE LAST
                VALUE   VALUE  FROM      YEAR
                               NORMAL
...............................................
TEMPERATURE (F)
 YESTERDAY
  MAXIMUM         94     90      4       91
  MINIMUM         67     67      0       63
  AVERAGE         81     79      2       77

PRECIPITATION (IN)
  YESTERDAY        0.00   0.09  -0.09     1.31
  MONTH TO DATE    0.00   0.28  -0.28     1.31
  SINCE JUN 1     12.72   9.92   2.80    12.27
  SINCE JAN 1     27.00  23.81   3.19    19.93

DEGREE DAYS
 HEATING
  YESTERDAY        0      0      0        0
  MONTH TO DATE    0      0      0        0
  SINCE JUN 1      4      9     -5        1
  SINCE JUL 1      1      1      0        1

 COOLING
  YESTERDAY       16     14      2       12
  MONTH TO DATE   47     42      5       35
  SINCE JUN 1    805    731     74      669
  SINCE JAN 1    881    850     31      862
...............................................


WIND (MPH)
  HIGHEST WIND SPEED    12   HIGHEST WIND DIRECTION     E (70)
  HIGHEST GUST SPEED    15   HIGHEST GUST DIRECTION     E (80)
  AVERAGE WIND SPEED     4.7


SKY COVER
  AVERAGE SKY COVER 0.0


WEATHER CONDITIONS
 THE FOLLOWING WEATHER WAS RECORDED YESTERDAY.
  FOG


RELATIVE HUMIDITY (PERCENT)
 HIGHEST    93
 LOWEST     46
 AVERAGE    70

..........................................................


THE LAWRENCE KS CLIMATE NORMALS FOR TODAY
                         NORMAL
 MAXIMUM TEMPERATURE (F)   90
 MINIMUM TEMPERATURE (F)   67


SUNRISE AND SUNSET
AUGUST  4 2015........SUNRISE   624 AM CDT   SUNSET   829 PM CDT
AUGUST  5 2015........SUNRISE   625 AM CDT   SUNSET   828 PM CDT


-  INDICATES NEGATIVE NUMBERS.
R  INDICATES RECORD WAS SET OR TIED.
MM INDICATES DATA IS MISSING.
T  INDICATES TRACE AMOUNT.




$$
