000
CDUS43 KTOP 262232
CLILWC


CLIMATE REPORT
NATIONAL WEATHER SERVICE TOPEKA KS
432 PM CST THU FEB 26 2015


...................................

...THE LAWRENCE KS CLIMATE SUMMARY FOR FEBRUARY 26 2015...
VALID TODAY AS OF 0400 PM LOCAL TIME.

CLIMATE NORMAL PERIOD 1981 TO 2010
CLIMATE RECORD PERIOD 9999 TO 9999


WEATHER ITEM   OBSERVED NORMAL DEPARTURE LAST
                VALUE   VALUE  FROM      YEAR
                               NORMAL
...............................................
TEMPERATURE (F)
 TODAY
  MAXIMUM         23     49    -26       33
  MINIMUM          9     26    -17        7
  AVERAGE         16     38    -22       20

PRECIPITATION (IN)
  TODAY            T      0.05  -0.05     0.00
  MONTH TO DATE    0.58   1.21  -0.63     0.97
  SINCE DEC 1      3.50   3.69  -0.19     1.51
  SINCE JAN 1      1.64   2.22  -0.58     1.05

DEGREE DAYS
 HEATING
  TODAY           49     27     22       45
  MONTH TO DATE  985    810    175     1016
  SINCE DEC 1   3004   2953     51     3329
  SINCE JUL 1   4184   3961    223     4359

 COOLING
  TODAY            0      0      0        0
  MONTH TO DATE    0      0      0        0
  SINCE DEC 1      0      0      0        0
  SINCE JAN 1      0      0      0        0
...............................................


WIND (MPH)
  HIGHEST WIND SPEED    29   HIGHEST WIND DIRECTION     N (350)
  HIGHEST GUST SPEED    38   HIGHEST GUST DIRECTION     N (350)
  AVERAGE WIND SPEED    19.8



WEATHER CONDITIONS
 THE FOLLOWING WEATHER WAS RECORDED TODAY.
  LIGHT SNOW
  HAZE


RELATIVE HUMIDITY (PERCENT)
 HIGHEST    73
 LOWEST     39
 AVERAGE    56

..........................................................


THE LAWRENCE KS CLIMATE NORMALS FOR TOMORROW
                         NORMAL
 MAXIMUM TEMPERATURE (F)   50
 MINIMUM TEMPERATURE (F)   26


SUNRISE AND SUNSET
FEBRUARY 26 2015......SUNRISE   658 AM CST   SUNSET   610 PM CST
FEBRUARY 27 2015......SUNRISE   657 AM CST   SUNSET   611 PM CST


-  INDICATES NEGATIVE NUMBERS.
R  INDICATES RECORD WAS SET OR TIED.
MM INDICATES DATA IS MISSING.
T  INDICATES TRACE AMOUNT.




$$
