000
CDUS43 KTOP 272132
CLILWC


CLIMATE REPORT
NATIONAL WEATHER SERVICE TOPEKA KS
431 PM CDT THU JUL 27 2017


...................................

...THE LAWRENCE KS CLIMATE SUMMARY FOR JULY 27 2017...
VALID TODAY AS OF 430 PM LOCAL TIME.

CLIMATE NORMAL PERIOD 1981 TO 2010
CLIMATE RECORD PERIOD 9999 TO 9999


WEATHER ITEM   OBSERVED NORMAL DEPARTURE LAST
                VALUE   VALUE  FROM      YEAR
                               NORMAL
...............................................
TEMPERATURE (F)
 TODAY
  MAXIMUM         87     90     -3       92
  MINIMUM         74     68      6       65
  AVERAGE         81     79      2       79

PRECIPITATION (IN)
  TODAY            1.00   0.09   0.91     0.00
  MONTH TO DATE    3.17   3.69  -0.52     4.57
  SINCE JUN 1      9.23   9.15   0.08     5.66
  SINCE JAN 1     22.25  23.04  -0.79    20.30

DEGREE DAYS
 HEATING
  TODAY            0      0      0        0
  MONTH TO DATE    0      0      0        0
  SINCE JUN 1      3      8     -5        0
  SINCE JUL 1      0      0      0        0

 COOLING
  TODAY           16     14      2       14
  MONTH TO DATE  428    359     69      395
  SINCE JUN 1    713    634     79      807
  SINCE JAN 1    820    753     67      887
...............................................


WIND (MPH)
  HIGHEST WIND SPEED    22   HIGHEST WIND DIRECTION    NW (310)
  HIGHEST GUST SPEED    27   HIGHEST GUST DIRECTION    NW (310)
  AVERAGE WIND SPEED     5.8



WEATHER CONDITIONS
 THE FOLLOWING WEATHER WAS RECORDED TODAY.
  HEAVY RAIN
  RAIN
  LIGHT RAIN
  FOG


RELATIVE HUMIDITY (PERCENT)
 HIGHEST   100
 LOWEST     74
 AVERAGE    87

..........................................................


THE LAWRENCE KS CLIMATE NORMALS FOR TOMORROW
                         NORMAL
 MAXIMUM TEMPERATURE (F)   90
 MINIMUM TEMPERATURE (F)   68


SUNRISE AND SUNSET
JULY 27 2017..........SUNRISE   617 AM CDT   SUNSET   837 PM CDT
JULY 28 2017..........SUNRISE   618 AM CDT   SUNSET   836 PM CDT


-  INDICATES NEGATIVE NUMBERS.
R  INDICATES RECORD WAS SET OR TIED.
MM INDICATES DATA IS MISSING.
T  INDICATES TRACE AMOUNT.




$$
