000
CDUS43 KTOP 232138
CLILWC


CLIMATE REPORT
NATIONAL WEATHER SERVICE TOPEKA KS
437 PM CDT TUE SEP 23 2014


...................................

...THE LAWRENCE KS CLIMATE SUMMARY FOR SEPTEMBER 23 2014...
VALID TODAY AS OF 0400 PM LOCAL TIME.

CLIMATE NORMAL PERIOD 1981 TO 2010
CLIMATE RECORD PERIOD 9999 TO 9999


WEATHER ITEM   OBSERVED NORMAL DEPARTURE LAST
                VALUE   VALUE  FROM      YEAR
                               NORMAL
...............................................
TEMPERATURE (F)
 TODAY
  MAXIMUM         76     78     -2       80
  MINIMUM         48     52     -4       50
  AVERAGE         62     65     -3       65

PRECIPITATION (IN)
  TODAY            0.00   0.14  -0.14     0.00
  MONTH TO DATE    4.49   3.26   1.23     2.94
  SINCE SEP 1      4.49   3.26   1.23     2.94
  SINCE JAN 1     28.94  31.12  -2.18    23.22

DEGREE DAYS
 HEATING
  TODAY            3      3      0        0
  MONTH TO DATE   71     29     42       10
  SINCE SEP 1     71     29     42       10
  SINCE JUL 1     72     32     40       10

 COOLING
  TODAY            0      3     -3        0
  MONTH TO DATE   82    134    -52      211
  SINCE SEP 1     82    134    -52      211
  SINCE JAN 1   1389   1325     64     1432
...............................................


WIND (MPH)
  HIGHEST WIND SPEED    20   HIGHEST WIND DIRECTION     S (160)
  HIGHEST GUST SPEED    25   HIGHEST GUST DIRECTION    SE (150)
  AVERAGE WIND SPEED     7.9



WEATHER CONDITIONS
 THE FOLLOWING WEATHER WAS RECORDED TODAY.
  FOG


RELATIVE HUMIDITY (PERCENT)
 HIGHEST    93
 LOWEST     49
 AVERAGE    71

..........................................................


THE LAWRENCE KS CLIMATE NORMALS FOR TOMORROW
                         NORMAL
 MAXIMUM TEMPERATURE (F)   78
 MINIMUM TEMPERATURE (F)   51


SUNRISE AND SUNSET
SEPTEMBER 23 2014.....SUNRISE   709 AM CDT   SUNSET   716 PM CDT
SEPTEMBER 24 2014.....SUNRISE   710 AM CDT   SUNSET   715 PM CDT


-  INDICATES NEGATIVE NUMBERS.
R  INDICATES RECORD WAS SET OR TIED.
MM INDICATES DATA IS MISSING.
T  INDICATES TRACE AMOUNT.




$$
