000
CDUS46 KOTX 020825
CLILWS


CLIMATE REPORT
NATIONAL WEATHER SERVICE SPOKANE, WA
124 AM PDT MON MAY 2 2016


...................................

...THE LEWISTON ID AIRPORT CLIMATE SUMMARY FOR MAY 1 2016...

CLIMATE NORMAL PERIOD 1981 TO 2010
CLIMATE RECORD PERIOD 1881 TO 2016


WEATHER ITEM   OBSERVED TIME   RECORD YEAR NORMAL DEPARTURE LAST
                VALUE   (LST)  VALUE       VALUE  FROM      YEAR
                                                  NORMAL
..................................................................
TEMPERATURE (F)
 YESTERDAY
  MAXIMUM         74    510 PM  87    1998  67      7       80
                                      1937
                                      1931
  MINIMUM         42    422 AM  23    1954  43     -1       44
  AVERAGE         58                        55      3       62

PRECIPITATION (IN)
  YESTERDAY        0.00          0.77 1920   0.04  -0.04     0.00
  MONTH TO DATE    0.00                      0.04  -0.04     0.00
  SINCE OCT 1      8.74                      7.48   1.26     7.95
  SINCE JAN 1      5.29                      4.37   0.92     3.76

SNOWFALL (IN)
  YESTERDAY        0.0           T    1963   0.0    0.0      0.0
  MONTH TO DATE    0.0                       0.0    0.0      0.0
  SINCE MAR 1      0.0                       0.7   -0.7      0.0
  SINCE JUL 1      6.4                      10.5   -4.1      1.5
  SNOW DEPTH       0

DEGREE DAYS
 HEATING
  YESTERDAY        7                        11     -4        3
  MONTH TO DATE    7                        11     -4        3
  SINCE MAR 1    787                      1036   -249      900
  SINCE JUL 1   4051                      4891   -840     4122

 COOLING
  YESTERDAY        0                         0      0        0
  MONTH TO DATE    0                         0      0        0
  SINCE MAR 1      7                         2      5        1
  SINCE JAN 1      7                         2      5        1
..................................................................


WIND (MPH)
  HIGHEST WIND SPEED     9   HIGHEST WIND DIRECTION     S (200)
  HIGHEST GUST SPEED    13   HIGHEST GUST DIRECTION     W (280)
  AVERAGE WIND SPEED     3.1


SKY COVER
  POSSIBLE SUNSHINE  MM
  AVERAGE SKY COVER 0.0


WEATHER CONDITIONS
 THE FOLLOWING WEATHER WAS RECORDED YESTERDAY.
  FOG
  FOG W/VISIBILITY <= 1/4 MILE
  HAZE


RELATIVE HUMIDITY (PERCENT)
 HIGHEST   100           600 AM
 LOWEST     33           400 PM
 AVERAGE    67

..........................................................


THE LEWISTON ID AIRPORT CLIMATE NORMALS FOR TODAY
                         NORMAL    RECORD    YEAR
 MAXIMUM TEMPERATURE (F)   67        91      1937
 MINIMUM TEMPERATURE (F)   43        28      1954


SUNRISE AND SUNSET
MAY  2 2016...........SUNRISE   532 AM PDT   SUNSET   759 PM PDT
MAY  3 2016...........SUNRISE   530 AM PDT   SUNSET   800 PM PDT


-  INDICATES NEGATIVE NUMBERS.
R  INDICATES RECORD WAS SET OR TIED.
MM INDICATES DATA IS MISSING.
T  INDICATES TRACE AMOUNT.




$$
