000
CDUS46 KOTX 220824
CLILWS


CLIMATE REPORT
NATIONAL WEATHER SERVICE SPOKANE, WA
120 AM PDT TUE JUL 22 2014


...................................

...THE LEWISTON ID AIRPORT CLIMATE SUMMARY FOR JULY 21 2014...

CLIMATE NORMAL PERIOD 1981 TO 2010
CLIMATE RECORD PERIOD 1881 TO 2014


WEATHER ITEM   OBSERVED TIME   RECORD YEAR NORMAL DEPARTURE LAST
                VALUE   (LST)  VALUE       VALUE  FROM      YEAR
                                                  NORMAL
..................................................................
TEMPERATURE (F)
 YESTERDAY
  MAXIMUM         88    450 PM 113    1938  91     -3       99
  MINIMUM         61    451 AM  45    1882  61      0       62
  AVERAGE         75                        76     -1       81

PRECIPITATION (IN)
  YESTERDAY        0.00        0.34   1965  0.02  -0.02     0.00
  MONTH TO DATE    0.08                     0.49  -0.41     0.09
  SINCE OCT 1      7.85                    10.78  -2.93    10.05
  SINCE JAN 1      6.32                     7.67  -1.35     5.89

SNOWFALL (IN)
  YESTERDAY        0.0                      0.0    0.0      0.0
  MONTH TO DATE    0.0                      0.0    0.0      0.0
  SINCE JUN 1      0.0                      0.0    0.0      0.0
  SINCE JUL 1      0.0                      0.0    0.0      0.0
  SNOW DEPTH       0

DEGREE DAYS
 HEATING
  YESTERDAY        0                         0      0        0
  MONTH TO DATE    0                         4     -4        0
  SINCE JUN 1     41                        74    -33       44
  SINCE JUL 1      0                         4     -4        0

 COOLING
  YESTERDAY       10                        11     -1       16
  MONTH TO DATE  338                       184    154      283
  SINCE JUN 1    428                       282    146      403
  SINCE JAN 1    456                       314    142      460
..................................................................


WIND (MPH)
  HIGHEST WIND SPEED    12   HIGHEST WIND DIRECTION     W (290)
  HIGHEST GUST SPEED    15   HIGHEST GUST DIRECTION     W (260)
  AVERAGE WIND SPEED     5.3


SKY COVER
  POSSIBLE SUNSHINE  MM
  AVERAGE SKY COVER 0.0


WEATHER CONDITIONS
 THE FOLLOWING WEATHER WAS RECORDED YESTERDAY.
  NO SIGNIFICANT WEATHER WAS OBSERVED.


RELATIVE HUMIDITY (PERCENT)
 HIGHEST    52           500 AM
 LOWEST     18           500 PM
 AVERAGE    35

..........................................................


THE LEWISTON ID AIRPORT CLIMATE NORMALS FOR TODAY
                         NORMAL    RECORD    YEAR
 MAXIMUM TEMPERATURE (F)   91       113      1938
 MINIMUM TEMPERATURE (F)   61        45      1954


SUNRISE AND SUNSET
JULY 22 2014..........SUNRISE   518 AM PDT   SUNSET   830 PM PDT
JULY 23 2014..........SUNRISE   519 AM PDT   SUNSET   829 PM PDT


-  INDICATES NEGATIVE NUMBERS.
R  INDICATES RECORD WAS SET OR TIED.
MM INDICATES DATA IS MISSING.
T  INDICATES TRACE AMOUNT.

$$
