000
CDUS46 KOTX 240436
CLILWS


CLIMATE REPORT
NATIONAL WEATHER SERVICE SPOKANE, WA
935 PM PDT MON MAY 23 2016


...................................

...THE LEWISTON ID AIRPORT CLIMATE SUMMARY FOR MAY 23 2016...
VALID TODAY AS OF 0800 PM LOCAL TIME.

CLIMATE NORMAL PERIOD 1981 TO 2010
CLIMATE RECORD PERIOD 1881 TO 2016


WEATHER ITEM   OBSERVED TIME   RECORD YEAR NORMAL DEPARTURE LAST
                VALUE   (LST)  VALUE       VALUE  FROM      YEAR
                                                  NORMAL
..................................................................
TEMPERATURE (F)
 TODAY
  MAXIMUM         63    244 PM  98    1940  73    -10       79
  MINIMUM         51    521 AM  34    2013  49      2       56
                                      1964
  AVERAGE         57                        61     -4       68

PRECIPITATION (IN)
  TODAY            0.00          0.74 1899   0.05  -0.05     0.06
  MONTH TO DATE    1.52                      1.16   0.36     1.01
  SINCE OCT 1     10.26                      8.60   1.66     8.96
  SINCE JAN 1      6.81                      5.49   1.32     4.77

DEGREE DAYS
 HEATING
  TODAY            8                         5      3        0
  MONTH TO DATE   98                       182    -84       85
  SINCE MAR 1    878                      1207   -329      982
  SINCE JUL 1   4142                      5062   -920     4204

 COOLING
  TODAY            0                         1     -1        3
  MONTH TO DATE   33                        20     13       17
  SINCE MAR 1     40                        22     18       18
  SINCE JAN 1     40                        22     18       18
..................................................................


WIND (MPH)
  HIGHEST WIND SPEED    16   HIGHEST WIND DIRECTION    SW (240)
  HIGHEST GUST SPEED    19   HIGHEST GUST DIRECTION    SW (230)
  AVERAGE WIND SPEED     5.8


SKY COVER
  POSSIBLE SUNSHINE  MM
  AVERAGE SKY COVER 0.4


WEATHER CONDITIONS
 THE FOLLOWING WEATHER WAS RECORDED TODAY.
  NO SIGNIFICANT WEATHER WAS OBSERVED.


RELATIVE HUMIDITY (PERCENT)
 HIGHEST    71           500 AM
 LOWEST     42          1000 AM
 AVERAGE    57

..........................................................


THE LEWISTON ID AIRPORT CLIMATE NORMALS FOR TOMORROW
                         NORMAL    RECORD    YEAR
 MAXIMUM TEMPERATURE (F)   73        99      1934
 MINIMUM TEMPERATURE (F)   49        37      1950


SUNRISE AND SUNSET
MAY 23 2016...........SUNRISE   506 AM PDT   SUNSET   825 PM PDT
MAY 24 2016...........SUNRISE   505 AM PDT   SUNSET   826 PM PDT


-  INDICATES NEGATIVE NUMBERS.
R  INDICATES RECORD WAS SET OR TIED.
MM INDICATES DATA IS MISSING.
T  INDICATES TRACE AMOUNT.




$$
