000
CDUS46 KOTX 280824
CLILWS


CLIMATE REPORT
NATIONAL WEATHER SERVICE SPOKANE, WA
124 AM PDT THU AUG 28 2014


...................................

...THE LEWISTON ID AIRPORT CLIMATE SUMMARY FOR AUGUST 27 2014...

CLIMATE NORMAL PERIOD 1981 TO 2010
CLIMATE RECORD PERIOD 1881 TO 2014


WEATHER ITEM   OBSERVED TIME   RECORD YEAR NORMAL DEPARTURE LAST
                VALUE   (LST)  VALUE       VALUE  FROM      YEAR
                                                  NORMAL
..................................................................
TEMPERATURE (F)
 YESTERDAY
  MAXIMUM         94    449 PM 103    1929  86      8       92
  MINIMUM         59    519 AM  43    1962  57      2       59
  AVERAGE         77                        71      6       76

PRECIPITATION (IN)
  YESTERDAY        0.00          0.74 1968   0.03  -0.03     0.00
  MONTH TO DATE    1.17                      0.59   0.58     0.50
  SINCE OCT 1      9.20                     11.54  -2.34    10.55
  SINCE JAN 1      7.67                      8.43  -0.76     6.39

SNOWFALL (IN)
  YESTERDAY        0.0           0.0  1998   0.0    0.0      0.0
  MONTH TO DATE    0.0                       0.0    0.0      0.0
  SINCE JUN 1      0.0                       0.0    0.0      0.0
  SINCE JUL 1      0.0                       0.0    0.0      0.0
  SNOW DEPTH       0

DEGREE DAYS
 HEATING
  YESTERDAY        0                         1     -1        0
  MONTH TO DATE    0                         1     -1        0
  SINCE JUN 1     41                        78    -37       44
  SINCE JUL 1      0                         8     -8        0

 COOLING
  YESTERDAY       12                         7      5       11
  MONTH TO DATE  335                       261     74      337
  SINCE JUN 1    908                       659    249      888
  SINCE JAN 1    936                       691    245      945
..................................................................


WIND (MPH)
  HIGHEST WIND SPEED     9   HIGHEST WIND DIRECTION     S (200)
  HIGHEST GUST SPEED    15   HIGHEST GUST DIRECTION    NW (310)
  AVERAGE WIND SPEED     4.1


SKY COVER
  POSSIBLE SUNSHINE  MM
  AVERAGE SKY COVER 0.0


WEATHER CONDITIONS
 THE FOLLOWING WEATHER WAS RECORDED YESTERDAY.
  NO SIGNIFICANT WEATHER WAS OBSERVED.


RELATIVE HUMIDITY (PERCENT)
 HIGHEST    60           400 AM
 LOWEST     19           100 PM
 AVERAGE    40

..........................................................


THE LEWISTON ID AIRPORT CLIMATE NORMALS FOR TODAY
                         NORMAL    RECORD    YEAR
 MAXIMUM TEMPERATURE (F)   86       103      2006
                                             1922
 MINIMUM TEMPERATURE (F)   57        43      1960


SUNRISE AND SUNSET
AUGUST 28 2014........SUNRISE   603 AM PDT   SUNSET   734 PM PDT
AUGUST 29 2014........SUNRISE   605 AM PDT   SUNSET   732 PM PDT


-  INDICATES NEGATIVE NUMBERS.
R  INDICATES RECORD WAS SET OR TIED.
MM INDICATES DATA IS MISSING.
T  INDICATES TRACE AMOUNT.




$$
