000
CDUS46 KOTX 270856
CLILWS


CLIMATE REPORT
NATIONAL WEATHER SERVICE SPOKANE, WA
156 AM PDT THU JUL 27 2017


...................................

...THE LEWISTON ID AIRPORT CLIMATE SUMMARY FOR JULY 26 2017...

CLIMATE NORMAL PERIOD 1981 TO 2010
CLIMATE RECORD PERIOD 1881 TO 2017


WEATHER ITEM   OBSERVED TIME   RECORD YEAR NORMAL DEPARTURE LAST
                VALUE   (LST)  VALUE       VALUE  FROM      YEAR
                                                  NORMAL
..................................................................
TEMPERATURE (F)
 YESTERDAY
  MAXIMUM         99    325 PM 113    1928  92      7       98
  MINIMUM         62    353 AM  48    1908  61      1       65
  AVERAGE         81                        76      5       82

PRECIPITATION (IN)
  YESTERDAY        0.00          0.49 1918   0.02  -0.02     0.00
  MONTH TO DATE    0.01                      0.58  -0.57     1.57
  SINCE OCT 1     15.26                     10.87   4.39    12.85
  SINCE JAN 1     10.38                      7.76   2.62     9.40

SNOWFALL (IN)
  YESTERDAY        0.0           0.0  1995   0.0    0.0      0.0
  MONTH TO DATE    0.0                       0.0    0.0      0.0
  SINCE JUN 1      0.0                       0.0    0.0      0.0
  SINCE JUL 1      0.0                       0.0    0.0      0.0
  SNOW DEPTH       0

DEGREE DAYS
 HEATING
  YESTERDAY        0                         0      0        0
  MONTH TO DATE    0                         4     -4        9
  SINCE JUN 1     37                        74    -37       66
  SINCE JUL 1      0                         4     -4        9

 COOLING
  YESTERDAY       16                        12      4       17
  MONTH TO DATE  354                       240    114      188
  SINCE JUN 1    493                       338    155      364
  SINCE JAN 1    544                       370    174      404
..................................................................


WIND (MPH)
  HIGHEST WIND SPEED    12   HIGHEST WIND DIRECTION     N (360)
  HIGHEST GUST SPEED    15   HIGHEST GUST DIRECTION    NW (310)
  AVERAGE WIND SPEED     3.6


SKY COVER
  POSSIBLE SUNSHINE  MM
  AVERAGE SKY COVER 0.0


WEATHER CONDITIONS
 THE FOLLOWING WEATHER WAS RECORDED YESTERDAY.
  NO SIGNIFICANT WEATHER WAS OBSERVED.


RELATIVE HUMIDITY (PERCENT)
 HIGHEST    43           500 AM
 LOWEST     12           200 PM
 AVERAGE    28

..........................................................


THE LEWISTON ID AIRPORT CLIMATE NORMALS FOR TODAY
                         NORMAL    RECORD    YEAR
 MAXIMUM TEMPERATURE (F)   92       117      1939
 MINIMUM TEMPERATURE (F)   61        48      1894


SUNRISE AND SUNSET
JULY 27 2017..........SUNRISE   524 AM PDT   SUNSET   825 PM PDT
JULY 28 2017..........SUNRISE   525 AM PDT   SUNSET   823 PM PDT


-  INDICATES NEGATIVE NUMBERS.
R  INDICATES RECORD WAS SET OR TIED.
MM INDICATES DATA IS MISSING.
T  INDICATES TRACE AMOUNT.




$$
