000
CDUS45 KTFX 272229
CLILWT


CLIMATE REPORT
NATIONAL WEATHER SERVICE GREAT FALLS MT
427 PM MDT WED MAY 27 2015


...................................

...THE LEWISTOWN MT CLIMATE SUMMARY FOR MAY 27 2015...
VALID TODAY AS OF 0400 PM LOCAL TIME.

CLIMATE NORMAL PERIOD 1981 TO 2010
CLIMATE RECORD PERIOD 1896 TO 2015


WEATHER ITEM   OBSERVED TIME   RECORD YEAR NORMAL DEPARTURE LAST
                VALUE   (LST)  VALUE       VALUE  FROM      YEAR
                                                  NORMAL
..................................................................
TEMPERATURE (F)
 TODAY
  MAXIMUM         66    101 PM  91    1934  65      1       73
  MINIMUM         43    319 AM  23    1910  41      2       48
  AVERAGE         55                        53      2       61

PRECIPITATION (IN)
  TODAY            0.07          2.17 1955   0.11  -0.04     0.34
  MONTH TO DATE    2.41                      2.38   0.03     1.70
  SINCE OCT 1      8.77                      8.29   0.48     7.54
  SINCE JAN 1      6.46                      5.79   0.67     5.46

SNOWFALL (IN)
  TODAY           MM
  SNOW DEPTH       0

DEGREE DAYS
 HEATING
  TODAY           10                        12     -2        4
  MONTH TO DATE  429                       421      8      426
  SINCE MAR 1   1756                      2124   -368     2260
  SINCE JUL 1   6954                      7928   -974     8316

 COOLING
  TODAY            0                         0      0        0
  MONTH TO DATE    0                         0      0        0
  SINCE MAR 1      0                         0      0        0
  SINCE JAN 1      0                         0      0        0
..................................................................


WIND (MPH)
  HIGHEST WIND SPEED    12   HIGHEST WIND DIRECTION    NW (320)
  HIGHEST GUST SPEED    16   HIGHEST GUST DIRECTION    NW (320)
  AVERAGE WIND SPEED     4.8


SKY COVER
  AVERAGE SKY COVER 0.5


WEATHER CONDITIONS
 THE FOLLOWING WEATHER WAS RECORDED TODAY.
  THUNDERSTORM
  LIGHT RAIN
  FOG
  FOG W/VISIBILITY <= 1/4 MILE


RELATIVE HUMIDITY (PERCENT)
 HIGHEST    93
 LOWEST     52
 AVERAGE    73

..........................................................


THE LEWISTOWN MT CLIMATE NORMALS FOR TOMORROW
                         NORMAL    RECORD    YEAR
 MAXIMUM TEMPERATURE (F)   66        93      1919
 MINIMUM TEMPERATURE (F)   41        15      1947


SUNRISE AND SUNSET
MAY 27 2015...........SUNRISE   530 AM MDT   SUNSET   900 PM MDT
MAY 28 2015...........SUNRISE   529 AM MDT   SUNSET   901 PM MDT


-  INDICATES NEGATIVE NUMBERS.
R  INDICATES RECORD WAS SET OR TIED.
MM INDICATES DATA IS MISSING.
T  INDICATES TRACE AMOUNT.




$$
