516
CDUS45 KTFX 141136
CLILWT


CLIMATE REPORT
NATIONAL WEATHER SERVICE GREAT FALLS MT
436 AM MST SUN FEB 14 2016


...................................

...THE LEWISTOWN MT CLIMATE SUMMARY FOR FEBRUARY 13 2016...

CLIMATE NORMAL PERIOD 1981 TO 2010
CLIMATE RECORD PERIOD 1896 TO 2016


WEATHER ITEM   OBSERVED TIME   RECORD YEAR NORMAL DEPARTURE LAST
                VALUE   (LST)  VALUE       VALUE  FROM      YEAR
                                                  NORMAL
..................................................................
TEMPERATURE (F)
 YESTERDAY
  MAXIMUM         48    644 AM  61    2015  36     12       61
  MINIMUM         30   1159 PM -34    1936  15     15       37
  AVERAGE         39                        25     14       49

PRECIPITATION (IN)
  YESTERDAY        0.02          0.40 1944   0.01   0.01     0.00
  MONTH TO DATE    0.08                      0.20  -0.12     0.27
  SINCE OCT 1      2.83                      3.27  -0.44     3.39
  SINCE JAN 1      0.75                      0.77  -0.02     1.08

SNOWFALL (IN)
  YESTERDAY       MM
  SNOW DEPTH      MM

DEGREE DAYS
 HEATING
  YESTERDAY       26                        40    -14       16
  MONTH TO DATE  418                       523   -105      366
  SINCE DEC 1   2782                      3100   -318     2674
  SINCE JUL 1   4539                      5228   -689     4591

 COOLING
  YESTERDAY        0                         0      0        0
  MONTH TO DATE    0                         0      0        0
  SINCE DEC 1      0                         0      0        0
  SINCE JAN 1      0                         0      0        0
..................................................................


WIND (MPH)
  HIGHEST WIND SPEED    33   HIGHEST WIND DIRECTION     W (280)
  HIGHEST GUST SPEED    45   HIGHEST GUST DIRECTION    NW (300)
  AVERAGE WIND SPEED    12.8


SKY COVER
  AVERAGE SKY COVER 0.5


WEATHER CONDITIONS
 THE FOLLOWING WEATHER WAS RECORDED YESTERDAY.
  LIGHT RAIN
  LIGHT SNOW


RELATIVE HUMIDITY (PERCENT)
 HIGHEST    76           400 AM
 LOWEST     53          1100 AM
 AVERAGE    65

..........................................................


THE LEWISTOWN MT CLIMATE NORMALS FOR TODAY
                         NORMAL    RECORD    YEAR
 MAXIMUM TEMPERATURE (F)   36        65      1921
 MINIMUM TEMPERATURE (F)   15       -34      1936


SUNRISE AND SUNSET
FEBRUARY 14 2016......SUNRISE   725 AM MST   SUNSET   540 PM MST
FEBRUARY 15 2016......SUNRISE   723 AM MST   SUNSET   542 PM MST


-  INDICATES NEGATIVE NUMBERS.
R  INDICATES RECORD WAS SET OR TIED.
MM INDICATES DATA IS MISSING.
T  INDICATES TRACE AMOUNT.




$$
