000
CDUS45 KTFX 250858
CLILWT


CLIMATE REPORT
NATIONAL WEATHER SERVICE GREAT FALLS MT
257 AM MDT TUE JUL 25 2017


...................................

...THE LEWISTOWN MT CLIMATE SUMMARY FOR JULY 24 2017...

CLIMATE NORMAL PERIOD 1981 TO 2010
CLIMATE RECORD PERIOD 1896 TO 2017


WEATHER ITEM   OBSERVED TIME   RECORD YEAR NORMAL DEPARTURE LAST
                VALUE   (LST)  VALUE       VALUE  FROM      YEAR
                                                  NORMAL
..................................................................
TEMPERATURE (F)
 YESTERDAY
  MAXIMUM         86    343 PM 101    1929  83      3       82
  MINIMUM         56    631 AM  33    1896  52      4       48
  AVERAGE         71                        67      4       65

PRECIPITATION (IN)
  YESTERDAY        0.00          1.56 1934   0.05  -0.05     0.00
  MONTH TO DATE    0.18                      1.56  -1.38     3.39
  SINCE OCT 1     12.14                     13.40  -1.26    13.92
  SINCE JAN 1      7.74                     10.90  -3.16    11.84

SNOWFALL (IN)
  YESTERDAY       MM
  SNOW DEPTH       0

DEGREE DAYS
 HEATING
  YESTERDAY        0                         1     -1        0
  MONTH TO DATE    0                        64    -64       45
  SINCE JUN 1    168                       291   -123      135
  SINCE JUL 1      0                        64    -64       45

 COOLING
  YESTERDAY        6                         4      2        0
  MONTH TO DATE  189                        64    125       71
  SINCE JUN 1    214                        84    130      128
  SINCE JAN 1    215                        86    129      128
..................................................................


WIND (MPH)
  HIGHEST WIND SPEED    20   HIGHEST WIND DIRECTION     W (290)
  HIGHEST GUST SPEED    25   HIGHEST GUST DIRECTION     W (280)
  AVERAGE WIND SPEED     8.0


SKY COVER
  AVERAGE SKY COVER 0.0


WEATHER CONDITIONS
 THE FOLLOWING WEATHER WAS RECORDED YESTERDAY.
  NO SIGNIFICANT WEATHER WAS OBSERVED.


RELATIVE HUMIDITY (PERCENT)
 HIGHEST    80           600 AM
 LOWEST     23           300 PM
 AVERAGE    52

..........................................................


THE LEWISTOWN MT CLIMATE NORMALS FOR TODAY
                         NORMAL    RECORD    YEAR
 MAXIMUM TEMPERATURE (F)   83       101      1933
 MINIMUM TEMPERATURE (F)   52        38      1948


SUNRISE AND SUNSET
JULY 25 2017..........SUNRISE   549 AM MDT   SUNSET   859 PM MDT
JULY 26 2017..........SUNRISE   550 AM MDT   SUNSET   858 PM MDT


-  INDICATES NEGATIVE NUMBERS.
R  INDICATES RECORD WAS SET OR TIED.
MM INDICATES DATA IS MISSING.
T  INDICATES TRACE AMOUNT.




$$
