000
CDUS45 KTFX 272230
CLILWT


CLIMATE REPORT
NATIONAL WEATHER SERVICE GREAT FALLS MT
430 PM MDT SAT MAY 27 2017


...................................

...THE LEWISTOWN MT CLIMATE SUMMARY FOR MAY 27 2017...
VALID TODAY AS OF 0400 PM LOCAL TIME.

CLIMATE NORMAL PERIOD 1981 TO 2010
CLIMATE RECORD PERIOD 1896 TO 2017


WEATHER ITEM   OBSERVED TIME   RECORD YEAR NORMAL DEPARTURE LAST
                VALUE   (LST)  VALUE       VALUE  FROM      YEAR
                                                  NORMAL
..................................................................
TEMPERATURE (F)
 TODAY
  MAXIMUM         71    216 PM  91    1934  65      6       67
  MINIMUM         35    430 AM  23    1910  41     -6       39
  AVERAGE         53                        53      0       53

PRECIPITATION (IN)
  TODAY            T             2.17 1955   0.11  -0.11     0.62
  MONTH TO DATE    1.66                      2.38  -0.72     3.68
  SINCE OCT 1     10.18                      8.29   1.89     9.47
  SINCE JAN 1      5.78                      5.79  -0.01     7.39

DEGREE DAYS
 HEATING
  TODAY           12                        12      0       12
  MONTH TO DATE  379                       421    -42      365
  SINCE MAR 1   1940                      2124   -184     1709
  SINCE JUL 1   7751                      7928   -177     6667

 COOLING
  TODAY            0                         0      0        0
  MONTH TO DATE    0                         0      0        0
  SINCE MAR 1      0                         0      0        0
  SINCE JAN 1      0                         0      0        0
..................................................................


WIND (MPH)
  HIGHEST WIND SPEED    22   HIGHEST WIND DIRECTION    NW (300)
  HIGHEST GUST SPEED    31   HIGHEST GUST DIRECTION    NW (300)
  AVERAGE WIND SPEED     8.6


SKY COVER
  AVERAGE SKY COVER 0.4


WEATHER CONDITIONS
 THE FOLLOWING WEATHER WAS RECORDED TODAY.
  NO SIGNIFICANT WEATHER WAS OBSERVED.


RELATIVE HUMIDITY (PERCENT)
 HIGHEST    89
 LOWEST     28
 AVERAGE    59

..........................................................


THE LEWISTOWN MT CLIMATE NORMALS FOR TOMORROW
                         NORMAL    RECORD    YEAR
 MAXIMUM TEMPERATURE (F)   66        93      1919
 MINIMUM TEMPERATURE (F)   41        15      1947


SUNRISE AND SUNSET
MAY 27 2017...........SUNRISE   530 AM MDT   SUNSET   901 PM MDT
MAY 28 2017...........SUNRISE   529 AM MDT   SUNSET   902 PM MDT


-  INDICATES NEGATIVE NUMBERS.
R  INDICATES RECORD WAS SET OR TIED.
MM INDICATES DATA IS MISSING.
T  INDICATES TRACE AMOUNT.




$$
