000
CDUS45 KTFX 050336
CLILWT


CLIMATE REPORT
NATIONAL WEATHER SERVICE GREAT FALLS MT
933 PM MDT TUE AUG 4 2015


...................................

...THE LEWISTOWN MT CLIMATE SUMMARY FOR AUGUST 4 2015...
VALID TODAY AS OF 0500 PM LOCAL TIME.

CLIMATE NORMAL PERIOD 1981 TO 2010
CLIMATE RECORD PERIOD 1896 TO 2015


WEATHER ITEM   OBSERVED TIME   RECORD YEAR NORMAL DEPARTURE LAST
                VALUE   (LST)  VALUE       VALUE  FROM      YEAR
                                                  NORMAL
..................................................................
TEMPERATURE (F)
 TODAY
  MAXIMUM         77    907 AM  98    1961  83     -6       83
  MINIMUM         58    513 AM  38    1937  52      6       54
  AVERAGE         68                        67      1       69

PRECIPITATION (IN)
  TODAY            0.03          0.49 2002   0.06  -0.03      T
  MONTH TO DATE    0.03                      0.22  -0.19     0.28
  SINCE OCT 1     12.53                     13.99  -1.46    11.38
  SINCE JAN 1     10.22                     11.49  -1.27     9.30

SNOWFALL (IN)
  TODAY           MM
  SNOW DEPTH       0

DEGREE DAYS
 HEATING
  TODAY            0                         1     -1        0
  MONTH TO DATE    0                         4     -4        0
  SINCE JUN 1    119                       304   -185      296
  SINCE JUL 1     33                        77    -44       10

 COOLING
  TODAY            3                         4     -1        4
  MONTH TO DATE   29                        16     13       28
  SINCE JUN 1    205                       124     81      182
  SINCE JAN 1    205                       126     79      182
..................................................................


WIND (MPH)
  HIGHEST WIND SPEED    22   HIGHEST WIND DIRECTION     W (270)
  HIGHEST GUST SPEED    25   HIGHEST GUST DIRECTION     W (270)
  AVERAGE WIND SPEED     8.7


SKY COVER
  AVERAGE SKY COVER 0.4


WEATHER CONDITIONS
 THE FOLLOWING WEATHER WAS RECORDED TODAY.
  LIGHT RAIN


RELATIVE HUMIDITY (PERCENT)
 HIGHEST    73
 LOWEST     33
 AVERAGE    53

..........................................................


THE LEWISTOWN MT CLIMATE NORMALS FOR TOMORROW
                         NORMAL    RECORD    YEAR
 MAXIMUM TEMPERATURE (F)   83       103      1961
 MINIMUM TEMPERATURE (F)   52        35      1940


SUNRISE AND SUNSET
AUGUST  4 2015........SUNRISE   601 AM MDT   SUNSET   846 PM MDT
AUGUST  5 2015........SUNRISE   602 AM MDT   SUNSET   845 PM MDT


-  INDICATES NEGATIVE NUMBERS.
R  INDICATES RECORD WAS SET OR TIED.
MM INDICATES DATA IS MISSING.
T  INDICATES TRACE AMOUNT.




$$
