000
CDUS45 KTFX 010831
CLILWT


CLIMATE REPORT
NATIONAL WEATHER SERVICE GREAT FALLS MT
229 AM MDT TUE SEP 1 2015


...................................

...THE LEWISTOWN MT CLIMATE SUMMARY FOR AUGUST 31 2015...

CLIMATE NORMAL PERIOD 1981 TO 2010
CLIMATE RECORD PERIOD 1896 TO 2015


WEATHER ITEM   OBSERVED TIME   RECORD YEAR NORMAL DEPARTURE LAST
                VALUE   (LST)  VALUE       VALUE  FROM      YEAR
                                                  NORMAL
..................................................................
TEMPERATURE (F)
 YESTERDAY
  MAXIMUM         78    435 PM  98    1991  76      2       68
  MINIMUM         45    350 AM  34    1930  46     -1       49
  AVERAGE         62                        61      1       59

PRECIPITATION (IN)
  YESTERDAY        0.00          0.72 1973   0.05  -0.05      T
  MONTH TO DATE    1.12                      1.73  -0.61     6.06
  SINCE OCT 1     13.62                     15.50  -1.88    17.16
  SINCE JAN 1     11.31                     13.00  -1.69    15.08

SNOWFALL (IN)
  YESTERDAY       MM
  SNOW DEPTH       0

DEGREE DAYS
 HEATING
  YESTERDAY        3                         5     -2        6
  MONTH TO DATE   69                        84    -15       71
  SINCE JUN 1    188                       385   -197      367
  SINCE JUL 1    102                       158    -56       81

 COOLING
  YESTERDAY        0                         1     -1        0
  MONTH TO DATE  138                        86     52      127
  SINCE JUN 1    314                       194    120      281
  SINCE JAN 1    314                       196    118      281
..................................................................


WIND (MPH)
  HIGHEST WIND SPEED    28   HIGHEST WIND DIRECTION     W (260)
  HIGHEST GUST SPEED    33   HIGHEST GUST DIRECTION     W (270)
  AVERAGE WIND SPEED     8.1


SKY COVER
  AVERAGE SKY COVER 0.1


WEATHER CONDITIONS
 THE FOLLOWING WEATHER WAS RECORDED YESTERDAY.
  NO SIGNIFICANT WEATHER WAS OBSERVED.


RELATIVE HUMIDITY (PERCENT)
 HIGHEST    83          1200 AM
 LOWEST     19           200 PM
 AVERAGE    51

..........................................................


THE LEWISTOWN MT CLIMATE NORMALS FOR TODAY
                         NORMAL    RECORD    YEAR
 MAXIMUM TEMPERATURE (F)   75        97      1991
 MINIMUM TEMPERATURE (F)   46        26      1930


SUNRISE AND SUNSET
SEPTEMBER  1 2015.....SUNRISE   637 AM MDT   SUNSET   758 PM MDT
SEPTEMBER  2 2015.....SUNRISE   638 AM MDT   SUNSET   756 PM MDT


-  INDICATES NEGATIVE NUMBERS.
R  INDICATES RECORD WAS SET OR TIED.
MM INDICATES DATA IS MISSING.
T  INDICATES TRACE AMOUNT.




$$
