000
CDUS45 KTFX 280811
CLILWT


CLIMATE REPORT
NATIONAL WEATHER SERVICE GREAT FALLS MT
208 AM MDT SAT MAR 28 2015


...................................

...THE LEWISTOWN MT CLIMATE SUMMARY FOR MARCH 27 2015...

CLIMATE NORMAL PERIOD 1981 TO 2010
CLIMATE RECORD PERIOD 1896 TO 2015


WEATHER ITEM   OBSERVED TIME   RECORD YEAR NORMAL DEPARTURE LAST
                VALUE   (LST)  VALUE       VALUE  FROM      YEAR
                                                  NORMAL
..................................................................
TEMPERATURE (F)
 YESTERDAY
  MAXIMUM         73R   315 PM  69    1946  47     26       38
  MINIMUM         41   1137 PM -10    1965  25     16       20
  AVERAGE         57                        36     21       29

PRECIPITATION (IN)
  YESTERDAY        0.00          0.90 2007   0.05  -0.05     0.11
  MONTH TO DATE    0.34                      0.82  -0.48     1.44
  SINCE OCT 1      4.15                      4.33  -0.18     4.80
  SINCE JAN 1      1.84                      1.83   0.01     2.72

SNOWFALL (IN)
  YESTERDAY       MM
  SNOW DEPTH       0

DEGREE DAYS
 HEATING
  YESTERDAY        8                        29    -21       36
  MONTH TO DATE  648                       883   -235      992
  SINCE MAR 1    648                       883   -235      992
  SINCE JUL 1   5846                      6687   -841     7048

 COOLING
  YESTERDAY        0                         0      0        0
  MONTH TO DATE    0                         0      0        0
  SINCE MAR 1      0                         0      0        0
  SINCE JAN 1      0                         0      0        0
..................................................................


WIND (MPH)
  HIGHEST WIND SPEED    24   HIGHEST WIND DIRECTION     W (290)
  HIGHEST GUST SPEED    31   HIGHEST GUST DIRECTION    NW (330)
  AVERAGE WIND SPEED    10.7


SKY COVER
  AVERAGE SKY COVER 0.0


WEATHER CONDITIONS
 THE FOLLOWING WEATHER WAS RECORDED YESTERDAY.
  NO SIGNIFICANT WEATHER WAS OBSERVED.


RELATIVE HUMIDITY (PERCENT)
 HIGHEST    70           200 AM
 LOWEST     19           300 PM
 AVERAGE    45

..........................................................


THE LEWISTOWN MT CLIMATE NORMALS FOR TODAY
                         NORMAL    RECORD    YEAR
 MAXIMUM TEMPERATURE (F)   48        72      1953
 MINIMUM TEMPERATURE (F)   25       -11      1987


SUNRISE AND SUNSET
MARCH 28 2015.........SUNRISE   705 AM MDT   SUNSET   741 PM MDT
MARCH 29 2015.........SUNRISE   703 AM MDT   SUNSET   743 PM MDT


-  INDICATES NEGATIVE NUMBERS.
R  INDICATES RECORD WAS SET OR TIED.
MM INDICATES DATA IS MISSING.
T  INDICATES TRACE AMOUNT.




$$
