000
CDUS45 KTFX 192330
CLILWT


CLIMATE REPORT
NATIONAL WEATHER SERVICE GREAT FALLS MT
430 PM MST FRI JAN 19 2018


...................................

...THE LEWISTOWN MT CLIMATE SUMMARY FOR JANUARY 19 2018...
VALID TODAY AS OF 0400 PM LOCAL TIME.

CLIMATE NORMAL PERIOD 1981 TO 2010
CLIMATE RECORD PERIOD 1896 TO 2018


WEATHER ITEM   OBSERVED TIME   RECORD YEAR NORMAL DEPARTURE LAST
                VALUE   (LST)  VALUE       VALUE  FROM      YEAR
                                                  NORMAL
..................................................................
TEMPERATURE (F)
 TODAY
  MAXIMUM         36    340 PM  60    1986  34      2       43
  MINIMUM         32    358 AM -31    1954  13     19       31
  AVERAGE         34                        24     10       37

PRECIPITATION (IN)
  TODAY            0.03          0.40 1906   0.02   0.01      T
  MONTH TO DATE    0.41                      0.36   0.05     0.31
  SINCE OCT 1      2.41                      2.86  -0.45     4.71
  SINCE JAN 1      0.41                      0.36   0.05     0.31

DEGREE DAYS
 HEATING
  TODAY           31                        41    -10       28
  MONTH TO DATE  812                       791     21     1015
  SINCE DEC 1   2184                      2085     99     2562
  SINCE JUL 1   4158                      4213    -55     4288

 COOLING
  TODAY            0                         0      0        0
  MONTH TO DATE    0                         0      0        0
  SINCE DEC 1      0                         0      0        0
  SINCE JAN 1      0                         0      0        0
..................................................................


WIND (MPH)
  HIGHEST WIND SPEED    14   HIGHEST WIND DIRECTION    SW (210)
  HIGHEST GUST SPEED    17   HIGHEST GUST DIRECTION    SW (210)
  AVERAGE WIND SPEED     6.7


SKY COVER
  AVERAGE SKY COVER 0.9


WEATHER CONDITIONS
 THE FOLLOWING WEATHER WAS RECORDED TODAY.
  LIGHT RAIN
  LIGHT SNOW
  FOG


RELATIVE HUMIDITY (PERCENT)
 HIGHEST   100
 LOWEST     70
 AVERAGE    85

..........................................................


THE LEWISTOWN MT CLIMATE NORMALS FOR TOMORROW
                         NORMAL    RECORD    YEAR
 MAXIMUM TEMPERATURE (F)   34        58      1981
 MINIMUM TEMPERATURE (F)   13       -32      1954
                                             1949


SUNRISE AND SUNSET
JANUARY 19 2018.......SUNRISE   756 AM MST   SUNSET   501 PM MST
JANUARY 20 2018.......SUNRISE   756 AM MST   SUNSET   503 PM MST


-  INDICATES NEGATIVE NUMBERS.
R  INDICATES RECORD WAS SET OR TIED.
MM INDICATES DATA IS MISSING.
T  INDICATES TRACE AMOUNT.




$$
