000
CDUS45 KTFX 071014
CLILWT


CLIMATE REPORT
NATIONAL WEATHER SERVICE GREAT FALLS MT
410 AM MDT TUE JUL 7 2015


...................................

...THE LEWISTOWN MT CLIMATE SUMMARY FOR JULY 6 2015...

CLIMATE NORMAL PERIOD 1981 TO 2010
CLIMATE RECORD PERIOD 1896 TO 2015


WEATHER ITEM   OBSERVED TIME   RECORD YEAR NORMAL DEPARTURE LAST
                VALUE   (LST)  VALUE       VALUE  FROM      YEAR
                                                  NORMAL
..................................................................
TEMPERATURE (F)
 YESTERDAY
  MAXIMUM         74    441 PM  98    2007  78     -4       88
  MINIMUM         51    256 AM  37    1927  49      2       51
  AVERAGE         63                        64     -1       70

PRECIPITATION (IN)
  YESTERDAY        0.00          1.09 1962   0.07  -0.07     0.00
  MONTH TO DATE    0.16                      0.44  -0.28     0.12
  SINCE OCT 1     10.77                     12.28  -1.51    10.30
  SINCE JAN 1      8.46                      9.78  -1.32     8.22

SNOWFALL (IN)
  YESTERDAY       MM
  SNOW DEPTH       0

DEGREE DAYS
 HEATING
  YESTERDAY        2                         3     -1        0
  MONTH TO DATE    6                        23    -17        4
  SINCE JUN 1     92                       250   -158      290
  SINCE JUL 1      6                        23    -17        4

 COOLING
  YESTERDAY        0                         2     -2        5
  MONTH TO DATE   29                        12     17       25
  SINCE JUN 1    104                        32     72       26
  SINCE JAN 1    104                        34     70       26
..................................................................


WIND (MPH)
  HIGHEST WIND SPEED    10   HIGHEST WIND DIRECTION     E (90)
  HIGHEST GUST SPEED    13   HIGHEST GUST DIRECTION     E (80)
  AVERAGE WIND SPEED     4.0


SKY COVER
  AVERAGE SKY COVER 0.5


WEATHER CONDITIONS
 THE FOLLOWING WEATHER WAS RECORDED YESTERDAY.
  FOG


RELATIVE HUMIDITY (PERCENT)
 HIGHEST    89          1200 AM
 LOWEST     38           400 PM
 AVERAGE    64

..........................................................


THE LEWISTOWN MT CLIMATE NORMALS FOR TODAY
                         NORMAL    RECORD    YEAR
 MAXIMUM TEMPERATURE (F)   78        94      1989
 MINIMUM TEMPERATURE (F)   49        36      1988


SUNRISE AND SUNSET
JULY  7 2015..........SUNRISE   531 AM MDT   SUNSET   915 PM MDT
JULY  8 2015..........SUNRISE   531 AM MDT   SUNSET   914 PM MDT


-  INDICATES NEGATIVE NUMBERS.
R  INDICATES RECORD WAS SET OR TIED.
MM INDICATES DATA IS MISSING.
T  INDICATES TRACE AMOUNT.




$$
