000
CDUS45 KTFX 302230
CLILWT


CLIMATE REPORT
NATIONAL WEATHER SERVICE GREAT FALLS MT
430 PM MDT FRI SEP 30 2016


...................................

...THE LEWISTOWN MT CLIMATE SUMMARY FOR SEPTEMBER 30 2016...
VALID TODAY AS OF 0400 PM LOCAL TIME.

CLIMATE NORMAL PERIOD 1981 TO 2010
CLIMATE RECORD PERIOD 1896 TO 2016


WEATHER ITEM   OBSERVED TIME   RECORD YEAR NORMAL DEPARTURE LAST
                VALUE   (LST)  VALUE       VALUE  FROM      YEAR
                                                  NORMAL
..................................................................
TEMPERATURE (F)
 TODAY
  MAXIMUM         78    227 PM  93    1906  63     15       80
  MINIMUM         46    609 AM  17    1985  36     10       40
  AVERAGE         62                        49     13       60

PRECIPITATION (IN)
  TODAY            0.00          1.02 1926   0.04  -0.04     0.00
  MONTH TO DATE    2.41                      1.35   1.06     0.77
  SINCE OCT 1     18.11                     16.85   1.26    14.39
  SINCE JAN 1     16.03                     14.35   1.68    12.08

DEGREE DAYS
 HEATING
  TODAY            3                        16    -13        5
  MONTH TO DATE  314                       319     -5      200
  SINCE SEP 1    314                       319     -5      200
  SINCE JUL 1    425                       477    -52      302

 COOLING
  TODAY            0                         0      0        0
  MONTH TO DATE   14                        14      0       25
  SINCE SEP 1     14                        14      0       25
  SINCE JAN 1    259                       210     49      339
..................................................................


WIND (MPH)
  HIGHEST WIND SPEED    10   HIGHEST WIND DIRECTION    SW (210)
  HIGHEST GUST SPEED    13   HIGHEST GUST DIRECTION    NW (300)
  AVERAGE WIND SPEED     5.0


SKY COVER
  AVERAGE SKY COVER 0.0


WEATHER CONDITIONS
 THE FOLLOWING WEATHER WAS RECORDED TODAY.
  NO SIGNIFICANT WEATHER WAS OBSERVED.


RELATIVE HUMIDITY (PERCENT)
 HIGHEST    86
 LOWEST     31
 AVERAGE    59

..........................................................


THE LEWISTOWN MT CLIMATE NORMALS FOR TOMORROW
                         NORMAL    RECORD    YEAR
 MAXIMUM TEMPERATURE (F)   62        90      2011
 MINIMUM TEMPERATURE (F)   35        15      1950


SUNRISE AND SUNSET
SEPTEMBER 30 2016.....SUNRISE   716 AM MDT   SUNSET   658 PM MDT
OCTOBER  1 2016.......SUNRISE   717 AM MDT   SUNSET   656 PM MDT


-  INDICATES NEGATIVE NUMBERS.
R  INDICATES RECORD WAS SET OR TIED.
MM INDICATES DATA IS MISSING.
T  INDICATES TRACE AMOUNT.




$$
