000
CDUS45 KTFX 271016
CLILWT


CLIMATE REPORT
NATIONAL WEATHER SERVICE GREAT FALLS MT
414 AM MDT SAT AUG 27 2016


...................................

...THE LEWISTOWN MT CLIMATE SUMMARY FOR AUGUST 26 2016...

CLIMATE NORMAL PERIOD 1981 TO 2010
CLIMATE RECORD PERIOD 1896 TO 2016


WEATHER ITEM   OBSERVED TIME   RECORD YEAR NORMAL DEPARTURE LAST
                VALUE   (LST)  VALUE       VALUE  FROM      YEAR
                                                  NORMAL
..................................................................
TEMPERATURE (F)
 YESTERDAY
  MAXIMUM         68    544 PM  99    1926  78    -10       89
  MINIMUM         43    224 AM  30    1896  47     -4       56
  AVERAGE         56                        63     -7       73

PRECIPITATION (IN)
  YESTERDAY        0.00          0.70 1941   0.06  -0.06     0.00
  MONTH TO DATE    1.76                      1.46   0.30     0.87
  SINCE OCT 1     15.70                     15.23   0.47    13.37
  SINCE JAN 1     13.62                     12.73   0.89    11.06

SNOWFALL (IN)
  YESTERDAY       MM
  SNOW DEPTH       0

DEGREE DAYS
 HEATING
  YESTERDAY        9                         4      5        0
  MONTH TO DATE   65                        60      5       66
  SINCE JUN 1    200                       360   -160      185
  SINCE JUL 1    110                       133    -23       99

 COOLING
  YESTERDAY        0                         2     -2        8
  MONTH TO DATE   52                        81    -29      112
  SINCE JUN 1    213                       189     24      288
  SINCE JAN 1    213                       191     22      288
..................................................................


WIND (MPH)
  HIGHEST WIND SPEED    12   HIGHEST WIND DIRECTION    SW (240)
  HIGHEST GUST SPEED    13   HIGHEST GUST DIRECTION    SW (240)
  AVERAGE WIND SPEED     5.4


SKY COVER
  AVERAGE SKY COVER 0.4


WEATHER CONDITIONS
 THE FOLLOWING WEATHER WAS RECORDED YESTERDAY.
  NO SIGNIFICANT WEATHER WAS OBSERVED.


RELATIVE HUMIDITY (PERCENT)
 HIGHEST    83           600 AM
 LOWEST     37           500 PM
 AVERAGE    60

..........................................................


THE LEWISTOWN MT CLIMATE NORMALS FOR TODAY
                         NORMAL    RECORD    YEAR
 MAXIMUM TEMPERATURE (F)   78        97      1971
 MINIMUM TEMPERATURE (F)   47        30      1900


SUNRISE AND SUNSET
AUGUST 27 2016........SUNRISE   631 AM MDT   SUNSET   806 PM MDT
AUGUST 28 2016........SUNRISE   633 AM MDT   SUNSET   804 PM MDT


-  INDICATES NEGATIVE NUMBERS.
R  INDICATES RECORD WAS SET OR TIED.
MM INDICATES DATA IS MISSING.
T  INDICATES TRACE AMOUNT.




$$
