000
CDUS43 KILX 180639
CLILWV


CLIMATE REPORT
NATIONAL WEATHER SERVICE LINCOLN IL
139 AM CDT THU SEP 18 2014


...................................

...THE LAWRENCEVILLE IL AIRPORT CLIMATE SUMMARY FOR SEPTEMBER 17 2014...

CLIMATE NORMAL PERIOD 1981 TO 2010
CLIMATE RECORD PERIOD 9999 TO 9999


WEATHER ITEM   OBSERVED TIME   RECORD YEAR NORMAL DEPARTURE LAST
                VALUE   (LST)  VALUE       VALUE  FROM      YEAR
                                                  NORMAL
..................................................................
TEMPERATURE (F)
 YESTERDAY
  MAXIMUM         70    143 PM  MM      MM  82    -12       77
  MINIMUM         44    550 AM  MM      MM  57    -13       53
  AVERAGE         57                        69    -12       65

PRECIPITATION (IN)
  YESTERDAY        T            MM      MM   0.08  -0.08     0.00
  MONTH TO DATE    2.79                      1.82   0.97     0.12
  SINCE SEP 1      2.79                      1.82   0.97     0.12
  SINCE JAN 1     31.59                     31.17   0.42    41.76

DEGREE DAYS
 HEATING
  YESTERDAY        8                         1      7        0
  MONTH TO DATE   44                         4     40        7
  SINCE SEP 1     44                         4     40        7
  SINCE JUL 1     44                         5     39       12

 COOLING
  YESTERDAY        0                         5     -5        0
  MONTH TO DATE   84                       123    -39      137
  SINCE SEP 1     84                       123    -39      137
  SINCE JAN 1   1157                      1306   -149     1192
..................................................................


WIND (MPH)
  HIGHEST WIND SPEED    10   HIGHEST WIND DIRECTION     E (100)
  HIGHEST GUST SPEED    14   HIGHEST GUST DIRECTION     E (100)
  AVERAGE WIND SPEED     3.5


SKY COVER
  POSSIBLE SUNSHINE  MM
  AVERAGE SKY COVER 0.7


WEATHER CONDITIONS
 THE FOLLOWING WEATHER WAS RECORDED YESTERDAY.
  LIGHT RAIN
  FOG
  FOG W/VISIBILITY <= 1/4 MILE
  HAZE


RELATIVE HUMIDITY (PERCENT)
 HIGHEST   100          1200 AM
 LOWEST     53           100 PM
 AVERAGE    77

..........................................................


THE LAWRENCEVILLE IL AIRPORT CLIMATE NORMALS FOR TODAY
                         NORMAL    RECORD    YEAR
 MAXIMUM TEMPERATURE (F)   81        MM        MM
 MINIMUM TEMPERATURE (F)   56        MM        MM


SUNRISE AND SUNSET
SEPTEMBER 18 2014.....SUNRISE   634 AM CDT   SUNSET   654 PM CDT
SEPTEMBER 19 2014.....SUNRISE   635 AM CDT   SUNSET   652 PM CDT


-  INDICATES NEGATIVE NUMBERS.
R  INDICATES RECORD WAS SET OR TIED.
MM INDICATES DATA IS MISSING.
T  INDICATES TRACE AMOUNT.




$$
