000
CDUS43 KILX 210653
CLILWV


CLIMATE REPORT
NATIONAL WEATHER SERVICE LINCOLN IL
1252 AM CST FRI NOV 21 2014


...................................

...THE LAWRENCEVILLE IL AIRPORT CLIMATE SUMMARY FOR NOVEMBER 20 2014...

CLIMATE NORMAL PERIOD 1981 TO 2010
CLIMATE RECORD PERIOD 9999 TO 9999


WEATHER ITEM   OBSERVED TIME   RECORD YEAR NORMAL DEPARTURE LAST
                VALUE   (LST)  VALUE       VALUE  FROM      YEAR
                                                  NORMAL
..................................................................
TEMPERATURE (F)
 YESTERDAY
  MAXIMUM         35    202 PM  MM      MM  54    -19       51
  MINIMUM         16    638 AM  MM      MM  36    -20       29
  AVERAGE         26                        44    -18       40

PRECIPITATION (IN)
  YESTERDAY        0.00         MM      MM   0.14  -0.14      T
  MONTH TO DATE    0.56                      2.56  -2.00     1.14
  SINCE SEP 1      8.05                      9.73  -1.68     8.56
  SINCE JAN 1     36.85                     39.08  -2.23    50.20

DEGREE DAYS
 HEATING
  YESTERDAY       39                        21     18       25
  MONTH TO DATE  554                       331    223      392
  SINCE SEP 1    880                       627    253      698
  SINCE JUL 1    880                       628    252      703

 COOLING
  YESTERDAY        0                         0      0        0
  MONTH TO DATE    0                         0      0        0
  SINCE SEP 1    145                       203    -58      232
  SINCE JAN 1   1218                      1386   -168     1287
..................................................................


WIND (MPH)
  HIGHEST WIND SPEED    18   HIGHEST WIND DIRECTION     W (290)
  HIGHEST GUST SPEED    22   HIGHEST GUST DIRECTION    NW (310)
  AVERAGE WIND SPEED     6.8


SKY COVER
  POSSIBLE SUNSHINE  MM
  AVERAGE SKY COVER 0.1


WEATHER CONDITIONS
 THE FOLLOWING WEATHER WAS RECORDED YESTERDAY.
  NO SIGNIFICANT WEATHER WAS OBSERVED.


RELATIVE HUMIDITY (PERCENT)
 HIGHEST    84           300 AM
 LOWEST     47          1200 PM
 AVERAGE    66

..........................................................


THE LAWRENCEVILLE IL AIRPORT CLIMATE NORMALS FOR TODAY
                         NORMAL    RECORD    YEAR
 MAXIMUM TEMPERATURE (F)   53        MM        MM
 MINIMUM TEMPERATURE (F)   35        MM        MM


SUNRISE AND SUNSET
NOVEMBER 21 2014......SUNRISE   639 AM CST   SUNSET   433 PM CST
NOVEMBER 22 2014......SUNRISE   640 AM CST   SUNSET   432 PM CST


-  INDICATES NEGATIVE NUMBERS.
R  INDICATES RECORD WAS SET OR TIED.
MM INDICATES DATA IS MISSING.
T  INDICATES TRACE AMOUNT.




$$
