000
CDUS43 KILX 310650
CLILWV


CLIMATE REPORT
NATIONAL WEATHER SERVICE LINCOLN IL
136 AM CDT TUE MAY 31 2016


...................................

...THE LAWRENCEVILLE IL AIRPORT CLIMATE SUMMARY FOR MAY 30 2016...

CLIMATE NORMAL PERIOD 1981 TO 2010
CLIMATE RECORD PERIOD 9999 TO 9999


WEATHER ITEM   OBSERVED TIME   RECORD YEAR NORMAL DEPARTURE LAST
                VALUE   (LST)  VALUE       VALUE  FROM      YEAR
                                                  NORMAL
..................................................................
TEMPERATURE (F)
 YESTERDAY
  MAXIMUM         88    422 PM  MM      MM  81      7       88
  MINIMUM         63    531 AM  MM      MM  59      4       59
  AVERAGE         76                        70      6       74

PRECIPITATION (IN)
  YESTERDAY        0.00         MM      MM   0.13  -0.13     1.08
  MONTH TO DATE    4.17                      5.45  -1.28     3.38
  SINCE MAR 1     13.43                     13.04   0.39    14.45
  SINCE JAN 1     17.67                     17.43   0.24    16.95

DEGREE DAYS
 HEATING
  YESTERDAY        0                         1     -1        0
  MONTH TO DATE  115                        81     34       61
  SINCE MAR 1    842                       997   -155     1041
  SINCE JUL 1   4069                      4672   -603     5315

 COOLING
  YESTERDAY       11                         6      5        9
  MONTH TO DATE   87                       106    -19      148
  SINCE MAR 1    108                       132    -24      155
  SINCE JAN 1    108                       132    -24      155
..................................................................


WIND (MPH)
  HIGHEST WIND SPEED    12   HIGHEST WIND DIRECTION     N (340)
  HIGHEST GUST SPEED    15   HIGHEST GUST DIRECTION     N (340)
  AVERAGE WIND SPEED     1.6


SKY COVER
  POSSIBLE SUNSHINE  MM
  AVERAGE SKY COVER 0.0


WEATHER CONDITIONS
 THE FOLLOWING WEATHER WAS RECORDED YESTERDAY.
  NO SIGNIFICANT WEATHER WAS OBSERVED.


RELATIVE HUMIDITY (PERCENT)
 HIGHEST    93           300 AM
 LOWEST     31           500 PM
 AVERAGE    62

..........................................................


THE LAWRENCEVILLE IL AIRPORT CLIMATE NORMALS FOR TODAY
                         NORMAL    RECORD    YEAR
 MAXIMUM TEMPERATURE (F)   81        MM        MM
 MINIMUM TEMPERATURE (F)   60        MM        MM


SUNRISE AND SUNSET
MAY 31 2016...........SUNRISE   528 AM CDT   SUNSET   809 PM CDT
JUNE  1 2016..........SUNRISE   527 AM CDT   SUNSET   810 PM CDT


-  INDICATES NEGATIVE NUMBERS.
R  INDICATES RECORD WAS SET OR TIED.
MM INDICATES DATA IS MISSING.
T  INDICATES TRACE AMOUNT.




$$
