000
CDUS43 KILX 160632
CLILWV


CLIMATE REPORT
NATIONAL WEATHER SERVICE LINCOLN IL
130 AM CDT WED APR 16 2014


...................................

...THE LAWRENCEVILLE IL AIRPORT CLIMATE SUMMARY FOR APRIL 15 2014...

CLIMATE NORMAL PERIOD 1981 TO 2010
CLIMATE RECORD PERIOD 9999 TO 9999


WEATHER ITEM   OBSERVED TIME   RECORD YEAR NORMAL DEPARTURE LAST
                VALUE   (LST)  VALUE       VALUE  FROM      YEAR
                                                  NORMAL
..................................................................
TEMPERATURE (F)
 YESTERDAY
  MAXIMUM         45    221 PM  MM      MM  67    -22       72
  MINIMUM         33   1158 PM  MM      MM  45    -12       56
  AVERAGE         39                        56    -17       64

PRECIPITATION (IN)
  YESTERDAY        0.00         MM      MM   0.12  -0.12     0.00
  MONTH TO DATE    5.83                      1.69   4.14     1.68
  SINCE MAR 1      6.87                      5.12   1.75     4.93
  SINCE JAN 1      9.63                      9.51   0.12    13.49

DEGREE DAYS
 HEATING
  YESTERDAY       26                        10     16        1
  MONTH TO DATE  169                       185    -16      175
  SINCE MAR 1    952                       807    145      994
  SINCE JUL 1   5354                      4482    872     4690

 COOLING
  YESTERDAY        0                         1     -1        0
  MONTH TO DATE    4                         9     -5       16
  SINCE MAR 1      4                        11     -7       16
  SINCE JAN 1      4                        11     -7       16
..................................................................


WIND (MPH)
  HIGHEST WIND SPEED    22   HIGHEST WIND DIRECTION     N (360)
  HIGHEST GUST SPEED    27   HIGHEST GUST DIRECTION     N (350)
  AVERAGE WIND SPEED    11.6


SKY COVER
  POSSIBLE SUNSHINE  MM
  AVERAGE SKY COVER 0.6


WEATHER CONDITIONS
 THE FOLLOWING WEATHER WAS RECORDED YESTERDAY.
  LIGHT RAIN


RELATIVE HUMIDITY (PERCENT)
 HIGHEST    89          1200 AM
 LOWEST     41           600 PM
 AVERAGE    65

..........................................................


THE LAWRENCEVILLE IL AIRPORT CLIMATE NORMALS FOR TODAY
                         NORMAL    RECORD    YEAR
 MAXIMUM TEMPERATURE (F)   67        MM        MM
 MINIMUM TEMPERATURE (F)   46        MM        MM


SUNRISE AND SUNSET
APRIL 16 2014.........SUNRISE   613 AM CDT   SUNSET   728 PM CDT
APRIL 17 2014.........SUNRISE   611 AM CDT   SUNSET   729 PM CDT


-  INDICATES NEGATIVE NUMBERS.
R  INDICATES RECORD WAS SET OR TIED.
MM INDICATES DATA IS MISSING.
T  INDICATES TRACE AMOUNT.




$$
