000
CDUS43 KILX 170641
CLILWV


CLIMATE REPORT
NATIONAL WEATHER SERVICE LINCOLN IL
141 AM CDT TUE OCT 17 2017


...................................

...THE LAWRENCEVILLE IL AIRPORT CLIMATE SUMMARY FOR OCTOBER 16 2017...

CLIMATE NORMAL PERIOD 1981 TO 2010
CLIMATE RECORD PERIOD 9999 TO 9999


WEATHER ITEM   OBSERVED TIME   RECORD YEAR NORMAL DEPARTURE LAST
                VALUE   (LST)  VALUE       VALUE  FROM      YEAR
                                                  NORMAL
..................................................................
TEMPERATURE (F)
 YESTERDAY
  MAXIMUM         MM        MM  MM      MM  69     MM       84
  MINIMUM         MM        MM  MM      MM  46     MM       60
  AVERAGE         MM                        58     MM       72

PRECIPITATION (IN)
  YESTERDAY        0.00         MM      MM   0.13  -0.13      T
  MONTH TO DATE    3.38                      2.20   1.18     0.06
  SINCE SEP 1      4.13                      5.39  -1.26     2.79
  SINCE JAN 1     28.49                     34.74  -6.25    35.05

DEGREE DAYS
 HEATING
  YESTERDAY       MM                         8     MM        0
  MONTH TO DATE   16                       101    -85       41
  SINCE SEP 1     28                       139   -111       53
  SINCE JUL 1     28                       140   -112       53

 COOLING
  YESTERDAY       MM                         1     MM        7
  MONTH TO DATE   70                        26     44       40
  SINCE SEP 1    280                       197     83      281
  SINCE JAN 1   1423                      1380     43     1572
..................................................................


WIND (MPH)
  HIGHEST WIND SPEED    13   HIGHEST WIND DIRECTION     N (340)
  HIGHEST GUST SPEED    MM   HIGHEST GUST DIRECTION    MM
  AVERAGE WIND SPEED     5.0


SKY COVER
  POSSIBLE SUNSHINE  MM
  AVERAGE SKY COVER 0.1


WEATHER CONDITIONS
 THE FOLLOWING WEATHER WAS RECORDED YESTERDAY.
  NO SIGNIFICANT WEATHER WAS OBSERVED.


RELATIVE HUMIDITY (PERCENT)
 HIGHEST    MM
 LOWEST     MM
 AVERAGE    MM

..........................................................


THE LAWRENCEVILLE IL AIRPORT CLIMATE NORMALS FOR TODAY
                         NORMAL    RECORD    YEAR
 MAXIMUM TEMPERATURE (F)   69        MM        MM
 MINIMUM TEMPERATURE (F)   45        MM        MM


SUNRISE AND SUNSET
OCTOBER 17 2017.......SUNRISE   702 AM CDT   SUNSET   609 PM CDT
OCTOBER 18 2017.......SUNRISE   703 AM CDT   SUNSET   607 PM CDT


-  INDICATES NEGATIVE NUMBERS.
R  INDICATES RECORD WAS SET OR TIED.
MM INDICATES DATA IS MISSING.
T  INDICATES TRACE AMOUNT.




$$
