036
CDUS41 KRNK 282123
CLILYH


CLIMATE REPORT
NATIONAL WEATHER SERVICE BLACKSBURG VA
521 PM EDT SUN MAY 28 2017


...................................

...THE LYNCHBURG VA CLIMATE SUMMARY FOR MAY 28 2017...
VALID TODAY AS OF 0500 PM LOCAL TIME.

CLIMATE NORMAL PERIOD 1981 TO 2010
CLIMATE RECORD PERIOD 1893 TO 2017


WEATHER ITEM   OBSERVED TIME   RECORD YEAR NORMAL DEPARTURE LAST
                VALUE   (LST)  VALUE       VALUE  FROM      YEAR
                                                  NORMAL
..................................................................
TEMPERATURE (F)
 TODAY
  MAXIMUM         73    250 PM  97    1941  78     -5       84
  MINIMUM         64    625 AM  39    1961  55      9       61
  AVERAGE         69                        66      3       73

PRECIPITATION (IN)
  TODAY            0.03          1.50 1990   0.14  -0.11     0.00
  MONTH TO DATE    7.55                      3.34   4.21     6.76
  SINCE MAR 1     14.39                     10.23   4.16    12.24
  SINCE JAN 1     18.77                     16.30   2.47    19.53

SNOWFALL (IN)
  TODAY            0.0                                       0.0
  MONTH TO DATE    0.0                                       0.0
  SINCE MAR 1      T                                          T
  SINCE JUL 1      5.9                                      15.6
  SNOW DEPTH       0

DEGREE DAYS
 HEATING
  TODAY            0                         2     -2        0
  MONTH TO DATE   94                       116    -22      117
  SINCE MAR 1    793                      1015   -222      799
  SINCE JUL 1   3502                      4439   -937     3765

 COOLING
  TODAY            4                         3      1        8
  MONTH TO DATE   64                        52     12       33
  SINCE MAR 1    116                        70     46       50
  SINCE JAN 1    117                        70     47       50
..................................................................


WIND (MPH)
  HIGHEST WIND SPEED    14   HIGHEST WIND DIRECTION     N (10)
  HIGHEST GUST SPEED    18   HIGHEST GUST DIRECTION     N (20)
  AVERAGE WIND SPEED     5.4


SKY COVER
  AVERAGE SKY COVER 0.9


WEATHER CONDITIONS
 THE FOLLOWING WEATHER WAS RECORDED TODAY.
  RAIN
  LIGHT RAIN
  FOG


RELATIVE HUMIDITY (PERCENT)
 HIGHEST    93           100 AM
 LOWEST     79           100 PM
 AVERAGE    86

..........................................................


THE LYNCHBURG VA CLIMATE NORMALS FOR TOMORROW
                         NORMAL    RECORD    YEAR
 MAXIMUM TEMPERATURE (F)   79        95      1941
 MINIMUM TEMPERATURE (F)   55        40      2008


SUNRISE AND SUNSET
MAY 28 2017...........SUNRISE   559 AM EDT   SUNSET   829 PM EDT
MAY 29 2017...........SUNRISE   559 AM EDT   SUNSET   830 PM EDT


-  INDICATES NEGATIVE NUMBERS.
R  INDICATES RECORD WAS SET OR TIED.
MM INDICATES DATA IS MISSING.
T  INDICATES TRACE AMOUNT.

REMARKS
DUE TO A POWER OUTAGE CAUSING A MISSING LOW TEMPERATURE ON FEBRUARY
23...THE SEASONAL HEATING DEGREE DAY TOTAL AND DEPARTURE FROM
NORMAL WILL BE CALCULATED WITHOUT DATA FROM THIS DATE.


$$
