000
CDUS41 KRNK 200615
CLILYH


CLIMATE REPORT
NATIONAL WEATHER SERVICE BLACKSBURG VA
113 AM EST MON NOV 20 2017


...................................

...THE LYNCHBURG VA CLIMATE SUMMARY FOR NOVEMBER 19 2017...

CLIMATE NORMAL PERIOD 1981 TO 2010
CLIMATE RECORD PERIOD 1893 TO 2017


WEATHER ITEM   OBSERVED TIME   RECORD YEAR NORMAL DEPARTURE LAST
                VALUE   (LST)  VALUE       VALUE  FROM      YEAR
                                                  NORMAL
..................................................................
TEMPERATURE (F)
 YESTERDAY
  MAXIMUM         62    113 AM  80    1913  57      5       65
  MINIMUM         35   1039 PM  13    2014  34      1       37
  AVERAGE         49                        46      3       51

PRECIPITATION (IN)
  YESTERDAY        0.03          1.35 1906   0.11  -0.08     0.00
  MONTH TO DATE    0.95                      2.16  -1.21     0.22
  SINCE SEP 1      5.43                      9.15  -3.72     5.33
  SINCE JAN 1     32.16                     37.08  -4.92    38.45

SNOWFALL (IN)
  YESTERDAY        0.0                                       0.0
  MONTH TO DATE    0.0                                       0.0
  SINCE SEP 1      0.0                                       0.0
  SINCE JUL 1      0.0                                       0.0
  SNOW DEPTH       0

DEGREE DAYS
 HEATING
  YESTERDAY       16                        19     -3       14
  MONTH TO DATE  328                       311     17      250
  SINCE SEP 1    578                       655    -77      411
  SINCE JUL 1    580                       658    -78      411

 COOLING
  YESTERDAY        0                         0      0        0
  MONTH TO DATE    0                         0      0        6
  SINCE SEP 1    196                       133     63      280
  SINCE JAN 1   1174                      1031    143     1358
..................................................................


WIND (MPH)
  HIGHEST WIND SPEED    22   HIGHEST WIND DIRECTION    SW (210)
  HIGHEST GUST SPEED    30   HIGHEST GUST DIRECTION     W (270)
  AVERAGE WIND SPEED     8.1


SKY COVER
  AVERAGE SKY COVER 0.2


WEATHER CONDITIONS
 THE FOLLOWING WEATHER WAS RECORDED YESTERDAY.
  LIGHT RAIN


RELATIVE HUMIDITY (PERCENT)
 HIGHEST    78           200 AM
 LOWEST     36           200 PM
 AVERAGE    57

..........................................................


THE LYNCHBURG VA CLIMATE NORMALS FOR TODAY
                         NORMAL    RECORD    YEAR
 MAXIMUM TEMPERATURE (F)   57        80      1913
 MINIMUM TEMPERATURE (F)   34        18      1951


SUNRISE AND SUNSET
NOVEMBER 20 2017......SUNRISE   702 AM EST   SUNSET   503 PM EST
NOVEMBER 21 2017......SUNRISE   703 AM EST   SUNSET   503 PM EST


-  INDICATES NEGATIVE NUMBERS.
R  INDICATES RECORD WAS SET OR TIED.
MM INDICATES DATA IS MISSING.
T  INDICATES TRACE AMOUNT.

REMARKS:
DUE TO MISSING TEMPERATURES ON FEBRUARY 23 AND JULY 24-25...ALL
TEMPERATURE AND DEGREE DAY INFORMATION WILL BE CALCULATED WITHOUT
DATA FROM THESE DATES.

$$
RCS
