000
CDUS41 KRNK 210906
CLILYH


CLIMATE REPORT
NATIONAL WEATHER SERVICE BLACKSBURG VA
359 AM EST SAT JAN 21 2017


...................................

...THE LYNCHBURG VA CLIMATE SUMMARY FOR JANUARY 20 2017...

CLIMATE NORMAL PERIOD 1981 TO 2010
CLIMATE RECORD PERIOD 1893 TO 2017


WEATHER ITEM   OBSERVED TIME   RECORD YEAR NORMAL DEPARTURE LAST
                VALUE   (LST)  VALUE       VALUE  FROM      YEAR
                                                  NORMAL
..................................................................
TEMPERATURE (F)
 YESTERDAY
  MAXIMUM         50    342 PM  68    1926  45      5       35
                                      1914
  MINIMUM         42    216 AM  -7    1985  25     17        9
  AVERAGE         46                        35     11       22

PRECIPITATION (IN)
  YESTERDAY        0.29          1.47 1979   0.11   0.18     0.01
  MONTH TO DATE    1.97                      2.02  -0.05     1.47
  SINCE DEC 1      5.07                      5.26  -0.19     6.44
  SINCE JAN 1      1.97                      2.02  -0.05     1.47

SNOWFALL (IN)
  YESTERDAY        0.0                                       0.1
  MONTH TO DATE    5.9                                       0.1
  SINCE DEC 1      5.9                                       0.1
  SINCE JUL 1      5.9                                       0.1
  SNOW DEPTH       0

DEGREE DAYS
 HEATING
  YESTERDAY       19                        30    -11       43
  MONTH TO DATE  528                       600    -72      630
  SINCE DEC 1   1337                      1451   -114     1114
  SINCE JUL 1   1967                      2345   -378     1824

 COOLING
  YESTERDAY        0                         0      0        0
  MONTH TO DATE    0                         0      0        0
  SINCE DEC 1      0                         0      0        0
  SINCE JAN 1      0                         0      0        0
..................................................................


WIND (MPH)
  HIGHEST WIND SPEED     9   HIGHEST WIND DIRECTION    SE (120)
  HIGHEST GUST SPEED    14   HIGHEST GUST DIRECTION    NE (50)
  AVERAGE WIND SPEED     2.6


SKY COVER
  AVERAGE SKY COVER 0.9


WEATHER CONDITIONS
 THE FOLLOWING WEATHER WAS RECORDED YESTERDAY.
  RAIN
  LIGHT RAIN
  FOG


RELATIVE HUMIDITY (PERCENT)
 HIGHEST   100           900 AM
 LOWEST     82          1200 AM
 AVERAGE    91

..........................................................


THE LYNCHBURG VA CLIMATE NORMALS FOR TODAY
                         NORMAL    RECORD    YEAR
 MAXIMUM TEMPERATURE (F)   46        72      1932
 MINIMUM TEMPERATURE (F)   25       -10      1985


SUNRISE AND SUNSET
JANUARY 21 2017.......SUNRISE   727 AM EST   SUNSET   530 PM EST
JANUARY 22 2017.......SUNRISE   727 AM EST   SUNSET   531 PM EST


-  INDICATES NEGATIVE NUMBERS.
R  INDICATES RECORD WAS SET OR TIED.
MM INDICATES DATA IS MISSING.
T  INDICATES TRACE AMOUNT.




$$
