000
CDUS41 KRNK 250909
CLILYH


CLIMATE REPORT
NATIONAL WEATHER SERVICE BLACKSBURG VA
507 AM EDT MON MAY 25 2015


...................................

...THE LYNCHBURG VA CLIMATE SUMMARY FOR MAY 24 2015...

CLIMATE NORMAL PERIOD 1981 TO 2010
CLIMATE RECORD PERIOD 1893 TO 2015


WEATHER ITEM   OBSERVED TIME   RECORD YEAR NORMAL DEPARTURE LAST
                VALUE   (LST)  VALUE       VALUE  FROM      YEAR
                                                  NORMAL
..................................................................
TEMPERATURE (F)
 YESTERDAY
  MAXIMUM         81    133 PM  93    1903  77      4       78
  MINIMUM         48    542 AM  40    2006  53     -5       49
  AVERAGE         65                        65      0       64

PRECIPITATION (IN)
  YESTERDAY        0.00          2.58 1900   0.13  -0.13     0.00
  MONTH TO DATE    1.56                      2.80  -1.24     3.57
  SINCE MAR 1      8.90                      9.69  -0.79    12.12
  SINCE JAN 1     13.28                     15.76  -2.48    19.20

SNOWFALL (IN)
  YESTERDAY        0.0                                       0.0
  MONTH TO DATE    0.0                                       0.0
  SINCE MAR 1      2.5                                       9.4
  SINCE JUL 1     22.9                                      21.4
  SNOW DEPTH       0

DEGREE DAYS
 HEATING
  YESTERDAY        0                         3     -3        1
  MONTH TO DATE   59                       107    -48       65
  SINCE MAR 1    938                      1006    -68      926
  SINCE JUL 1   4627                      4430    197     4440

 COOLING
  YESTERDAY        0                         3     -3        0
  MONTH TO DATE   83                        40     43       64
  SINCE MAR 1     91                        58     33       83
  SINCE JAN 1     91                        58     33       83
..................................................................


WIND (MPH)
  HIGHEST WIND SPEED    17   HIGHEST WIND DIRECTION     S (180)
  HIGHEST GUST SPEED    22   HIGHEST GUST DIRECTION     S (200)
  AVERAGE WIND SPEED     5.5


SKY COVER
  AVERAGE SKY COVER 0.0


WEATHER CONDITIONS
 THE FOLLOWING WEATHER WAS RECORDED YESTERDAY.
  NO SIGNIFICANT WEATHER WAS OBSERVED.


RELATIVE HUMIDITY (PERCENT)
 HIGHEST   100           400 AM
 LOWEST     36           200 PM
 AVERAGE    68

..........................................................


THE LYNCHBURG VA CLIMATE NORMALS FOR TODAY
                         NORMAL    RECORD    YEAR
 MAXIMUM TEMPERATURE (F)   77        93      1936
 MINIMUM TEMPERATURE (F)   54        36      2013


SUNRISE AND SUNSET
MAY 25 2015...........SUNRISE   601 AM EDT   SUNSET   827 PM EDT
MAY 26 2015...........SUNRISE   601 AM EDT   SUNSET   827 PM EDT


-  INDICATES NEGATIVE NUMBERS.
R  INDICATES RECORD WAS SET OR TIED.
MM INDICATES DATA IS MISSING.
T  INDICATES TRACE AMOUNT.




$$
