000
CDUS41 KRNK 270617
CLILYH


CLIMATE REPORT
NATIONAL WEATHER SERVICE BLACKSBURG VA
217 AM EDT TUE SEP 27 2016


...................................

...THE LYNCHBURG VA CLIMATE SUMMARY FOR SEPTEMBER 26 2016...

CLIMATE NORMAL PERIOD 1981 TO 2010
CLIMATE RECORD PERIOD 1893 TO 2016


WEATHER ITEM   OBSERVED TIME   RECORD YEAR NORMAL DEPARTURE LAST
                VALUE   (LST)  VALUE       VALUE  FROM      YEAR
                                                  NORMAL
..................................................................
TEMPERATURE (F)
 YESTERDAY
  MAXIMUM         69    420 PM  98    1933  75     -6       62
  MINIMUM         62    635 AM  35    2001  52     10       58
  AVERAGE         66                        63      3       60

PRECIPITATION (IN)
  YESTERDAY        0.54          2.03 1956   0.12   0.42     0.90
  MONTH TO DATE    2.12                      3.38  -1.26     2.63
  SINCE SEP 1      2.12                      3.38  -1.26     2.63
  SINCE JAN 1     35.24                     31.31   3.93    27.37

SNOWFALL (IN)
  YESTERDAY        0.0                                       0.0
  MONTH TO DATE    0.0                                       0.0
  SINCE SEP 1      0.0                                       0.0
  SINCE JUL 1      0.0                                       0.0
  SNOW DEPTH       0

DEGREE DAYS
 HEATING
  YESTERDAY        0                         4     -4        5
  MONTH TO DATE    0                        37    -37       23
  SINCE SEP 1      0                        37    -37       23
  SINCE JUL 1      0                        40    -40       23

 COOLING
  YESTERDAY        1                         2     -1        0
  MONTH TO DATE  222                       111    111      143
  SINCE SEP 1    222                       111    111      143
  SINCE JAN 1   1300                      1009    291     1168
..................................................................


WIND (MPH)
  HIGHEST WIND SPEED    13   HIGHEST WIND DIRECTION     S (170)
  HIGHEST GUST SPEED    17   HIGHEST GUST DIRECTION     S (180)
  AVERAGE WIND SPEED     5.3


SKY COVER
  AVERAGE SKY COVER 1.0


WEATHER CONDITIONS
 THE FOLLOWING WEATHER WAS RECORDED YESTERDAY.
  THUNDERSTORM
  HEAVY RAIN
  RAIN
  LIGHT RAIN
  FOG


RELATIVE HUMIDITY (PERCENT)
 HIGHEST   100          1200 AM
 LOWEST     76          1200 PM
 AVERAGE    88

..........................................................


THE LYNCHBURG VA CLIMATE NORMALS FOR TODAY
                         NORMAL    RECORD    YEAR
 MAXIMUM TEMPERATURE (F)   74        95      1933
 MINIMUM TEMPERATURE (F)   51        38      1940


SUNRISE AND SUNSET
SEPTEMBER 27 2016.....SUNRISE   709 AM EDT   SUNSET   705 PM EDT
SEPTEMBER 28 2016.....SUNRISE   710 AM EDT   SUNSET   704 PM EDT


-  INDICATES NEGATIVE NUMBERS.
R  INDICATES RECORD WAS SET OR TIED.
MM INDICATES DATA IS MISSING.
T  INDICATES TRACE AMOUNT.




$$
