000
CDUS44 KLZK 062157
CLILZK


CLIMATE REPORT
NATIONAL WEATHER SERVICE LITTLE ROCK AR
357 PM CST SAT FEB 6 2016


...................................

...THE NORTH LITTLE ROCK CLIMATE SUMMARY FOR FEBRUARY 6 2016...
VALID TODAY AS OF 0300 PM LOCAL TIME.

CLIMATE NORMAL PERIOD 1981 TO 2010
CLIMATE RECORD PERIOD 1975 TO 2016


WEATHER ITEM   OBSERVED TIME   RECORD YEAR NORMAL DEPARTURE LAST
                VALUE   (LST)  VALUE       VALUE  FROM      YEAR
                                                  NORMAL
..................................................................
TEMPERATURE (F)
 TODAY
  MAXIMUM         55        MM  70    1999  52      3       50
  MINIMUM         36        MM  10    1988  34      2       25
  AVERAGE         46                        43      3       38

PRECIPITATION (IN)
  TODAY            0.00          1.02 1979   0.12  -0.12     0.00
  MONTH TO DATE    T                         0.73  -0.73     0.61
  SINCE DEC 1     13.31                      9.16   4.15     6.52
  SINCE JAN 1      3.23                      4.15  -0.92     3.53

SNOWFALL (IN)
  TODAY            0.0           6.7  1979   0.1   -0.1      0.0
  MONTH TO DATE    0.0                       0.5   -0.5      0.0
  SINCE DEC 1      7.2                       2.7    4.5       T
  SINCE JUL 1      7.2                       2.7    4.5      0.6
  SNOW DEPTH       0

DEGREE DAYS
 HEATING
  TODAY           19                        22     -3       27
  MONTH TO DATE   99                       134    -35      160
  SINCE DEC 1   1234                      1555   -321     1553
  SINCE JUL 1   1587                      2067   -480     2168

 COOLING
  TODAY            0                         0      0        0
  MONTH TO DATE    0                         0      0        0
  SINCE DEC 1      8                         2      6        0
  SINCE JAN 1      1                         1      0        0
..................................................................


WIND (MPH)
  HIGHEST WIND SPEED    MM   HIGHEST WIND DIRECTION    MM
  HIGHEST GUST SPEED    MM   HIGHEST GUST DIRECTION    MM
  AVERAGE WIND SPEED    MM


SKY COVER
  POSSIBLE SUNSHINE  MM
  AVERAGE SKY COVER  MM


WEATHER CONDITIONS
 THE FOLLOWING WEATHER WAS RECORDED TODAY.
  NO SIGNIFICANT WEATHER WAS OBSERVED.


RELATIVE HUMIDITY (PERCENT)
 HIGHEST    MM
 LOWEST     MM
 AVERAGE    MM

..........................................................


THE NORTH LITTLE ROCK CLIMATE NORMALS FOR TOMORROW
                         NORMAL    RECORD    YEAR
 MAXIMUM TEMPERATURE (F)   52        72      2001
 MINIMUM TEMPERATURE (F)   35        11      1976


SUNRISE AND SUNSET
FEBRUARY  6 2016......SUNRISE   704 AM CST   SUNSET   543 PM CST
FEBRUARY  7 2016......SUNRISE   703 AM CST   SUNSET   544 PM CST


-  INDICATES NEGATIVE NUMBERS.
R  INDICATES RECORD WAS SET OR TIED.
MM INDICATES DATA IS MISSING.
T  INDICATES TRACE AMOUNT.




$$
