000
CDUS44 KLZK 281005
CLILZK


CLIMATE REPORT
NATIONAL WEATHER SERVICE LITTLE ROCK AR
404 AM CST WED JAN 28 2015


...................................

...THE NORTH LITTLE ROCK CLIMATE SUMMARY FOR JANUARY 27 2015...

CLIMATE NORMAL PERIOD 1981 TO 2010
CLIMATE RECORD PERIOD 1975 TO 2015


WEATHER ITEM   OBSERVED TIME   RECORD YEAR NORMAL DEPARTURE LAST
                VALUE   (LST)  VALUE       VALUE  FROM      YEAR
                                                  NORMAL
..................................................................
TEMPERATURE (F)
 YESTERDAY
  MAXIMUM         65        MM  69    1999  50     15       50
  MINIMUM         45        MM  13    1986  33     12       22
  AVERAGE         55                        42     13       36

PRECIPITATION (IN)
  YESTERDAY        0.00          1.50 2009   0.11  -0.11     0.00
  MONTH TO DATE    2.92                      2.97  -0.05     2.31
  SINCE DEC 1      5.91                      7.98  -2.07     9.63
  SINCE JAN 1      2.92                      2.97  -0.05     2.31

SNOWFALL (IN)
  YESTERDAY        0.0           6.5  2000   0.1   -0.1      0.0
  MONTH TO DATE    T                         1.4   -1.4       T
  SINCE DEC 1      T                         1.9   -1.9      1.1
  SINCE JUL 1      0.6                       1.9   -1.3      1.1
  SNOW DEPTH       0

DEGREE DAYS
 HEATING
  YESTERDAY       10                        23    -13       29
  MONTH TO DATE  670                       646     24      706
  SINCE DEC 1   1318                      1326     -8     1406
  SINCE JUL 1   1933                      1838     95     2012

 COOLING
  YESTERDAY        0                         0      0        0
  MONTH TO DATE    0                         0      0        0
  SINCE DEC 1      0                         1     -1        1
  SINCE JAN 1      0                         0      0        0
..................................................................


WIND (MPH)
  HIGHEST WIND SPEED    MM   HIGHEST WIND DIRECTION    MM
  HIGHEST GUST SPEED    MM   HIGHEST GUST DIRECTION    MM
  AVERAGE WIND SPEED    MM


SKY COVER
  POSSIBLE SUNSHINE  MM
  AVERAGE SKY COVER  MM


WEATHER CONDITIONS
 THE FOLLOWING WEATHER WAS RECORDED YESTERDAY.
  NO SIGNIFICANT WEATHER WAS OBSERVED.


RELATIVE HUMIDITY (PERCENT)
 HIGHEST    MM
 LOWEST     MM
 AVERAGE    MM

..........................................................


THE NORTH LITTLE ROCK CLIMATE NORMALS FOR TODAY
                         NORMAL    RECORD    YEAR
 MAXIMUM TEMPERATURE (F)   51        75      2002
 MINIMUM TEMPERATURE (F)   33        11      1977


SUNRISE AND SUNSET
JANUARY 28 2015.......SUNRISE   710 AM CST   SUNSET   534 PM CST
JANUARY 29 2015.......SUNRISE   710 AM CST   SUNSET   535 PM CST


-  INDICATES NEGATIVE NUMBERS.
R  INDICATES RECORD WAS SET OR TIED.
MM INDICATES DATA IS MISSING.
T  INDICATES TRACE AMOUNT.




$$
