000
CDUS44 KLZK 172102
CLILZK


CLIMATE REPORT
NATIONAL WEATHER SERVICE LITTLE ROCK AR
358 PM CDT TUE OCT 17 2017


...................................

...THE NORTH LITTLE ROCK CLIMATE SUMMARY FOR OCTOBER 17 2017...
VALID TODAY AS OF 0400 PM LOCAL TIME.

CLIMATE NORMAL PERIOD 1981 TO 2010
CLIMATE RECORD PERIOD 1975 TO 2017


WEATHER ITEM   OBSERVED TIME   RECORD YEAR NORMAL DEPARTURE LAST
                VALUE   (LST)  VALUE       VALUE  FROM      YEAR
                                                  NORMAL
..................................................................
TEMPERATURE (F)
 TODAY
  MAXIMUM         71        MM  86    2016  73     -2       86
                                      2011
  MINIMUM         47        MM  37    1976  54     -7       68
  AVERAGE         59                        63     -4       77

PRECIPITATION (IN)
  TODAY            0.00          2.43 1980   0.17  -0.17     0.00
  MONTH TO DATE    0.67                      2.44  -1.77     1.46
  SINCE SEP 1      0.95                      5.75  -4.80     2.39
  SINCE JAN 1     43.54                     37.27   6.27    46.58

SNOWFALL (IN)
  TODAY            0.0          MM      MM   0.0    0.0      0.0
  MONTH TO DATE    0.0                       0.0    0.0      0.0
  SINCE SEP 1      0.0                       0.0    0.0      0.0
  SINCE JUL 1      T                         0.0    0.0       T
  SNOW DEPTH       0

DEGREE DAYS
 HEATING
  TODAY            6                         4      2        0
  MONTH TO DATE   17                        44    -27        9
  SINCE SEP 1     18                        57    -39        9
  SINCE JUL 1     18                        57    -39        9

 COOLING
  TODAY            0                         2     -2       12
  MONTH TO DATE  126                        59     67      103
  SINCE SEP 1    450                       356     94      479
  SINCE JAN 1   2047                      2133    -86     2274
..................................................................


WIND (MPH)
  HIGHEST WIND SPEED     7   HIGHEST WIND DIRECTION     E (90)
  HIGHEST GUST SPEED    MM   HIGHEST GUST DIRECTION    MM
  AVERAGE WIND SPEED     3.0


SKY COVER
  POSSIBLE SUNSHINE  MM
  AVERAGE SKY COVER 0.0


WEATHER CONDITIONS
 THE FOLLOWING WEATHER WAS RECORDED TODAY.
  NO SIGNIFICANT WEATHER WAS OBSERVED.


RELATIVE HUMIDITY (PERCENT)
 HIGHEST    77           200 AM
 LOWEST     36           100 PM
 AVERAGE    57

..........................................................


THE NORTH LITTLE ROCK CLIMATE NORMALS FOR TOMORROW
                         NORMAL    RECORD    YEAR
 MAXIMUM TEMPERATURE (F)   73        89      2005
 MINIMUM TEMPERATURE (F)   54        34      1976


SUNRISE AND SUNSET
OCTOBER 17 2017.......SUNRISE   717 AM CDT   SUNSET   631 PM CDT
OCTOBER 18 2017.......SUNRISE   718 AM CDT   SUNSET   630 PM CDT


-  INDICATES NEGATIVE NUMBERS.
R  INDICATES RECORD WAS SET OR TIED.
MM INDICATES DATA IS MISSING.
T  INDICATES TRACE AMOUNT.




$$
