000
CDUS44 KLZK 210902
CLILZK


CLIMATE REPORT
NATIONAL WEATHER SERVICE LITTLE ROCK AR
401 AM CDT TUE OCT 21 2014


...................................

...THE NORTH LITTLE ROCK CLIMATE SUMMARY FOR OCTOBER 20 2014...

CLIMATE NORMAL PERIOD 1981 TO 2010
CLIMATE RECORD PERIOD 1975 TO 2014


WEATHER ITEM   OBSERVED TIME   RECORD YEAR NORMAL DEPARTURE LAST
                VALUE   (LST)  VALUE       VALUE  FROM      YEAR
                                                  NORMAL
..................................................................
TEMPERATURE (F)
 YESTERDAY
  MAXIMUM         72        MM  89    2003  72      0       67
  MINIMUM         52        MM  32    1989  53     -1       42
  AVERAGE         62                        62      0       55

PRECIPITATION (IN)
  YESTERDAY        0.00          1.80 1984   0.18  -0.18     0.00
  MONTH TO DATE    4.80                      2.97   1.83     2.47
  SINCE SEP 1      5.87                      6.28  -0.41     4.73
  SINCE JAN 1     41.67                     37.80   3.87    38.95

SNOWFALL (IN)
  YESTERDAY        0.0          MM      MM   0.0    0.0      0.0
  MONTH TO DATE    T                         0.0    0.0      0.0
  SINCE SEP 1      T                         0.0    0.0      0.0
  SINCE JUL 1      T                         0.0    0.0      0.0
  SNOW DEPTH       0

DEGREE DAYS
 HEATING
  YESTERDAY        3                         4     -1       10
  MONTH TO DATE   32                        56    -24       46
  SINCE SEP 1     39                        69    -30       46
  SINCE JUL 1     39                        69    -30       46

 COOLING
  YESTERDAY        0                         2     -2        0
  MONTH TO DATE   74                        65      9       77
  SINCE SEP 1    391                       362     29      470
  SINCE JAN 1   1906                      2139   -233     2106
..................................................................


WIND (MPH)
  HIGHEST WIND SPEED    MM   HIGHEST WIND DIRECTION    MM
  HIGHEST GUST SPEED    MM   HIGHEST GUST DIRECTION    MM
  AVERAGE WIND SPEED    MM


SKY COVER
  POSSIBLE SUNSHINE  MM
  AVERAGE SKY COVER  MM


WEATHER CONDITIONS
 THE FOLLOWING WEATHER WAS RECORDED YESTERDAY.
  NO SIGNIFICANT WEATHER WAS OBSERVED.


RELATIVE HUMIDITY (PERCENT)
 HIGHEST    MM
 LOWEST     MM
 AVERAGE    MM

..........................................................


THE NORTH LITTLE ROCK CLIMATE NORMALS FOR TODAY
                         NORMAL    RECORD    YEAR
 MAXIMUM TEMPERATURE (F)   72        91      2003
 MINIMUM TEMPERATURE (F)   53        39      1987


SUNRISE AND SUNSET
OCTOBER 21 2014.......SUNRISE   720 AM CDT   SUNSET   627 PM CDT
OCTOBER 22 2014.......SUNRISE   721 AM CDT   SUNSET   626 PM CDT


-  INDICATES NEGATIVE NUMBERS.
R  INDICATES RECORD WAS SET OR TIED.
MM INDICATES DATA IS MISSING.
T  INDICATES TRACE AMOUNT.




$$
