000
CDUS46 KHNX 250022
CLIMAE


CLIMATE REPORT
NATIONAL WEATHER SERVICE SAN JOAQUIN VALLEY, CA
422 PM PST FRI FEB 24 2017


...................................

...THE MADERA CA CLIMATE SUMMARY FOR FEBRUARY 24 2017...
VALID AS OF 0400 PM LOCAL TIME.

CLIMATE NORMAL PERIOD 1981 TO 2010
CLIMATE RECORD PERIOD 1998 TO 2017


WEATHER ITEM   OBSERVED TIME   RECORD YEAR NORMAL DEPARTURE LAST
                VALUE   (LST)  VALUE       VALUE  FROM      YEAR
                                                  NORMAL
..................................................................
TEMPERATURE (F)
 TODAY
  MAXIMUM         57    349 PM  78    2014  63     -6       75
  MINIMUM         30R   636 AM  30    2013  41    -11       43
  AVERAGE         44                        52     -8       59

PRECIPITATION (IN)
  TODAY            0.00          0.59 2001   0.09  -0.09     0.00
  MONTH TO DATE    3.85                      1.79   2.06     0.06
  SINCE OCT 1     13.09                      7.97   5.12     8.25
  SINCE JAN 1      9.02                      4.24   4.78     3.69

SNOWFALL (IN)
  TODAY            0.0
  MONTH TO DATE    0.0
  SINCE DEC 1      0.0
  SINCE JUL 1      0.0
  SNOW DEPTH       0

DEGREE DAYS
 HEATING
  TODAY           21                                         6
  MONTH TO DATE  236                                       270
  SINCE DEC 1   1299                                      1298
  SINCE JUL 1   1607                                      1709

 COOLING
  TODAY            0                                         0
  MONTH TO DATE    0                                         0
  SINCE DEC 1      0                                         0
  SINCE JAN 1      0                                         0
..................................................................


WIND (MPH)
  HIGHEST WIND SPEED     8   HIGHEST WIND DIRECTION     W (260)
  HIGHEST GUST SPEED    10   HIGHEST GUST DIRECTION     W (260)
  AVERAGE WIND SPEED     2.5




RELATIVE HUMIDITY (PERCENT)
 HIGHEST    96
 LOWEST     38
 AVERAGE    67

..........................................................


THE MADERA CA CLIMATE NORMALS FOR TOMORROW
                         NORMAL    RECORD    YEAR
 MAXIMUM TEMPERATURE (F)   64        78      2014
 MINIMUM TEMPERATURE (F)   41        34      2013


SUNRISE AND SUNSET
FEBRUARY 24 2017......SUNRISE   637 AM PST   SUNSET   550 PM PST
FEBRUARY 25 2017......SUNRISE   636 AM PST   SUNSET   551 PM PST


-  INDICATES NEGATIVE NUMBERS.
R  INDICATES RECORD WAS SET OR TIED.
MM INDICATES DATA IS MISSING.
T  INDICATES TRACE AMOUNT.




$$
