209
CDUS46 KHNX 300825
CLIMAE


CLIMATE REPORT
NATIONAL WEATHER SERVICE SAN JOAQUIN VALLEY, CA
124 AM PDT THU MAR 30 2017


...................................

...THE MADERA CA AIRPORT CLIMATE SUMMARY FOR MARCH 29 2017...

CLIMATE NORMAL PERIOD 1981 TO 2010
CLIMATE RECORD PERIOD 1998 TO 2017


WEATHER ITEM   OBSERVED TIME   RECORD YEAR NORMAL DEPARTURE
                VALUE   (LST)  VALUE       VALUE  FROM
                                                  NORMAL
...............................................................
TEMPERATURE (F)
 YESTERDAY
  MAXIMUM         75    353 PM  87    2004  69      6
  MINIMUM         47    617 AM  34    1999  43      4
  AVERAGE         61                        56      5

PRECIPITATION (IN)
  YESTERDAY        0.00          0.36 2014   0.04  -0.04
  MONTH TO DATE    0.61                      1.70  -1.09
  SINCE OCT 1     13.70                     10.01   3.69
  SINCE JAN 1      9.63                      6.28   3.35

SNOWFALL (IN)
  YESTERDAY        0.0
  MONTH TO DATE    0.0
  SINCE MAR 1      0.0
  SINCE JUL 1      0.0
  SNOW DEPTH       0

DEGREE DAYS
 HEATING
  YESTERDAY        4
  MONTH TO DATE  228
  SINCE MAR 1    228
  SINCE JUL 1   1907

 COOLING
  YESTERDAY        0
  MONTH TO DATE    6
  SINCE MAR 1      6
  SINCE JAN 1      6
...............................................................


WIND (MPH)
  HIGHEST WIND SPEED     9   HIGHEST WIND DIRECTION    NW (300)
  HIGHEST GUST SPEED    13   HIGHEST GUST DIRECTION    NW (300)
  AVERAGE WIND SPEED     4.2




RELATIVE HUMIDITY (PERCENT)
 HIGHEST    93
 LOWEST     43
 AVERAGE    68

..........................................................


THE MADERA CA AIRPORT CLIMATE NORMALS FOR TODAY
                         NORMAL    RECORD    YEAR
 MAXIMUM TEMPERATURE (F)   69        89      2015
 MINIMUM TEMPERATURE (F)   43        34      2009


SUNRISE AND SUNSET
MARCH 30 2017.........SUNRISE   649 AM PDT   SUNSET   722 PM PDT
MARCH 31 2017.........SUNRISE   647 AM PDT   SUNSET   722 PM PDT


-  INDICATES NEGATIVE NUMBERS.
R  INDICATES RECORD WAS SET OR TIED.
MM INDICATES DATA IS MISSING.
T  INDICATES TRACE AMOUNT.




$$
