424
CDUS46 KHNX 250026
CLIMAE


CLIMATE REPORT
NATIONAL WEATHER SERVICE SAN JOAQUIN VALLEY, CA
425 PM PST TUE JAN 24 2017


...................................

...THE MADERA CA CLIMATE SUMMARY FOR JANUARY 24 2017...
VALID AS OF 0400 PM LOCAL TIME.

CLIMATE NORMAL PERIOD 1981 TO 2010
CLIMATE RECORD PERIOD 1998 TO 2017


WEATHER ITEM   OBSERVED TIME   RECORD YEAR NORMAL DEPARTURE LAST
                VALUE   (LST)  VALUE       VALUE  FROM      YEAR
                                                  NORMAL
..................................................................
TEMPERATURE (F)
 TODAY
  MAXIMUM         54    207 PM  77    2014  55     -1       58
  MINIMUM         35    739 AM  28    2007  38     -3       39
  AVERAGE         45                        46     -1       49

PRECIPITATION (IN)
  TODAY            0.00          0.69 2000   0.06  -0.06     0.00
  MONTH TO DATE    5.17                      2.13   3.04     2.92
  SINCE OCT 1      9.24                      5.86   3.38     7.48
  SINCE JAN 1      5.17                      2.13   3.04     2.92

SNOWFALL (IN)
  TODAY            0.0
  MONTH TO DATE    0.0
  SINCE DEC 1      0.0
  SINCE JUL 1      0.0
  SNOW DEPTH       0

DEGREE DAYS
 HEATING
  TODAY           20                                        16
  MONTH TO DATE  383                                       354
  SINCE DEC 1    935                                       928
  SINCE JUL 1   1243                                      1339

 COOLING
  TODAY            0                                         0
  MONTH TO DATE    0                                         0
  SINCE DEC 1      0                                         0
  SINCE JAN 1      0                                         0
..................................................................


WIND (MPH)
  HIGHEST WIND SPEED    13   HIGHEST WIND DIRECTION     W (260)
  HIGHEST GUST SPEED    17   HIGHEST GUST DIRECTION     W (280)
  AVERAGE WIND SPEED     4.0




RELATIVE HUMIDITY (PERCENT)
 HIGHEST    92
 LOWEST     59
 AVERAGE    76

..........................................................


THE MADERA CA CLIMATE NORMALS FOR TOMORROW
                         NORMAL    RECORD    YEAR
 MAXIMUM TEMPERATURE (F)   56        74      2014
 MINIMUM TEMPERATURE (F)   38        30      2007


SUNRISE AND SUNSET
JANUARY 24 2017.......SUNRISE   708 AM PST   SUNSET   517 PM PST
JANUARY 25 2017.......SUNRISE   708 AM PST   SUNSET   518 PM PST


-  INDICATES NEGATIVE NUMBERS.
R  INDICATES RECORD WAS SET OR TIED.
MM INDICATES DATA IS MISSING.
T  INDICATES TRACE AMOUNT.




$$
