000
CDUS46 KHNX 200846
CLIMAE


CLIMATE REPORT
NATIONAL WEATHER SERVICE SAN JOAQUIN VALLEY, CA
1244 AM PST TUE FEB 20 2018


...................................

...THE MADERA CA AIRPORT CLIMATE SUMMARY FOR FEBRUARY 19 2018...

CLIMATE NORMAL PERIOD 1981 TO 2010
CLIMATE RECORD PERIOD 1998 TO 2018


WEATHER ITEM   OBSERVED TIME   RECORD YEAR NORMAL DEPARTURE
                VALUE   (LST)  VALUE       VALUE  FROM
                                                  NORMAL
...............................................................
TEMPERATURE (F)
 YESTERDAY
  MAXIMUM         55    221 PM  68    2015  62     -7
                                      2014
  MINIMUM         29R   554 AM  35    2009  41    -12
                                      2006
  AVERAGE         42                        51     -9

PRECIPITATION (IN)
  YESTERDAY        0.00          0.62 2013   0.08  -0.08
  MONTH TO DATE    0.00                      1.34  -1.34
  SINCE OCT 1      1.55                      7.52  -5.97
  SINCE JAN 1      1.14                      3.79  -2.65

SNOWFALL (IN)
  YESTERDAY        0.0
  MONTH TO DATE    0.0
  SINCE DEC 1      0.0
  SINCE JUL 1      0.0
  SNOW DEPTH       0

DEGREE DAYS
 HEATING
  YESTERDAY       23
  MONTH TO DATE  200
  SINCE DEC 1   1188
  SINCE JUL 1   1515

 COOLING
  YESTERDAY        0
  MONTH TO DATE    0
  SINCE DEC 1      0
  SINCE JAN 1      0
...............................................................


WIND (MPH)
  HIGHEST WIND SPEED    23   HIGHEST WIND DIRECTION    NW (320)
  HIGHEST GUST SPEED    29   HIGHEST GUST DIRECTION    NW (320)
  AVERAGE WIND SPEED     8.6




RELATIVE HUMIDITY (PERCENT)
 HIGHEST    92
 LOWEST     24
 AVERAGE    58

..........................................................


THE MADERA CA AIRPORT CLIMATE NORMALS FOR TODAY
                         NORMAL    RECORD    YEAR
 MAXIMUM TEMPERATURE (F)   63        69      2000
 MINIMUM TEMPERATURE (F)   41        30      2006


SUNRISE AND SUNSET
FEBRUARY 20 2018......SUNRISE   643 AM PST   SUNSET   546 PM PST
FEBRUARY 21 2018......SUNRISE   642 AM PST   SUNSET   547 PM PST


-  INDICATES NEGATIVE NUMBERS.
R  INDICATES RECORD WAS SET OR TIED.
MM INDICATES DATA IS MISSING.
T  INDICATES TRACE AMOUNT.




$$
