000
CDUS46 KHNX 200821
CLIMAE


CLIMATE REPORT
NATIONAL WEATHER SERVICE SAN JOAQUIN VALLEY, CA
1220 AM PST THU NOV 20 2014


...................................

...THE MADERA CA AIRPORT CLIMATE SUMMARY FOR NOVEMBER 19 2014...

CLIMATE NORMAL PERIOD 1981 TO 2010
CLIMATE RECORD PERIOD 1998 TO 2014


WEATHER ITEM   OBSERVED TIME   RECORD YEAR NORMAL DEPARTURE
                VALUE   (LST)  VALUE       VALUE  FROM
                                                  NORMAL
...............................................................
TEMPERATURE (F)
 YESTERDAY
  MAXIMUM         69    236 PM  74    2008  63      6
  MINIMUM         43    307 AM  32    1998  40      3
  AVERAGE         56                        51      5

PRECIPITATION (IN)
  YESTERDAY        0.01          0.13 1999   0.04  -0.03
  MONTH TO DATE    0.40                      0.77  -0.37
  SINCE JUL 1      0.81                      1.94  -1.13
  SINCE JAN 1      4.42                      9.94  -5.52

SNOWFALL (IN)
  YESTERDAY       MM
  MONTH TO DATE    0.0
  SINCE SEP 1      0.0
  SINCE JUL 1      0.0
  SNOW DEPTH       0

DEGREE DAYS
 HEATING
  YESTERDAY        9
  MONTH TO DATE  151
  SINCE SEP 1    183
  SINCE JUL 1    183

 COOLING
  YESTERDAY        0
  MONTH TO DATE    0
  SINCE SEP 1    466
  SINCE JAN 1   2952
...............................................................


WIND (MPH)
  HIGHEST WIND SPEED    13   HIGHEST WIND DIRECTION    SE (120)
  HIGHEST GUST SPEED    17   HIGHEST GUST DIRECTION     E (70)
  AVERAGE WIND SPEED     5.7




RELATIVE HUMIDITY (PERCENT)
 HIGHEST    86
 LOWEST     30
 AVERAGE    58

..........................................................


THE MADERA CA AIRPORT CLIMATE NORMALS FOR TODAY
                         NORMAL    RECORD    YEAR
 MAXIMUM TEMPERATURE (F)   62        77      2005
 MINIMUM TEMPERATURE (F)   40        31      2000


SUNRISE AND SUNSET
NOVEMBER 20 2014......SUNRISE   644 AM PST   SUNSET   448 PM PST
NOVEMBER 21 2014......SUNRISE   645 AM PST   SUNSET   447 PM PST


-  INDICATES NEGATIVE NUMBERS.
R  INDICATES RECORD WAS SET OR TIED.
MM INDICATES DATA IS MISSING.
T  INDICATES TRACE AMOUNT.




$$
