000
CDUS46 KHNX 200826
CLIMAE


CLIMATE REPORT
NATIONAL WEATHER SERVICE SAN JOAQUIN VALLEY, CA
125 AM PDT SUN APR 20 2014


...................................

...THE MADERA CA AIRPORT CLIMATE SUMMARY FOR APRIL 19 2014...

CLIMATE NORMAL PERIOD 1981 TO 2010
CLIMATE RECORD PERIOD 1998 TO 2014


WEATHER ITEM   OBSERVED TIME   RECORD YEAR NORMAL DEPARTURE
                VALUE   (LST)  VALUE       VALUE  FROM
                                                  NORMAL
...............................................................
TEMPERATURE (F)
 YESTERDAY
  MAXIMUM         83    334 PM  92    2009  75      8
  MINIMUM         52    515 AM  32    2002  46      6
  AVERAGE         68                        60      8

PRECIPITATION (IN)
  YESTERDAY        T             0.30 2001   0.03  -0.03
  MONTH TO DATE    0.02                      0.61  -0.59
  SINCE JUL 1      4.04                     11.01  -6.97
  SINCE JAN 1      3.07                      6.99  -3.92

SNOWFALL (IN)
  YESTERDAY        0.0
  MONTH TO DATE    0.0
  SINCE MAR 1      0.0
  SINCE JUL 1      0.0
  SNOW DEPTH       0

DEGREE DAYS
 HEATING
  YESTERDAY        0
  MONTH TO DATE   66
  SINCE MAR 1    256
  SINCE JUL 1   2083

 COOLING
  YESTERDAY        3
  MONTH TO DATE   44
  SINCE MAR 1     44
  SINCE JAN 1     44
...............................................................


WIND (MPH)
  HIGHEST WIND SPEED    21   HIGHEST WIND DIRECTION    NW (330)
  HIGHEST GUST SPEED    25   HIGHEST GUST DIRECTION    NW (320)
  AVERAGE WIND SPEED    12.1




RELATIVE HUMIDITY (PERCENT)
 HIGHEST    83
 LOWEST     10
 AVERAGE    47

..........................................................


THE MADERA CA AIRPORT CLIMATE NORMALS FOR TODAY
                         NORMAL    RECORD    YEAR
 MAXIMUM TEMPERATURE (F)   76        96      2009
 MINIMUM TEMPERATURE (F)   46        36      2008


SUNRISE AND SUNSET
APRIL 20 2014.........SUNRISE   619 AM PDT   SUNSET   740 PM PDT
APRIL 21 2014.........SUNRISE   618 AM PDT   SUNSET   741 PM PDT


-  INDICATES NEGATIVE NUMBERS.
R  INDICATES RECORD WAS SET OR TIED.
MM INDICATES DATA IS MISSING.
T  INDICATES TRACE AMOUNT.




$$
