000
CDUS44 KMAF 040734
CLIMAF


CLIMATE REPORT
NATIONAL WEATHER SERVICE MIDLAND TX
233 AM CDT TUE AUG 4 2015


...................................

...THE MIDLAND CLIMATE SUMMARY FOR AUGUST 3 2015...

CLIMATE NORMAL PERIOD 1981 TO 2010
CLIMATE RECORD PERIOD 1930 TO 2015


WEATHER ITEM   OBSERVED TIME   RECORD YEAR NORMAL DEPARTURE LAST
                VALUE   (LST)  VALUE       VALUE  FROM      YEAR
                                                  NORMAL
..................................................................
TEMPERATURE (F)
 YESTERDAY
  MAXIMUM         99    432 PM 106    1953  95      4       92
                                      1944
  MINIMUM         71   1159 PM  60    1971  70      1       71
  AVERAGE         85                        82      3       82

PRECIPITATION (IN)
  YESTERDAY        0.05          0.71 1986   0.06  -0.01     0.00
  MONTH TO DATE    0.05                      0.18  -0.13     0.02
  SINCE JUN 1      4.06                      3.80   0.26     0.83
  SINCE JAN 1     13.05                      8.06   4.99     3.99

DEGREE DAYS
 COOLING
  YESTERDAY       20                        17      3       17
  MONTH TO DATE   62                        51     11       43
  SINCE JUN 1   1131                      1044     87     1158
  SINCE JAN 1   1489                      1433     56     1634
..................................................................


WIND (MPH)
  HIGHEST WIND SPEED    40   HIGHEST WIND DIRECTION    NW (310)
  HIGHEST GUST SPEED    50   HIGHEST GUST DIRECTION    NW (310)
  AVERAGE WIND SPEED    12.7


SKY COVER
  POSSIBLE SUNSHINE  MM
  AVERAGE SKY COVER 0.4


WEATHER CONDITIONS
 THE FOLLOWING WEATHER WAS RECORDED YESTERDAY.
  THUNDERSTORM
  LIGHT RAIN
  HAZE


RELATIVE HUMIDITY (PERCENT)
 HIGHEST    51          1200 AM
 LOWEST     24           500 PM
 AVERAGE    38

..........................................................


THE MIDLAND CLIMATE NORMALS FOR TODAY
                         NORMAL    RECORD    YEAR
 MAXIMUM TEMPERATURE (F)   95       104      2003
                                             1943
 MINIMUM TEMPERATURE (F)   70        61      1973


SUNRISE AND SUNSET
AUGUST  4 2015........SUNRISE   706 AM CDT   SUNSET   843 PM CDT
AUGUST  5 2015........SUNRISE   707 AM CDT   SUNSET   842 PM CDT


-  INDICATES NEGATIVE NUMBERS.
R  INDICATES RECORD WAS SET OR TIED.
MM INDICATES DATA IS MISSING.
T  INDICATES TRACE AMOUNT.




$$
