000
CDUS44 KMAF 020731
CLIMAF

CLIMATE REPORT
NATIONAL WEATHER SERVICE MIDLAND/ODESSA TX
230 AM CDT SAT AUG 2 2014

...................................

...THE MIDLAND CLIMATE SUMMARY FOR AUGUST 1 2014...

CLIMATE NORMAL PERIOD 1981 TO 2010
CLIMATE RECORD PERIOD 1930 TO 2014

WEATHER ITEM   OBSERVED TIME   RECORD YEAR NORMAL DEPARTURE LAST
                VALUE   (LST)  VALUE       VALUE  FROM      YEAR
                                                  NORMAL
..................................................................
TEMPERATURE (F)
 YESTERDAY
  MAXIMUM         85    612 PM 105    1944  95    -10      100
  MINIMUM         69    646 AM  56    1936  70     -1       75
  AVERAGE         77                        82     -5       88

PRECIPITATION (IN)
  YESTERDAY        0.02          0.97 1971   0.06  -0.04     0.00
  MONTH TO DATE    0.02                      0.06  -0.04     0.00
  SINCE JUN 1      0.83                      3.68  -2.85     1.83
  SINCE JAN 1      3.99                      7.94  -3.95     3.39

DEGREE DAYS
 COOLING
  YESTERDAY       12                        17     -5       23
  MONTH TO DATE   12                        17     -5       23
  SINCE JUN 1   1138                      1010    128     1105
  SINCE JAN 1   1614                      1399    215     1593
..................................................................

WIND (MPH)
  HIGHEST WIND SPEED    18   HIGHEST WIND DIRECTION     E (80)
  HIGHEST GUST SPEED    22   HIGHEST GUST DIRECTION     E (90)
  AVERAGE WIND SPEED     7.1

SKY COVER
  POSSIBLE SUNSHINE  MM
  AVERAGE SKY COVER 0.4

WEATHER CONDITIONS
 THE FOLLOWING WEATHER WAS RECORDED YESTERDAY.
  LIGHT RAIN

RELATIVE HUMIDITY (PERCENT)
 HIGHEST    73           400 AM
 LOWEST     37           700 PM
 AVERAGE    55

..........................................................

THE MIDLAND CLIMATE NORMALS FOR TODAY
                         NORMAL    RECORD    YEAR
 MAXIMUM TEMPERATURE (F)   95       106      2012
                                             1944
                                             1932
 MINIMUM TEMPERATURE (F)   70        61      1973
                                             1971
                                             1936

SUNRISE AND SUNSET
AUGUST  2 2014........SUNRISE   705 AM CDT   SUNSET   845 PM CDT
AUGUST  3 2014........SUNRISE   706 AM CDT   SUNSET   844 PM CDT

-  INDICATES NEGATIVE NUMBERS.
R  INDICATES RECORD WAS SET OR TIED.
MM INDICATES DATA IS MISSING.
T  INDICATES TRACE AMOUNT.

$$

44
