000
CDUS44 KMAF 012216
CLIMAF


CLIMATE REPORT
NATIONAL WEATHER SERVICE MIDLAND/ODESSA TX
416 PM CST SUN FEB 1 2015


...................................

...THE MIDLAND CLIMATE SUMMARY FOR FEBRUARY 1 2015...
VALID TODAY AS OF 0400 PM LOCAL TIME.

CLIMATE NORMAL PERIOD 1981 TO 2010
CLIMATE RECORD PERIOD 1930 TO 2015


WEATHER ITEM   OBSERVED TIME   RECORD YEAR NORMAL DEPARTURE LAST
                VALUE   (LST)  VALUE       VALUE  FROM      YEAR
                                                  NORMAL
..................................................................
TEMPERATURE (F)
 TODAY
  MAXIMUM         51    356 PM  80    1963  59     -8       68
  MINIMUM         44    839 AM  -8    1985  32     12       39
  AVERAGE         48                        46      2       54

PRECIPITATION (IN)
  TODAY            0.00          0.68 1931   0.03  -0.03     0.00
  MONTH TO DATE    0.00                      0.03  -0.03     0.00
  SINCE DEC 1      2.65                      1.19   1.46     1.44
  SINCE JAN 1      2.43                      0.59   1.84     0.00

SNOWFALL (IN)
  TODAY            0.0
  MONTH TO DATE    0.0
  SINCE DEC 1      2.5
  SINCE JUL 1      2.5
  SNOW DEPTH       0

DEGREE DAYS
 HEATING
  TODAY           17                        19     -2       11
  MONTH TO DATE   17                        19     -2       11
  SINCE DEC 1   1215                      1312    -97     1300
  SINCE JUL 1   1663                      1791   -128     1797
..................................................................


WIND (MPH)
  HIGHEST WIND SPEED    26   HIGHEST WIND DIRECTION    NE (50)
  HIGHEST GUST SPEED    32   HIGHEST GUST DIRECTION    NE (50)
  AVERAGE WIND SPEED    11.8


SKY COVER
  POSSIBLE SUNSHINE  MM
  AVERAGE SKY COVER 1.0


WEATHER CONDITIONS
 THE FOLLOWING WEATHER WAS RECORDED TODAY.
  FOG
  FOG W/VISIBILITY <= 1/4 MILE


RELATIVE HUMIDITY (PERCENT)
 HIGHEST   100          1200 AM
 LOWEST     63           400 PM
 AVERAGE    82

..........................................................


THE MIDLAND CLIMATE NORMALS FOR TOMORROW
                         NORMAL    RECORD    YEAR
 MAXIMUM TEMPERATURE (F)   60        82      2003
 MINIMUM TEMPERATURE (F)   32       -11      1985


SUNRISE AND SUNSET
FEBRUARY  1 2015......SUNRISE   742 AM CST   SUNSET   623 PM CST
FEBRUARY  2 2015......SUNRISE   742 AM CST   SUNSET   624 PM CST


-  INDICATES NEGATIVE NUMBERS.
R  INDICATES RECORD WAS SET OR TIED.
MM INDICATES DATA IS MISSING.
T  INDICATES TRACE AMOUNT.




$$
