000
CDUS42 KTAE 010637
CLIMAI


CLIMATE REPORT
NATIONAL WEATHER SERVICE TALLAHASSEE FL
237 AM EDT WED OCT 1 2014


...................................

...THE MARIANNA CLIMATE SUMMARY FOR SEPTEMBER 30 2014...

CLIMATE NORMAL PERIOD 1981 TO 2010
CLIMATE RECORD PERIOD 1950 TO 2014


WEATHER ITEM   OBSERVED NORMAL DEPARTURE LAST
                VALUE   VALUE  FROM      YEAR
                               NORMAL
...............................................
TEMPERATURE (F)
 YESTERDAY
  MAXIMUM         79     85     -6       81
  MINIMUM         67     63      4       65
  AVERAGE         73     74     -1       73

PRECIPITATION (IN)
  YESTERDAY        0.00   0.10  -0.10     0.00
  MONTH TO DATE    4.81   3.80   1.01     2.37
  SINCE SEP 1      4.81   3.80   1.01     2.37
  SINCE JAN 1     47.75  42.13   5.62    53.05

DEGREE DAYS
 HEATING
  YESTERDAY        0             0
  MONTH TO DATE    0             0
  SINCE SEP 1      0            -1
  SINCE JUL 1      0            -1

 COOLING
  YESTERDAY        8            -1
  MONTH TO DATE  416            29
  SINCE SEP 1    416            29
  SINCE JAN 1   2447            95
...............................................


WIND (MPH)
  HIGHEST WIND SPEED    12   HIGHEST WIND DIRECTION    NE (60)
  HIGHEST GUST SPEED    15   HIGHEST GUST DIRECTION    NE (30)
  AVERAGE WIND SPEED     4.8




RELATIVE HUMIDITY (PERCENT)
 HIGHEST   100
 LOWEST     74
 AVERAGE    87

..........................................................




SUNRISE AND SUNSET
OCTOBER  1 2014.......SUNRISE   634 AM CDT   SUNSET   626 PM CDT
OCTOBER  2 2014.......SUNRISE   635 AM CDT   SUNSET   625 PM CDT


-  INDICATES NEGATIVE NUMBERS.
R  INDICATES RECORD WAS SET OR TIED.
MM INDICATES DATA IS MISSING.
T  INDICATES TRACE AMOUNT.




$$
