660
CDUS42 KTAE 080633
CLIMAI


CLIMATE REPORT
NATIONAL WEATHER SERVICE TALLAHASSEE FL
132 AM EST THU DEC 8 2016


...................................

...THE MARIANNA CLIMATE SUMMARY FOR DECEMBER 7 2016...

CLIMATE NORMAL PERIOD 1981 TO 2010
CLIMATE RECORD PERIOD 1950 TO 2016


WEATHER ITEM   OBSERVED NORMAL DEPARTURE LAST
                VALUE   VALUE  FROM      YEAR
                               NORMAL
...............................................
TEMPERATURE (F)
 YESTERDAY
  MAXIMUM         65     66     -1       72
  MINIMUM         47     43      4       44
  AVERAGE         56     54      2       58

PRECIPITATION (IN)
  YESTERDAY        0.00   0.14  -0.14     0.00
  MONTH TO DATE    8.94   1.00   7.94     1.54
  SINCE DEC 1      8.94   1.00   7.94     1.54
  SINCE JAN 1     47.62  50.67  -3.05    51.08

DEGREE DAYS
 HEATING
  YESTERDAY        9            -2
  MONTH TO DATE   40           -33
  SINCE DEC 1     40           -33
  SINCE JUL 1    172          -139

 COOLING
  YESTERDAY        0            -1
  MONTH TO DATE    1            -6
  SINCE DEC 1      1            -6
  SINCE JAN 1   2955           399
...............................................


WIND (MPH)
  HIGHEST WIND SPEED    12   HIGHEST WIND DIRECTION     W (280)
  HIGHEST GUST SPEED    14   HIGHEST GUST DIRECTION     W (280)
  AVERAGE WIND SPEED     4.5




RELATIVE HUMIDITY (PERCENT)
 HIGHEST    96
 LOWEST     63
 AVERAGE    80

..........................................................




SUNRISE AND SUNSET
DECEMBER  8 2016......SUNRISE   627 AM CST   SUNSET   439 PM CST
DECEMBER  9 2016......SUNRISE   627 AM CST   SUNSET   439 PM CST


-  INDICATES NEGATIVE NUMBERS.
R  INDICATES RECORD WAS SET OR TIED.
MM INDICATES DATA IS MISSING.
T  INDICATES TRACE AMOUNT.




$$
