000
CDUS42 KTAE 210633
CLIMAI


CLIMATE REPORT
NATIONAL WEATHER SERVICE TALLAHASSEE FL
133 AM EST SUN DEC 21 2014


...................................

...THE MARIANNA CLIMATE SUMMARY FOR DECEMBER 20 2014...

CLIMATE NORMAL PERIOD 1981 TO 2010
CLIMATE RECORD PERIOD 1950 TO 2014


WEATHER ITEM   OBSERVED NORMAL DEPARTURE LAST
                VALUE   VALUE  FROM      YEAR
                               NORMAL
...............................................
TEMPERATURE (F)
 YESTERDAY
  MAXIMUM         56     63     -7       75
  MINIMUM         48     40      8       38
  AVERAGE         52     51      1       57

PRECIPITATION (IN)
  YESTERDAY        0.08   0.12  -0.04     0.00
  MONTH TO DATE    0.23   2.66  -2.43     0.78
  SINCE DEC 1      0.23   2.66  -2.43     0.78
  SINCE JAN 1     55.95  52.33   3.62    59.42

DEGREE DAYS
 HEATING
  YESTERDAY       13            -1
  MONTH TO DATE  203           -35
  SINCE DEC 1    203           -35
  SINCE JUL 1    583           107

 COOLING
  YESTERDAY        0             0
  MONTH TO DATE    5            -7
  SINCE DEC 1      5            -7
  SINCE JAN 1   2616            55
...............................................


WIND (MPH)
  HIGHEST WIND SPEED    12   HIGHEST WIND DIRECTION    NE (40)
  HIGHEST GUST SPEED    14   HIGHEST GUST DIRECTION    NE (50)
  AVERAGE WIND SPEED     6.5




RELATIVE HUMIDITY (PERCENT)
 HIGHEST   100
 LOWEST     89
 AVERAGE    95

..........................................................




SUNRISE AND SUNSET
DECEMBER 21 2014......SUNRISE   634 AM CST   SUNSET   443 PM CST
DECEMBER 22 2014......SUNRISE   635 AM CST   SUNSET   444 PM CST


-  INDICATES NEGATIVE NUMBERS.
R  INDICATES RECORD WAS SET OR TIED.
MM INDICATES DATA IS MISSING.
T  INDICATES TRACE AMOUNT.




$$
