000
CDUS42 KTAE 190633
CLIMAI


CLIMATE REPORT
NATIONAL WEATHER SERVICE TALLAHASSEE FL
132 AM EST MON FEB 19 2018


...................................

...THE MARIANNA CLIMATE SUMMARY FOR FEBRUARY 18 2018...

CLIMATE NORMAL PERIOD 1981 TO 2010
CLIMATE RECORD PERIOD 1950 TO 2018


WEATHER ITEM   OBSERVED NORMAL DEPARTURE LAST
                VALUE   VALUE  FROM      YEAR
                               NORMAL
...............................................
TEMPERATURE (F)
 YESTERDAY
  MAXIMUM         83     67     16       73
  MINIMUM         62     43     19       55
  AVERAGE         73     55     18       64

PRECIPITATION (IN)
  YESTERDAY        T      0.18  -0.18     0.13
  MONTH TO DATE    9.96   3.05   6.91     1.78
  SINCE DEC 1     16.31  12.00   4.31    20.23
  SINCE JAN 1     13.78   8.09   5.69     8.46

DEGREE DAYS
 HEATING
  YESTERDAY        0           -10
  MONTH TO DATE   79          -133
  SINCE DEC 1    955          -119
  SINCE JUL 1   1136          -176

 COOLING
  YESTERDAY        8             8
  MONTH TO DATE   40            40
  SINCE DEC 1     77            61
  SINCE JAN 1     49            45
...............................................


WIND (MPH)
  HIGHEST WIND SPEED    13   HIGHEST WIND DIRECTION    SW (230)
  HIGHEST GUST SPEED    16   HIGHEST GUST DIRECTION    SW (220)
  AVERAGE WIND SPEED     4.3




RELATIVE HUMIDITY (PERCENT)
 HIGHEST   100
 LOWEST     43
 AVERAGE    72

..........................................................




SUNRISE AND SUNSET
FEBRUARY 19 2018......SUNRISE   618 AM CST   SUNSET   532 PM CST
FEBRUARY 20 2018......SUNRISE   617 AM CST   SUNSET   533 PM CST


-  INDICATES NEGATIVE NUMBERS.
R  INDICATES RECORD WAS SET OR TIED.
MM INDICATES DATA IS MISSING.
T  INDICATES TRACE AMOUNT.




$$
