000
CDUS42 KTAE 270640
CLIMAI


CLIMATE REPORT
NATIONAL WEATHER SERVICE TALLAHASSEE FL
239 AM EDT FRI MAY 27 2016


...................................

...THE MARIANNA CLIMATE SUMMARY FOR MAY 26 2016...

CLIMATE NORMAL PERIOD 1981 TO 2010
CLIMATE RECORD PERIOD 1950 TO 2016


WEATHER ITEM   OBSERVED NORMAL DEPARTURE LAST
                VALUE   VALUE  FROM      YEAR
                               NORMAL
...............................................
TEMPERATURE (F)
 YESTERDAY
  MAXIMUM         89     88      1       89
  MINIMUM         66     67     -1       68
  AVERAGE         78     78      0       79

PRECIPITATION (IN)
  YESTERDAY        0.00   0.13  -0.13     3.30
  MONTH TO DATE    1.73   2.30  -0.57     4.09
  SINCE MAR 1     13.70  11.55   2.15    17.58
  SINCE JAN 1     22.14  21.53   0.61    24.76

DEGREE DAYS
 HEATING
  YESTERDAY        0             0
  MONTH TO DATE    3             3
  SINCE MAR 1    124          -117
  SINCE JUL 1   1160          -486

 COOLING
  YESTERDAY       13             1
  MONTH TO DATE  226           -20
  SINCE MAR 1    416            27
  SINCE JAN 1    422            18
...............................................


WIND (MPH)
  HIGHEST WIND SPEED    13   HIGHEST WIND DIRECTION     S (180)
  HIGHEST GUST SPEED    18   HIGHEST GUST DIRECTION     S (160)
  AVERAGE WIND SPEED     3.7




RELATIVE HUMIDITY (PERCENT)
 HIGHEST   100
 LOWEST     46
 AVERAGE    73

..........................................................




SUNRISE AND SUNSET
MAY 27 2016...........SUNRISE   540 AM CDT   SUNSET   737 PM CDT
MAY 28 2016...........SUNRISE   539 AM CDT   SUNSET   737 PM CDT


-  INDICATES NEGATIVE NUMBERS.
R  INDICATES RECORD WAS SET OR TIED.
MM INDICATES DATA IS MISSING.
T  INDICATES TRACE AMOUNT.




$$
