000
CDUS43 KABR 270908
CLIMBG


CLIMATE REPORT
NATIONAL WEATHER SERVICE ABERDEEN SD
407 AM CDT SAT MAY 27 2017


...................................

...THE MOBRIDGE SD CLIMATE SUMMARY FOR MAY 26 2017...

CLIMATE NORMAL PERIOD 1981 TO 2010
CLIMATE RECORD PERIOD 1911 TO 2017


WEATHER ITEM   OBSERVED TIME   RECORD YEAR NORMAL DEPARTURE LAST
                VALUE   (LST)  VALUE       VALUE  FROM      YEAR
                                                  NORMAL
..................................................................
TEMPERATURE (F)
 YESTERDAY
  MAXIMUM         73    401 PM  98    2006  71      2       77
  MINIMUM         47    514 AM  32    1947  47      0       47
  AVERAGE         60                        59      1       62

PRECIPITATION (IN)
  YESTERDAY        0.00          2.35 1932   0.08  -0.08     0.00
  MONTH TO DATE    0.64                      2.33  -1.69     2.53
  SINCE MAR 1      1.74                      4.80  -3.06     7.94
  SINCE JAN 1      2.50                      5.53  -3.03     9.16

DEGREE DAYS
 HEATING
  YESTERDAY        5                         6     -1        3
  MONTH TO DATE  195                       260    -65      187
  SINCE MAR 1   1655                      1880   -225     1417
  SINCE JUL 1   7092                      7855   -763     6292

 COOLING
  YESTERDAY        0                         1     -1        0
  MONTH TO DATE   20                         8     12       13
  SINCE MAR 1     20                         9     11       15
  SINCE JAN 1     20                         9     11       15
..................................................................


WIND (MPH)
  HIGHEST WIND SPEED    25   HIGHEST WIND DIRECTION    NW (310)
  HIGHEST GUST SPEED    33   HIGHEST GUST DIRECTION    NW (300)
  AVERAGE WIND SPEED    10.8


SKY COVER
  POSSIBLE SUNSHINE  MM
  AVERAGE SKY COVER 0.1


WEATHER CONDITIONS
 THE FOLLOWING WEATHER WAS RECORDED YESTERDAY.
  NO SIGNIFICANT WEATHER WAS OBSERVED.


RELATIVE HUMIDITY (PERCENT)
 HIGHEST    80           200 AM
 LOWEST     29           500 PM
 AVERAGE    55

..........................................................


THE MOBRIDGE SD CLIMATE NORMALS FOR TODAY
                         NORMAL    RECORD    YEAR
 MAXIMUM TEMPERATURE (F)   71       106      1934
 MINIMUM TEMPERATURE (F)   48        28      1915


SUNRISE AND SUNSET
MAY 27 2017...........SUNRISE   559 AM CDT   SUNSET   919 PM CDT
MAY 28 2017...........SUNRISE   559 AM CDT   SUNSET   920 PM CDT


-  INDICATES NEGATIVE NUMBERS.
R  INDICATES RECORD WAS SET OR TIED.
MM INDICATES DATA IS MISSING.
T  INDICATES TRACE AMOUNT.




$$
