000
CDUS43 KABR 092234
CLIMBG


CLIMATE REPORT
NATIONAL WEATHER SERVICE ABERDEEN SD
532 PM CDT WED JUL 9 2014


...................................

...THE MOBRIDGE SD CLIMATE SUMMARY FOR JULY 9 2014...
VALID TODAY AS OF 0500 PM LOCAL TIME.

CLIMATE NORMAL PERIOD 1981 TO 2010
CLIMATE RECORD PERIOD 1911 TO 2014


WEATHER ITEM   OBSERVED TIME   RECORD YEAR NORMAL DEPARTURE LAST
                VALUE   (LST)  VALUE       VALUE  FROM      YEAR
                                                  NORMAL
..................................................................
TEMPERATURE (F)
 TODAY
  MAXIMUM         81    309 PM 112    1936  85     -4       82
  MINIMUM         53    507 AM  44    1929  59     -6       58
  AVERAGE         67                        72     -5       70

PRECIPITATION (IN)
  TODAY            0.00          0.96 1987   0.09  -0.09     0.25
  MONTH TO DATE    0.08                      0.76  -0.68     1.18
  SINCE JUN 1      7.99                      3.92   4.07     2.50
  SINCE JAN 1     14.11                      9.94   4.17    10.18

DEGREE DAYS
 HEATING
  TODAY            0                         0      0        0
  MONTH TO DATE   10                         5      5        0
  SINCE JUN 1     85                        80      5       68
  SINCE JUL 1     10                         5      5        0

 COOLING
  TODAY            2                         8     -6        5
  MONTH TO DATE   45                        62    -17       61
  SINCE JUN 1     90                       161    -71      172
  SINCE JAN 1    140                       177    -37      187
..................................................................


WIND (MPH)
  HIGHEST WIND SPEED    10   HIGHEST WIND DIRECTION     N (10)
  HIGHEST GUST SPEED    12   HIGHEST GUST DIRECTION     S (160)
  AVERAGE WIND SPEED     2.8


SKY COVER
  POSSIBLE SUNSHINE  MM
  AVERAGE SKY COVER 0.0


WEATHER CONDITIONS
 THE FOLLOWING WEATHER WAS RECORDED TODAY.
  FOG
  HAZE


RELATIVE HUMIDITY (PERCENT)
 HIGHEST   100           100 AM
 LOWEST     33           400 PM
 AVERAGE    67

..........................................................


THE MOBRIDGE SD CLIMATE NORMALS FOR TOMORROW
                         NORMAL    RECORD    YEAR
 MAXIMUM TEMPERATURE (F)   85       112      1936
 MINIMUM TEMPERATURE (F)   59        42      1945


SUNRISE AND SUNSET
JULY  9 2014..........SUNRISE   602 AM CDT   SUNSET   931 PM CDT
JULY 10 2014..........SUNRISE   603 AM CDT   SUNSET   931 PM CDT


-  INDICATES NEGATIVE NUMBERS.
R  INDICATES RECORD WAS SET OR TIED.
MM INDICATES DATA IS MISSING.
T  INDICATES TRACE AMOUNT.




$$
