000
CDUS43 KABR 011049
CLIMBG


CLIMATE REPORT
NATIONAL WEATHER SERVICE ABERDEEN SD
448 AM CST SUN FEB 1 2015


...................................

...THE MOBRIDGE SD CLIMATE SUMMARY FOR JANUARY 31 2015...

CLIMATE NORMAL PERIOD 1981 TO 2010
CLIMATE RECORD PERIOD 1911 TO 2015


WEATHER ITEM   OBSERVED TIME   RECORD YEAR NORMAL DEPARTURE LAST
                VALUE   (LST)  VALUE       VALUE  FROM      YEAR
                                                  NORMAL
..................................................................
TEMPERATURE (F)
 YESTERDAY
  MAXIMUM         29    217 AM  53    1992  28      1       21
  MINIMUM          5   1159 PM -32    1917   7     -2      -13
  AVERAGE         17                        17      0        4

PRECIPITATION (IN)
  YESTERDAY        T             0.30 1916   0.01  -0.01     0.00
  MONTH TO DATE    0.31                      0.29   0.02     0.18
  SINCE DEC 1      0.73                      0.73   0.00     0.94
  SINCE JAN 1      0.31                      0.29   0.02     0.18

SNOWFALL (IN)
  YESTERDAY       MM
  MONTH TO DATE    4.3
  SINCE OCT 1     14.6
  SINCE JUL 1     14.6
  SNOW DEPTH       0

DEGREE DAYS
 HEATING
  YESTERDAY       48                        48      0       61
  MONTH TO DATE 1325                      1512   -187     1521
  SINCE DEC 1   2608                      2967   -359     3211
  SINCE JUL 1   4433                      4733   -300     5019

 COOLING
  YESTERDAY        0                         0      0        0
  MONTH TO DATE    0                         0      0        0
  SINCE DEC 1      0                         0      0        0
  SINCE JAN 1      0                         0      0        0
..................................................................


WIND (MPH)
  HIGHEST WIND SPEED    23   HIGHEST WIND DIRECTION    NE (30)
  HIGHEST GUST SPEED    28   HIGHEST GUST DIRECTION    NE (30)
  AVERAGE WIND SPEED    14.2


SKY COVER
  POSSIBLE SUNSHINE  MM
  AVERAGE SKY COVER 0.9


WEATHER CONDITIONS
 THE FOLLOWING WEATHER WAS RECORDED YESTERDAY.
  LIGHT SNOW
  FOG
  HAZE


RELATIVE HUMIDITY (PERCENT)
 HIGHEST    92           200 AM
 LOWEST     49           400 PM
 AVERAGE    71

..........................................................


THE MOBRIDGE SD CLIMATE NORMALS FOR TODAY
                         NORMAL    RECORD    YEAR
 MAXIMUM TEMPERATURE (F)   28        60      1934
 MINIMUM TEMPERATURE (F)    7       -32      1996


SUNRISE AND SUNSET
FEBRUARY  1 2015......SUNRISE   803 AM CST   SUNSET   548 PM CST
FEBRUARY  2 2015......SUNRISE   802 AM CST   SUNSET   549 PM CST


-  INDICATES NEGATIVE NUMBERS.
R  INDICATES RECORD WAS SET OR TIED.
MM INDICATES DATA IS MISSING.
T  INDICATES TRACE AMOUNT.




$$
