000
CDUS43 KABR 281029
CLIMBG


CLIMATE REPORT
NATIONAL WEATHER SERVICE ABERDEEN SD
429 AM CST SAT FEB 28 2015


...................................

...THE MOBRIDGE SD CLIMATE SUMMARY FOR FEBRUARY 27 2015...

CLIMATE NORMAL PERIOD 1981 TO 2010
CLIMATE RECORD PERIOD 1911 TO 2015


WEATHER ITEM   OBSERVED TIME   RECORD YEAR NORMAL DEPARTURE LAST
                VALUE   (LST)  VALUE       VALUE  FROM      YEAR
                                                  NORMAL
..................................................................
TEMPERATURE (F)
 YESTERDAY
  MAXIMUM         22    437 PM  65    1988  35    -13       13
  MINIMUM        -12    339 AM -21    1941  14    -26       -8
  AVERAGE          5                        25    -20        3

PRECIPITATION (IN)
  YESTERDAY        0.00          0.60 1930   0.03  -0.03     0.00
  MONTH TO DATE    0.49                      0.42   0.07     0.43
  SINCE DEC 1      1.22                      1.15   0.07     1.37
  SINCE JAN 1      0.80                      0.71   0.09     0.61

SNOWFALL (IN)
  YESTERDAY        0.0
  MONTH TO DATE    4.1
  SINCE OCT 1     18.7
  SINCE JUL 1     18.7
  SNOW DEPTH       2

DEGREE DAYS
 HEATING
  YESTERDAY       60                        40     20       62
  MONTH TO DATE 1276                      1202     74     1465
  SINCE DEC 1   3884                      4169   -285     4676
  SINCE JUL 1   5709                      5935   -226     6484

 COOLING
  YESTERDAY        0                         0      0        0
  MONTH TO DATE    0                         0      0        0
  SINCE DEC 1      0                         0      0        0
  SINCE JAN 1      0                         0      0        0
..................................................................


WIND (MPH)
  HIGHEST WIND SPEED    21   HIGHEST WIND DIRECTION    SE (140)
  HIGHEST GUST SPEED    26   HIGHEST GUST DIRECTION    SE (150)
  AVERAGE WIND SPEED     8.7


SKY COVER
  POSSIBLE SUNSHINE  MM
  AVERAGE SKY COVER 0.0


WEATHER CONDITIONS
 THE FOLLOWING WEATHER WAS RECORDED YESTERDAY.
  NO SIGNIFICANT WEATHER WAS OBSERVED.


RELATIVE HUMIDITY (PERCENT)
 HIGHEST    83          1200 AM
 LOWEST     49           200 PM
 AVERAGE    66

..........................................................


THE MOBRIDGE SD CLIMATE NORMALS FOR TODAY
                         NORMAL    RECORD    YEAR
 MAXIMUM TEMPERATURE (F)   35        59      1934
 MINIMUM TEMPERATURE (F)   15       -28      1919


SUNRISE AND SUNSET
FEBRUARY 28 2015......SUNRISE   722 AM CST   SUNSET   627 PM CST
MARCH  1 2015.........SUNRISE   720 AM CST   SUNSET   628 PM CST


-  INDICATES NEGATIVE NUMBERS.
R  INDICATES RECORD WAS SET OR TIED.
MM INDICATES DATA IS MISSING.
T  INDICATES TRACE AMOUNT.




$$
