000
CDUS43 KABR 311040
CLIMBG


CLIMATE REPORT
NATIONAL WEATHER SERVICE ABERDEEN SD
539 AM CDT THU JUL 31 2014


...................................

...THE MOBRIDGE SD CLIMATE SUMMARY FOR JULY 30 2014...

CLIMATE NORMAL PERIOD 1981 TO 2010
CLIMATE RECORD PERIOD 1911 TO 2014


WEATHER ITEM   OBSERVED TIME   RECORD YEAR NORMAL DEPARTURE LAST
                VALUE   (LST)  VALUE       VALUE  FROM      YEAR
                                                  NORMAL
..................................................................
TEMPERATURE (F)
 YESTERDAY
  MAXIMUM         84    444 PM 112    2006  87     -3       72
  MINIMUM         59    350 AM  46    1971  60     -1       53
  AVERAGE         72                        74     -2       63

PRECIPITATION (IN)
  YESTERDAY        T             0.56 1916   0.08  -0.08     0.25
  MONTH TO DATE    0.53                      2.62  -2.09     2.49
  SINCE JUN 1      8.44                      5.78   2.66     3.81
  SINCE JAN 1     14.56                     11.80   2.76    11.49

DEGREE DAYS
 HEATING
  YESTERDAY        0                         0      0        2
  MONTH TO DATE   23                         5     18       11
  SINCE JUN 1     98                        80     18       79
  SINCE JUL 1     23                         5     18       11

 COOLING
  YESTERDAY        7                         9     -2        0
  MONTH TO DATE  163                       243    -80      211
  SINCE JUN 1    208                       342   -134      322
  SINCE JAN 1    258                       358   -100      337
..................................................................


WIND (MPH)
  HIGHEST WIND SPEED    12   HIGHEST WIND DIRECTION     E (80)
  HIGHEST GUST SPEED    14   HIGHEST GUST DIRECTION     E (80)
  AVERAGE WIND SPEED     6.3


SKY COVER
  POSSIBLE SUNSHINE  MM
  AVERAGE SKY COVER 0.5


WEATHER CONDITIONS
 THE FOLLOWING WEATHER WAS RECORDED YESTERDAY.
  LIGHT RAIN


RELATIVE HUMIDITY (PERCENT)
 HIGHEST    84           200 AM
 LOWEST     40           400 PM
 AVERAGE    62

..........................................................


THE MOBRIDGE SD CLIMATE NORMALS FOR TODAY
                         NORMAL    RECORD    YEAR
 MAXIMUM TEMPERATURE (F)   87       103      1955
 MINIMUM TEMPERATURE (F)   60        48      1948


SUNRISE AND SUNSET
JULY 31 2014..........SUNRISE   624 AM CDT   SUNSET   911 PM CDT
AUGUST  1 2014........SUNRISE   625 AM CDT   SUNSET   910 PM CDT


-  INDICATES NEGATIVE NUMBERS.
R  INDICATES RECORD WAS SET OR TIED.
MM INDICATES DATA IS MISSING.
T  INDICATES TRACE AMOUNT.




$$
