000
CDUS43 KABR 281036
CLIMBG


CLIMATE REPORT
NATIONAL WEATHER SERVICE ABERDEEN SD
535 AM CDT THU MAY 28 2015


...................................

...THE MOBRIDGE SD CLIMATE SUMMARY FOR MAY 27 2015...

CLIMATE NORMAL PERIOD 1981 TO 2010
CLIMATE RECORD PERIOD 1911 TO 2015


WEATHER ITEM   OBSERVED TIME   RECORD YEAR NORMAL DEPARTURE LAST
                VALUE   (LST)  VALUE       VALUE  FROM      YEAR
                                                  NORMAL
..................................................................
TEMPERATURE (F)
 YESTERDAY
  MAXIMUM         84    242 PM 106    1934  71     13       83
  MINIMUM         50    518 AM  28    1915  48      2       58
  AVERAGE         67                        60      7       71

PRECIPITATION (IN)
  YESTERDAY        0.09          1.21 1931   0.10  -0.01      T
  MONTH TO DATE    9.25                      2.43   6.82     1.64
  SINCE MAR 1      9.92                      4.90   5.02     4.50
  SINCE JAN 1     10.72                      5.63   5.09     5.11

DEGREE DAYS
 HEATING
  YESTERDAY        0                         6     -6        0
  MONTH TO DATE  270                       266      4      313
  SINCE MAR 1   1560                      1886   -326     2130
  SINCE JUL 1   7319                      7861   -542     8670

 COOLING
  YESTERDAY        2                         1      1        6
  MONTH TO DATE   10                         9      1       25
  SINCE MAR 1     10                        10      0       25
  SINCE JAN 1     10                        10      0       25
..................................................................


WIND (MPH)
  HIGHEST WIND SPEED    23   HIGHEST WIND DIRECTION     S (170)
  HIGHEST GUST SPEED    28   HIGHEST GUST DIRECTION     S (160)
  AVERAGE WIND SPEED     7.9


SKY COVER
  POSSIBLE SUNSHINE  MM
  AVERAGE SKY COVER 0.2


WEATHER CONDITIONS
 THE FOLLOWING WEATHER WAS RECORDED YESTERDAY.
  THUNDERSTORM
  LIGHT RAIN
  FOG


RELATIVE HUMIDITY (PERCENT)
 HIGHEST    96           400 AM
 LOWEST     28           400 PM
 AVERAGE    62

..........................................................


THE MOBRIDGE SD CLIMATE NORMALS FOR TODAY
                         NORMAL    RECORD    YEAR
 MAXIMUM TEMPERATURE (F)   72       108      1934
 MINIMUM TEMPERATURE (F)   48        28      1947


SUNRISE AND SUNSET
MAY 28 2015...........SUNRISE   559 AM CDT   SUNSET   919 PM CDT
MAY 29 2015...........SUNRISE   558 AM CDT   SUNSET   920 PM CDT


-  INDICATES NEGATIVE NUMBERS.
R  INDICATES RECORD WAS SET OR TIED.
MM INDICATES DATA IS MISSING.
T  INDICATES TRACE AMOUNT.




$$
