000
CDUS43 KABR 211037
CLIMBG


CLIMATE REPORT
NATIONAL WEATHER SERVICE ABERDEEN SD
437 AM CST TUE NOV 21 2017


...................................

...THE MOBRIDGE SD CLIMATE SUMMARY FOR NOVEMBER 20 2017...

CLIMATE NORMAL PERIOD 1981 TO 2010
CLIMATE RECORD PERIOD 1911 TO 2017


WEATHER ITEM   OBSERVED TIME   RECORD YEAR NORMAL DEPARTURE LAST
                VALUE   (LST)  VALUE       VALUE  FROM      YEAR
                                                  NORMAL
..................................................................
TEMPERATURE (F)
 YESTERDAY
  MAXIMUM         61    119 PM  68    1917  40     21       40
  MINIMUM         27    735 AM -10    1937  19      8       23
  AVERAGE         44                        29     15       32

PRECIPITATION (IN)
  YESTERDAY        0.00          0.50 1930   0.01  -0.01     0.00
  MONTH TO DATE    0.17                      0.43  -0.26     0.21
  SINCE SEP 1      2.36                      3.47  -1.11     1.32
  SINCE JAN 1     15.06                     17.38  -2.32    18.29

SNOWFALL (IN)
  YESTERDAY        0.0
  MONTH TO DATE    0.4
  SINCE OCT 1      0.4
  SINCE JUL 1      0.4
  SNOW DEPTH       0

DEGREE DAYS
 HEATING
  YESTERDAY       21                        36    -15       33
  MONTH TO DATE  651                       604     47      354
  SINCE SEP 1   1244                      1345   -101      833
  SINCE JUL 1   1250                      1378   -128      847

 COOLING
  YESTERDAY        0                         0      0        0
  MONTH TO DATE    0                         0      0        0
  SINCE SEP 1     80                        63     17       83
  SINCE JAN 1    791                       644    147      961
..................................................................


WIND (MPH)
  HIGHEST WIND SPEED    30   HIGHEST WIND DIRECTION    NW (330)
  HIGHEST GUST SPEED    37   HIGHEST GUST DIRECTION    NW (330)
  AVERAGE WIND SPEED    11.5


SKY COVER
  POSSIBLE SUNSHINE  MM
  AVERAGE SKY COVER 0.2


WEATHER CONDITIONS
 THE FOLLOWING WEATHER WAS RECORDED YESTERDAY.
  NO SIGNIFICANT WEATHER WAS OBSERVED.


RELATIVE HUMIDITY (PERCENT)
 HIGHEST    85           100 AM
 LOWEST     22           100 PM
 AVERAGE    54

..........................................................


THE MOBRIDGE SD CLIMATE NORMALS FOR TODAY
                         NORMAL    RECORD    YEAR
 MAXIMUM TEMPERATURE (F)   39        68      1917
 MINIMUM TEMPERATURE (F)   18        -9      1929


SUNRISE AND SUNSET
NOVEMBER 21 2017......SUNRISE   749 AM CST   SUNSET   505 PM CST
NOVEMBER 22 2017......SUNRISE   751 AM CST   SUNSET   505 PM CST


-  INDICATES NEGATIVE NUMBERS.
R  INDICATES RECORD WAS SET OR TIED.
MM INDICATES DATA IS MISSING.
T  INDICATES TRACE AMOUNT.




$$
