000
CDUS43 KABR 241035
CLIMBG


CLIMATE REPORT
NATIONAL WEATHER SERVICE ABERDEEN SD
534 AM CDT TUE MAY 24 2016


...................................

...THE MOBRIDGE SD CLIMATE SUMMARY FOR MAY 23 2016...

CLIMATE NORMAL PERIOD 1981 TO 2010
CLIMATE RECORD PERIOD 1911 TO 2016


WEATHER ITEM   OBSERVED TIME   RECORD YEAR NORMAL DEPARTURE LAST
                VALUE   (LST)  VALUE       VALUE  FROM      YEAR
                                                  NORMAL
..................................................................
TEMPERATURE (F)
 YESTERDAY
  MAXIMUM         78    512 PM  95    1928  70      8       64
  MINIMUM         52    540 AM  28    2002  46      6       45
  AVERAGE         65                        58      7       55

PRECIPITATION (IN)
  YESTERDAY        0.01          1.63 1971   0.09  -0.08     0.00
  MONTH TO DATE    2.14                      2.06   0.08     8.30
  SINCE MAR 1      7.55                      4.53   3.02     8.97
  SINCE JAN 1      8.77                      5.26   3.51     9.77

DEGREE DAYS
 HEATING
  YESTERDAY        0                         7     -7       10
  MONTH TO DATE  182                       240    -58      263
  SINCE MAR 1   1412                      1860   -448     1553
  SINCE JUL 1   6287                      7835  -1548     7312

 COOLING
  YESTERDAY        0                         1     -1        0
  MONTH TO DATE   13                         5      8        6
  SINCE MAR 1     15                         6      9        6
  SINCE JAN 1     15                         6      9        6
..................................................................


WIND (MPH)
  HIGHEST WIND SPEED    24   HIGHEST WIND DIRECTION     W (290)
  HIGHEST GUST SPEED    33   HIGHEST GUST DIRECTION    NW (300)
  AVERAGE WIND SPEED     6.5


SKY COVER
  POSSIBLE SUNSHINE  MM
  AVERAGE SKY COVER 0.1


WEATHER CONDITIONS
 THE FOLLOWING WEATHER WAS RECORDED YESTERDAY.
  LIGHT RAIN


RELATIVE HUMIDITY (PERCENT)
 HIGHEST    86           300 AM
 LOWEST     33           400 PM
 AVERAGE    60

..........................................................


THE MOBRIDGE SD CLIMATE NORMALS FOR TODAY
                         NORMAL    RECORD    YEAR
 MAXIMUM TEMPERATURE (F)   71        90      1928
 MINIMUM TEMPERATURE (F)   47        24      2002


SUNRISE AND SUNSET
MAY 24 2016...........SUNRISE   601 AM CDT   SUNSET   916 PM CDT
MAY 25 2016...........SUNRISE   601 AM CDT   SUNSET   917 PM CDT


-  INDICATES NEGATIVE NUMBERS.
R  INDICATES RECORD WAS SET OR TIED.
MM INDICATES DATA IS MISSING.
T  INDICATES TRACE AMOUNT.




$$
