651
CDUS43 KABR 012235
CLIMBG


CLIMATE REPORT
NATIONAL WEATHER SERVICE ABERDEEN SD
534 PM CDT SUN MAY 1 2016


...................................

...THE MOBRIDGE SD CLIMATE SUMMARY FOR MAY 1 2016...
VALID TODAY AS OF 0500 PM LOCAL TIME.

CLIMATE NORMAL PERIOD 1981 TO 2010
CLIMATE RECORD PERIOD 1911 TO 2016


WEATHER ITEM   OBSERVED TIME   RECORD YEAR NORMAL DEPARTURE LAST
                VALUE   (LST)  VALUE       VALUE  FROM      YEAR
                                                  NORMAL
..................................................................
TEMPERATURE (F)
 TODAY
  MAXIMUM         65    347 PM  92    1959  64      1       78
  MINIMUM         32    536 AM  23    1961  38     -6       35
  AVERAGE         49                        51     -2       57

PRECIPITATION (IN)
  TODAY            0.00          2.38 1972   0.09  -0.09     0.00
  MONTH TO DATE    0.00                      0.09  -0.09     0.00
  SINCE MAR 1      5.41                      2.56   2.85     0.67
  SINCE JAN 1      6.63                      3.29   3.34     1.47

SNOWFALL (IN)
  TODAY            0.0
  MONTH TO DATE    0.0
  SINCE OCT 1     18.3
  SINCE JUL 1     18.3
  SNOW DEPTH       0

DEGREE DAYS
 HEATING
  TODAY           16                        14      2        8
  MONTH TO DATE   16                        14      2        8
  SINCE MAR 1   1246                      1634   -388     1298
  SINCE JUL 1   6121                      7609  -1488     7057

 COOLING
  TODAY            0                         0      0        0
  MONTH TO DATE    0                         0      0        0
  SINCE MAR 1      2                         1      1        0
  SINCE JAN 1      2                         1      1        0
..................................................................


WIND (MPH)
  HIGHEST WIND SPEED    15   HIGHEST WIND DIRECTION    NW (330)
  HIGHEST GUST SPEED    23   HIGHEST GUST DIRECTION     N (350)
  AVERAGE WIND SPEED     9.1


SKY COVER
  POSSIBLE SUNSHINE  MM
  AVERAGE SKY COVER 0.0


WEATHER CONDITIONS
 THE FOLLOWING WEATHER WAS RECORDED TODAY.
  NO SIGNIFICANT WEATHER WAS OBSERVED.


RELATIVE HUMIDITY (PERCENT)
 HIGHEST    82           500 AM
 LOWEST     32           200 PM
 AVERAGE    57

..........................................................


THE MOBRIDGE SD CLIMATE NORMALS FOR TOMORROW
                         NORMAL    RECORD    YEAR
 MAXIMUM TEMPERATURE (F)   65        90      2015
                                             1955
 MINIMUM TEMPERATURE (F)   39        19      2013


SUNRISE AND SUNSET
MAY  1 2016...........SUNRISE   629 AM CDT   SUNSET   849 PM CDT
MAY  2 2016...........SUNRISE   627 AM CDT   SUNSET   851 PM CDT


-  INDICATES NEGATIVE NUMBERS.
R  INDICATES RECORD WAS SET OR TIED.
MM INDICATES DATA IS MISSING.
T  INDICATES TRACE AMOUNT.




$$
