000
CDUS43 KDTX 160537
CLIMBS


CLIMATE REPORT
NATIONAL WEATHER SERVICE DETROIT/PONTIAC MI
137 AM EDT WED APR 16 2014


...................................

...THE  TRI CITIES MI CLIMATE SUMMARY FOR APRIL 15 2014...

CLIMATE NORMAL PERIOD 1981 TO 2010
CLIMATE RECORD PERIOD 1898 TO 2014


WEATHER ITEM   OBSERVED TIME   NORMAL DEPARTURE
                VALUE   (LST)  VALUE  FROM
                                      NORMAL
...................................................
TEMPERATURE (F)
 YESTERDAY
  MAXIMUM         34    409 PM  56    -22
  MINIMUM         25    657 AM  36    -11
  AVERAGE         30            46    -16

PRECIPITATION (IN)
  YESTERDAY        T             0.11  -0.11
  MONTH TO DATE    2.51          1.39   1.12
  SINCE MAR 1      3.54          3.45   0.09
  SINCE JAN 1      7.32          6.77   0.55

SNOWFALL (IN)
  YESTERDAY        T
  MONTH TO DATE    0.5
  SINCE MAR 1      6.3
  SINCE JUL 1     59.4
  SNOW DEPTH       1

DEGREE DAYS
 HEATING
  YESTERDAY       35                   16
  MONTH TO DATE  307                  -23
  SINCE MAR 1   1530                  231
  SINCE JUL 1   7122                  724

 COOLING
  YESTERDAY        0                    0
  MONTH TO DATE    0                    0
  SINCE MAR 1      0                    0
  SINCE JAN 1      0                    0
...................................................


WIND (MPH)
  HIGHEST WIND SPEED    24   HIGHEST WIND DIRECTION    NW (330)
  HIGHEST GUST SPEED    32   HIGHEST GUST DIRECTION     N (340)
  AVERAGE WIND SPEED    13.3




RELATIVE HUMIDITY (PERCENT)
 HIGHEST    81
 LOWEST     39
 AVERAGE    60

..........................................................


THE  TRI CITIES MI CLIMATE NORMALS FOR TODAY
                         NORMAL
 MAXIMUM TEMPERATURE (F)   56
 MINIMUM TEMPERATURE (F)   36


SUNRISE AND SUNSET
APRIL 16 2014.........SUNRISE   652 AM EDT   SUNSET   821 PM EDT
APRIL 17 2014.........SUNRISE   651 AM EDT   SUNSET   822 PM EDT


-  INDICATES NEGATIVE NUMBERS.
R  INDICATES RECORD WAS SET OR TIED.
MM INDICATES DATA IS MISSING.
T  INDICATES TRACE AMOUNT.




$$
