000
CDUS43 KDTX 270548
CLIMBS


CLIMATE REPORT
NATIONAL WEATHER SERVICE DETROIT/PONTIAC MI
148 AM EDT THU APR 27 2017


...................................

...THE TRI CITIES MI CLIMATE SUMMARY FOR APRIL 26 2017...

CLIMATE NORMAL PERIOD 1981 TO 2010
CLIMATE RECORD PERIOD 1898 TO 2017


WEATHER ITEM   OBSERVED TIME   NORMAL DEPARTURE LAST
                VALUE   (LST)  VALUE  FROM      YEAR
                                      NORMAL
......................................................
TEMPERATURE (F)
 YESTERDAY
  MAXIMUM         81    530 PM  61     20       47
  MINIMUM         57    635 AM  40     17       34
  AVERAGE         69            50     19

PRECIPITATION (IN)
  YESTERDAY        T             0.10  -0.10
  MONTH TO DATE    4.84          2.48   2.36
  SINCE MAR 1      7.64          4.54   3.10
  SINCE JAN 1     12.15          7.86   4.29

SNOWFALL (IN)
  YESTERDAY        0.0
  MONTH TO DATE    T
  SINCE MAR 1      7.5
  SINCE JUL 1     37.4
  SNOW DEPTH       0

DEGREE DAYS
 HEATING
  YESTERDAY        0                  -15
  MONTH TO DATE  368                 -148
  SINCE MAR 1   1358                 -127
  SINCE JUL 1   5527                -1057

 COOLING
  YESTERDAY        4                    4
  MONTH TO DATE    4                    4
  SINCE MAR 1      4                    4
  SINCE JAN 1      4                    4
......................................................


WIND (MPH)
  HIGHEST WIND SPEED    25   HIGHEST WIND DIRECTION     S (190)
  HIGHEST GUST SPEED    33   HIGHEST GUST DIRECTION     S (170)
  AVERAGE WIND SPEED    13.1



WEATHER CONDITIONS
 THE FOLLOWING WEATHER WAS RECORDED YESTERDAY.
  NO SIGNIFICANT WEATHER WAS OBSERVED.


RELATIVE HUMIDITY (PERCENT)
 HIGHEST    87
 LOWEST     45
 AVERAGE    66

..........................................................


THE TRI CITIES MI CLIMATE NORMALS FOR TODAY
                         NORMAL
 MAXIMUM TEMPERATURE (F)   61
 MINIMUM TEMPERATURE (F)   40


SUNRISE AND SUNSET
APRIL 27 2017.........SUNRISE   634 AM EDT   SUNSET   834 PM EDT
APRIL 28 2017.........SUNRISE   633 AM EDT   SUNSET   835 PM EDT


-  INDICATES NEGATIVE NUMBERS.
R  INDICATES RECORD WAS SET OR TIED.
MM INDICATES DATA IS MISSING.
T  INDICATES TRACE AMOUNT.




$$
