000
CDUS43 KDTX 280558
CLIMBS


CLIMATE REPORT
NATIONAL WEATHER SERVICE DETROIT/PONTIAC MI
158 AM EDT FRI AUG 28 2015


...................................

...THE TRI CITIES MI CLIMATE SUMMARY FOR AUGUST 27 2015...

CLIMATE NORMAL PERIOD 1981 TO 2010
CLIMATE RECORD PERIOD 1898 TO 2015


WEATHER ITEM   OBSERVED TIME   NORMAL DEPARTURE LAST
                VALUE   (LST)  VALUE  FROM      YEAR
                                      NORMAL
......................................................
TEMPERATURE (F)
 YESTERDAY
  MAXIMUM         69    604 PM  78     -9       76
  MINIMUM         58   1159 PM  57      1       59
  AVERAGE         64            67     -3

PRECIPITATION (IN)
  YESTERDAY        0.00          0.12  -0.12
  MONTH TO DATE    5.27          2.84   2.43
  SINCE JUN 1     11.73          8.40   3.33
  SINCE JAN 1     20.37         20.05   0.32

SNOWFALL (IN)
  YESTERDAY        0.0
  MONTH TO DATE    0.0
  SINCE JUN 1      0.0
  SINCE JUL 1      0.0
  SNOW DEPTH       0

DEGREE DAYS
 HEATING
  YESTERDAY        1                    0
  MONTH TO DATE    9                  -16
  SINCE JUN 1     58                  -39
  SINCE JUL 1     18                  -20

 COOLING
  YESTERDAY        0                   -4
  MONTH TO DATE  164                   30
  SINCE JUN 1    508                   52
  SINCE JAN 1    572                   80
......................................................


WIND (MPH)
  HIGHEST WIND SPEED     9   HIGHEST WIND DIRECTION     S (180)
  HIGHEST GUST SPEED    12   HIGHEST GUST DIRECTION    SW (230)
  AVERAGE WIND SPEED     4.6



WEATHER CONDITIONS
 THE FOLLOWING WEATHER WAS RECORDED YESTERDAY.
  NO SIGNIFICANT WEATHER WAS OBSERVED.


RELATIVE HUMIDITY (PERCENT)
 HIGHEST    86
 LOWEST     57
 AVERAGE    72

..........................................................


THE TRI CITIES MI CLIMATE NORMALS FOR TODAY
                         NORMAL
 MAXIMUM TEMPERATURE (F)   78
 MINIMUM TEMPERATURE (F)   57


SUNRISE AND SUNSET
AUGUST 28 2015........SUNRISE   655 AM EDT   SUNSET   819 PM EDT
AUGUST 29 2015........SUNRISE   656 AM EDT   SUNSET   817 PM EDT


-  INDICATES NEGATIVE NUMBERS.
R  INDICATES RECORD WAS SET OR TIED.
MM INDICATES DATA IS MISSING.
T  INDICATES TRACE AMOUNT.




$$
