000
CDUS43 KDTX 212128
CLIMBS


CLIMATE REPORT
NATIONAL WEATHER SERVICE DETROIT/PONTIAC MI
428 PM EST SAT JAN 21 2017


...................................

...THE TRI CITIES MI CLIMATE SUMMARY FOR JANUARY 21 2017...
VALID TODAY AS OF 0400 PM LOCAL TIME.

CLIMATE NORMAL PERIOD 1981 TO 2010
CLIMATE RECORD PERIOD 1898 TO 2017


WEATHER ITEM   OBSERVED TIME   NORMAL DEPARTURE LAST
                VALUE   (LST)  VALUE  FROM      YEAR
                                      NORMAL
......................................................
TEMPERATURE (F)
 TODAY
  MAXIMUM         48    330 PM  29     19       28
  MINIMUM         34    429 AM  15     19       14
  AVERAGE         41            22     19       21

PRECIPITATION (IN)
  TODAY            0.00          0.05  -0.05      T
  MONTH TO DATE    1.99          1.24   0.75     1.69
  SINCE DEC 1      3.36          3.10   0.26     4.79
  SINCE JAN 1      1.99          1.24   0.75     1.69

SNOWFALL (IN)
  TODAY            0.0           0.3   -0.3       T
  MONTH TO DATE    7.4           8.2   -0.8      7.5
  SINCE DEC 1     24.0          17.2    6.8     11.7
  SINCE JUL 1     25.6          21.1    4.5     15.2
  SNOW DEPTH       0

DEGREE DAYS
 HEATING
  TODAY           24            43    -19       44
  MONTH TO DATE  803           894    -91      842
  SINCE DEC 1   1970          2061    -91     1636
  SINCE JUL 1   2958          3534   -576     2647

 COOLING
  TODAY            0             0      0        0
  MONTH TO DATE    0             0      0        0
  SINCE DEC 1      0             0      0        0
  SINCE JAN 1      0             0      0        0
......................................................


WIND (MPH)
  HIGHEST WIND SPEED     9   HIGHEST WIND DIRECTION     E (100)
  HIGHEST GUST SPEED    12   HIGHEST GUST DIRECTION    SE (150)
  AVERAGE WIND SPEED     4.7


SKY COVER
  AVERAGE SKY COVER 1.0


WEATHER CONDITIONS
 THE FOLLOWING WEATHER WAS RECORDED TODAY.
  FOG
  FOG W/VISIBILITY <= 1/4 MILE


..........................................................


THE TRI CITIES MI CLIMATE NORMALS FOR TOMORROW
                         NORMAL
 MAXIMUM TEMPERATURE (F)   29
 MINIMUM TEMPERATURE (F)   15


SUNRISE AND SUNSET
JANUARY 21 2017.......SUNRISE   802 AM EST   SUNSET   533 PM EST
JANUARY 22 2017.......SUNRISE   802 AM EST   SUNSET   535 PM EST


-  INDICATES NEGATIVE NUMBERS.
R  INDICATES RECORD WAS SET OR TIED.
MM INDICATES DATA IS MISSING.
T  INDICATES TRACE AMOUNT.




$$
