000
CDUS43 KDTX 300536
CLIMBS


CLIMATE REPORT
NATIONAL WEATHER SERVICE DETROIT/PONTIAC MI
136 AM EDT WED JUL 30 2014


...................................

...THE  TRI CITIES MI CLIMATE SUMMARY FOR JULY 29 2014...

CLIMATE NORMAL PERIOD 1981 TO 2010
CLIMATE RECORD PERIOD 1898 TO 2014


WEATHER ITEM   OBSERVED TIME   NORMAL DEPARTURE
                VALUE   (LST)  VALUE  FROM
                                      NORMAL
...................................................
TEMPERATURE (F)
 YESTERDAY
  MAXIMUM         75    226 PM  81     -6
  MINIMUM         50    430 AM  60    -10
  AVERAGE         63            71     -8

PRECIPITATION (IN)
  YESTERDAY        0.12          0.09   0.03
  MONTH TO DATE    3.44          2.40   1.04
  SINCE JUN 1      5.81          5.38   0.43
  SINCE JAN 1     17.40         17.03   0.37

SNOWFALL (IN)
  YESTERDAY        0.0
  MONTH TO DATE    0.0
  SINCE JUN 1      0.0
  SINCE JUL 1      0.0
  SNOW DEPTH       0

DEGREE DAYS
 HEATING
  YESTERDAY        2                    2
  MONTH TO DATE   15                   13
  SINCE JUN 1     29                  -32
  SINCE JUL 1     15                   13

 COOLING
  YESTERDAY        0                   -6
  MONTH TO DATE  122                  -66
  SINCE JUN 1    283                  -29
  SINCE JAN 1    327                  -21
...................................................


WIND (MPH)
  HIGHEST WIND SPEED    14   HIGHEST WIND DIRECTION    NW (300)
  HIGHEST GUST SPEED    18   HIGHEST GUST DIRECTION     W (250)
  AVERAGE WIND SPEED     7.8




RELATIVE HUMIDITY (PERCENT)
 HIGHEST    90
 LOWEST     57
 AVERAGE    74

..........................................................


THE  TRI CITIES MI CLIMATE NORMALS FOR TODAY
                         NORMAL
 MAXIMUM TEMPERATURE (F)   81
 MINIMUM TEMPERATURE (F)   60


SUNRISE AND SUNSET
JULY 30 2014..........SUNRISE   624 AM EDT   SUNSET   901 PM EDT
JULY 31 2014..........SUNRISE   625 AM EDT   SUNSET   900 PM EDT


-  INDICATES NEGATIVE NUMBERS.
R  INDICATES RECORD WAS SET OR TIED.
MM INDICATES DATA IS MISSING.
T  INDICATES TRACE AMOUNT.




$$
