606
CDUS43 KDTX 270542
CLIMBS


CLIMATE REPORT
NATIONAL WEATHER SERVICE DETROIT/PONTIAC MI
142 AM EDT TUE SEP 27 2016


...................................

...THE TRI CITIES MI CLIMATE SUMMARY FOR SEPTEMBER 26 2016...

CLIMATE NORMAL PERIOD 1981 TO 2010
CLIMATE RECORD PERIOD 1898 TO 2016


WEATHER ITEM   OBSERVED TIME   NORMAL DEPARTURE LAST
                VALUE   (LST)  VALUE  FROM      YEAR
                                      NORMAL
......................................................
TEMPERATURE (F)
 YESTERDAY
  MAXIMUM         68    142 PM  68      0       76
  MINIMUM         51   1101 PM  47      4       55
  AVERAGE         60            57      3

PRECIPITATION (IN)
  YESTERDAY        0.09          0.12  -0.03
  MONTH TO DATE    2.45          3.37  -0.92
  SINCE SEP 1      2.45          3.37  -0.92
  SINCE JAN 1     25.37         23.89   1.48

SNOWFALL (IN)
  YESTERDAY        0.0
  MONTH TO DATE    0.0
  SINCE SEP 1      0.0
  SINCE JUL 1      0.0
  SNOW DEPTH       0

DEGREE DAYS
 HEATING
  YESTERDAY        5                   -3
  MONTH TO DATE   32                  -89
  SINCE SEP 1     32                  -89
  SINCE JUL 1     34                 -127

 COOLING
  YESTERDAY        0                   -1
  MONTH TO DATE   82                   36
  SINCE SEP 1     82                   36
  SINCE JAN 1    830                  280
......................................................


WIND (MPH)
  HIGHEST WIND SPEED    32   HIGHEST WIND DIRECTION     W (250)
  HIGHEST GUST SPEED    39   HIGHEST GUST DIRECTION     W (260)
  AVERAGE WIND SPEED    12.8



WEATHER CONDITIONS
 THE FOLLOWING WEATHER WAS RECORDED YESTERDAY.
  LIGHT RAIN
  FOG
  HAZE


RELATIVE HUMIDITY (PERCENT)
 HIGHEST   100
 LOWEST     42
 AVERAGE    71

..........................................................


THE TRI CITIES MI CLIMATE NORMALS FOR TODAY
                         NORMAL
 MAXIMUM TEMPERATURE (F)   67
 MINIMUM TEMPERATURE (F)   46


SUNRISE AND SUNSET
SEPTEMBER 27 2016.....SUNRISE   730 AM EDT   SUNSET   724 PM EDT
SEPTEMBER 28 2016.....SUNRISE   731 AM EDT   SUNSET   722 PM EDT


-  INDICATES NEGATIVE NUMBERS.
R  INDICATES RECORD WAS SET OR TIED.
MM INDICATES DATA IS MISSING.
T  INDICATES TRACE AMOUNT.




$$
