000
CDUS46 KHNX 310024
CLIMCE


CLIMATE REPORT
NATIONAL WEATHER SERVICE SAN JOAQUIN VALLEY, CA
522 PM PDT THU MAR 30 2017


...................................

...THE MERCED  CA CLIMATE SUMMARY FOR MARCH 30 2017...
VALID AS OF 0400 PM LOCAL TIME.

CLIMATE NORMAL PERIOD 1981 TO 2010
CLIMATE RECORD PERIOD 1998 TO 2017


WEATHER ITEM   OBSERVED TIME   RECORD YEAR NORMAL DEPARTURE LAST
                VALUE   (LST)  VALUE       VALUE  FROM      YEAR
                                                  NORMAL
..................................................................
TEMPERATURE (F)
 TODAY
  MAXIMUM         67    300 PM  87    2015  68     -1       69
  MINIMUM         50   1257 AM  38    2016  43      7       38
  AVERAGE         59                        55      4       54

PRECIPITATION (IN)
  TODAY            0.01          0.17 2013   0.05  -0.04     0.00
  MONTH TO DATE    1.29                      2.02  -0.73     2.35
  SINCE OCT 1     14.64                     10.48   4.16    10.96
  SINCE JAN 1     10.41                      6.97   3.44     7.24

SNOWFALL (IN)
  TODAY            0.0
  MONTH TO DATE    0.0
  SINCE MAR 1      0.0
  SINCE JUL 1      0.0
  SNOW DEPTH       0

DEGREE DAYS
 HEATING
  TODAY            6                                        11
  MONTH TO DATE  283                                       242
  SINCE MAR 1    283                                       242
  SINCE JUL 1   2153                                      2139

 COOLING
  TODAY            0                                         0
  MONTH TO DATE    0                                         0
  SINCE MAR 1      0                                         0
  SINCE JAN 1      0                                         0
..................................................................


WIND (MPH)
  HIGHEST WIND SPEED    30   HIGHEST WIND DIRECTION    NW (310)
  HIGHEST GUST SPEED    37   HIGHEST GUST DIRECTION    NW (300)
  AVERAGE WIND SPEED    11.1




RELATIVE HUMIDITY (PERCENT)
 HIGHEST    93
 LOWEST     32
 AVERAGE    63

..........................................................


THE MERCED  CA CLIMATE NORMALS FOR TOMORROW
                         NORMAL    RECORD    YEAR
 MAXIMUM TEMPERATURE (F)   68        82      2003
 MINIMUM TEMPERATURE (F)   43        34      2008


SUNRISE AND SUNSET
MARCH 30 2017.........SUNRISE   650 AM PDT   SUNSET   724 PM PDT
MARCH 31 2017.........SUNRISE   649 AM PDT   SUNSET   724 PM PDT


-  INDICATES NEGATIVE NUMBERS.
R  INDICATES RECORD WAS SET OR TIED.
MM INDICATES DATA IS MISSING.
T  INDICATES TRACE AMOUNT.




$$
