000
CDUS46 KHNX 290836
CLIMCE


CLIMATE REPORT
NATIONAL WEATHER SERVICE SAN JOAQUIN VALLEY, CA
1236 AM PST THU JAN 29 2015


...................................

...THE MERCED  CA CLIMATE SUMMARY FOR JANUARY 28 2015...

CLIMATE NORMAL PERIOD 1981 TO 2010
CLIMATE RECORD PERIOD 1998 TO 2015


WEATHER ITEM   OBSERVED TIME   RECORD YEAR NORMAL DEPARTURE
                VALUE   (LST)  VALUE       VALUE  FROM
                                                  NORMAL
...............................................................
TEMPERATURE (F)
 YESTERDAY
  MAXIMUM         MM        MM  69    2014  56     MM
  MINIMUM         MM        MM  29    2002  37     MM
  AVERAGE         MM                        46     MM

PRECIPITATION (IN)
  YESTERDAY        0.00          0.32 2005   0.05  -0.05
  MONTH TO DATE    0.02                      2.45  -2.43
  SINCE OCT 1      4.77                      5.96  -1.19
  SINCE JAN 1      0.02                      2.45  -2.43

SNOWFALL (IN)
  YESTERDAY        0.0
  MONTH TO DATE    0.0
  SINCE DEC 1      0.0
  SINCE JUL 1      0.0
  SNOW DEPTH       0

DEGREE DAYS
 HEATING
  YESTERDAY       MM
  MONTH TO DATE  475
  SINCE DEC 1    860
  SINCE JUL 1   1145

 COOLING
  YESTERDAY       MM
  MONTH TO DATE    0
  SINCE DEC 1      0
  SINCE JAN 1      0
...............................................................


WIND (MPH)
  HIGHEST WIND SPEED     7   HIGHEST WIND DIRECTION    NW (310)
  HIGHEST GUST SPEED    MM   HIGHEST GUST DIRECTION    MM
  AVERAGE WIND SPEED     3.2




RELATIVE HUMIDITY (PERCENT)
 HIGHEST   100
 LOWEST     86
 AVERAGE    93

..........................................................


THE MERCED  CA CLIMATE NORMALS FOR TODAY
                         NORMAL    RECORD    YEAR
 MAXIMUM TEMPERATURE (F)   56        71      2014
 MINIMUM TEMPERATURE (F)   37        27      2002


SUNRISE AND SUNSET
JANUARY 29 2015.......SUNRISE   708 AM PST   SUNSET   524 PM PST
JANUARY 30 2015.......SUNRISE   707 AM PST   SUNSET   525 PM PST


-  INDICATES NEGATIVE NUMBERS.
R  INDICATES RECORD WAS SET OR TIED.
MM INDICATES DATA IS MISSING.
T  INDICATES TRACE AMOUNT.




$$
