000
CDUS46 KHNX 140823
CLIMCE


CLIMATE REPORT
NATIONAL WEATHER SERVICE SAN JOAQUIN VALLEY, CA
1222 AM PST THU DEC 14 2017


...................................

...THE MERCED  CA CLIMATE SUMMARY FOR DECEMBER 13 2017...

CLIMATE NORMAL PERIOD 1981 TO 2010
CLIMATE RECORD PERIOD 1998 TO 2017


WEATHER ITEM   OBSERVED TIME   RECORD YEAR NORMAL DEPARTURE
                VALUE   (LST)  VALUE       VALUE  FROM
                                                  NORMAL
...............................................................
TEMPERATURE (F)
 YESTERDAY
  MAXIMUM         61R   230 PM  61    2016  54      7
                                      2006
  MINIMUM         30    712 AM  24    2013  36     -6
  AVERAGE         46                        45      1

PRECIPITATION (IN)
  YESTERDAY        0.00          0.68 2009   0.04  -0.04
  MONTH TO DATE    0.00                      0.44  -0.44
  SINCE OCT 1      1.03                      2.43  -1.40
  SINCE JAN 1     12.85                     11.42   1.43

SNOWFALL (IN)
  YESTERDAY        0.0
  MONTH TO DATE    0.0
  SINCE DEC 1      0.0
  SINCE JUL 1      0.0
  SNOW DEPTH       0

DEGREE DAYS
 HEATING
  YESTERDAY       19
  MONTH TO DATE  218
  SINCE DEC 1    218
  SINCE JUL 1    572

 COOLING
  YESTERDAY        0
  MONTH TO DATE    0
  SINCE DEC 1      0
  SINCE JAN 1   1843
...............................................................


WIND (MPH)
  HIGHEST WIND SPEED     7   HIGHEST WIND DIRECTION    NW (330)
  HIGHEST GUST SPEED    15   HIGHEST GUST DIRECTION    NE (30)
  AVERAGE WIND SPEED     1.7




RELATIVE HUMIDITY (PERCENT)
 HIGHEST    92
 LOWEST     46
 AVERAGE    69

..........................................................


THE MERCED  CA CLIMATE NORMALS FOR TODAY
                         NORMAL    RECORD    YEAR
 MAXIMUM TEMPERATURE (F)   53        64      2016
 MINIMUM TEMPERATURE (F)   36        26      2011


SUNRISE AND SUNSET
DECEMBER 14 2017......SUNRISE   709 AM PST   SUNSET   446 PM PST
DECEMBER 15 2017......SUNRISE   709 AM PST   SUNSET   446 PM PST


-  INDICATES NEGATIVE NUMBERS.
R  INDICATES RECORD WAS SET OR TIED.
MM INDICATES DATA IS MISSING.
T  INDICATES TRACE AMOUNT.




$$
