000
CDUS46 KHNX 300821
CLIMCE


CLIMATE REPORT
NATIONAL WEATHER SERVICE SAN JOAQUIN VALLEY, CA
120 AM PDT THU OCT 30 2014


...................................

...THE MERCED  CA CLIMATE SUMMARY FOR OCTOBER 29 2014...

CLIMATE NORMAL PERIOD 1981 TO 2010
CLIMATE RECORD PERIOD 1998 TO 2014


WEATHER ITEM   OBSERVED TIME   RECORD YEAR NORMAL DEPARTURE
                VALUE   (LST)  VALUE       VALUE  FROM
                                                  NORMAL
...............................................................
TEMPERATURE (F)
 YESTERDAY
  MAXIMUM         79    319 PM  83    2012  73      6
                                      2008
  MINIMUM         45    625 AM  35    2009  46     -1
  AVERAGE         62                        59      3

PRECIPITATION (IN)
  YESTERDAY        0.00          0.64 2000   0.06  -0.06
  MONTH TO DATE    0.02                      0.70  -0.68
  SINCE JUL 1      0.02                      1.01  -0.99
  SINCE JAN 1      3.98                      9.69  -5.71

SNOWFALL (IN)
  YESTERDAY        0.0
  MONTH TO DATE    0.0
  SINCE SEP 1      0.0
  SINCE JUL 1      0.0
  SNOW DEPTH       0

DEGREE DAYS
 HEATING
  YESTERDAY        3
  MONTH TO DATE   26
  SINCE SEP 1     26
  SINCE JUL 1     26

 COOLING
  YESTERDAY        0
  MONTH TO DATE  142
  SINCE SEP 1    498
  SINCE JAN 1   2146
...............................................................


WIND (MPH)
  HIGHEST WIND SPEED     7   HIGHEST WIND DIRECTION    NW (300)
  HIGHEST GUST SPEED     9   HIGHEST GUST DIRECTION    SW (230)
  AVERAGE WIND SPEED     1.9




RELATIVE HUMIDITY (PERCENT)
 HIGHEST    71
 LOWEST     28
 AVERAGE    50

..........................................................


THE MERCED  CA CLIMATE NORMALS FOR TODAY
                         NORMAL    RECORD    YEAR
 MAXIMUM TEMPERATURE (F)   72        83      2012
 MINIMUM TEMPERATURE (F)   45        38      2009


SUNRISE AND SUNSET
OCTOBER 30 2014.......SUNRISE   725 AM PDT   SUNSET   607 PM PDT
OCTOBER 31 2014.......SUNRISE   726 AM PDT   SUNSET   605 PM PDT


-  INDICATES NEGATIVE NUMBERS.
R  INDICATES RECORD WAS SET OR TIED.
MM INDICATES DATA IS MISSING.
T  INDICATES TRACE AMOUNT.




$$
