000
CDUS46 KHNX 200825
CLIMCE


CLIMATE REPORT
NATIONAL WEATHER SERVICE SAN JOAQUIN VALLEY, CA
124 AM PDT WED SEP 20 2017


...................................

...THE MERCED  CA CLIMATE SUMMARY FOR SEPTEMBER 19 2017...

CLIMATE NORMAL PERIOD 1981 TO 2010
CLIMATE RECORD PERIOD 1998 TO 2017


WEATHER ITEM   OBSERVED TIME   RECORD YEAR NORMAL DEPARTURE
                VALUE   (LST)  VALUE       VALUE  FROM
                                                  NORMAL
...............................................................
TEMPERATURE (F)
 YESTERDAY
  MAXIMUM         80        MM 102    2016  88     -8
  MINIMUM         51        MM  48    2004  55     -4
  AVERAGE         66                        71     -5

PRECIPITATION (IN)
  YESTERDAY        0.00          0.11 2004   0.01  -0.01
  MONTH TO DATE    T                         0.16  -0.16
  SINCE OCT 1     16.03                     12.37   3.66
  SINCE JAN 1     11.80                      8.86   2.94

SNOWFALL (IN)
  YESTERDAY        0.0
  MONTH TO DATE    0.0
  SINCE SEP 1      0.0
  SINCE JUL 1      0.0
  SNOW DEPTH       0

DEGREE DAYS
 HEATING
  YESTERDAY        0
  MONTH TO DATE    0
  SINCE SEP 1      0
  SINCE JUL 1      0

 COOLING
  YESTERDAY        1
  MONTH TO DATE  244
  SINCE SEP 1    244
  SINCE JAN 1   1780
...............................................................


WIND (MPH)
  HIGHEST WIND SPEED    17   HIGHEST WIND DIRECTION    NW (330)
  HIGHEST GUST SPEED    24   HIGHEST GUST DIRECTION    NW (330)
  AVERAGE WIND SPEED     9.8




RELATIVE HUMIDITY (PERCENT)
 HIGHEST    83
 LOWEST     24
 AVERAGE    54

..........................................................


THE MERCED  CA CLIMATE NORMALS FOR TODAY
                         NORMAL    RECORD    YEAR
 MAXIMUM TEMPERATURE (F)   88       100      2015
                                             2011
                                             2000
 MINIMUM TEMPERATURE (F)   55        42      2007


SUNRISE AND SUNSET
SEPTEMBER 20 2017.....SUNRISE   649 AM PDT   SUNSET   702 PM PDT
SEPTEMBER 21 2017.....SUNRISE   650 AM PDT   SUNSET   700 PM PDT


-  INDICATES NEGATIVE NUMBERS.
R  INDICATES RECORD WAS SET OR TIED.
MM INDICATES DATA IS MISSING.
T  INDICATES TRACE AMOUNT.




$$
