000
CDUS46 KHNX 200823
CLIMCE


CLIMATE REPORT
NATIONAL WEATHER SERVICE SAN JOAQUIN VALLEY, CA
1223 AM PST SAT DEC 20 2014


...................................

...THE MERCED  CA CLIMATE SUMMARY FOR DECEMBER 19 2014...

CLIMATE NORMAL PERIOD 1981 TO 2010
CLIMATE RECORD PERIOD 1998 TO 2014


WEATHER ITEM   OBSERVED TIME   RECORD YEAR NORMAL DEPARTURE
                VALUE   (LST)  VALUE       VALUE  FROM
                                                  NORMAL
...............................................................
TEMPERATURE (F)
 YESTERDAY
  MAXIMUM         58    330 PM  68    2005  52      6
  MINIMUM         44    637 AM  26    2006  36      8
  AVERAGE         51                        44      7

PRECIPITATION (IN)
  YESTERDAY        0.05          0.55 2002   0.06  -0.01
  MONTH TO DATE    3.28                      0.75   2.53
  SINCE JUL 1      4.64                      3.05   1.59
  SINCE JAN 1      8.60                     11.73  -3.13

SNOWFALL (IN)
  YESTERDAY        0.0
  MONTH TO DATE    0.0
  SINCE DEC 1      0.0
  SINCE JUL 1      0.0
  SNOW DEPTH       0

DEGREE DAYS
 HEATING
  YESTERDAY       14
  MONTH TO DATE  189
  SINCE DEC 1    189
  SINCE JUL 1    474

 COOLING
  YESTERDAY        0
  MONTH TO DATE    0
  SINCE DEC 1      0
  SINCE JAN 1   2147
...............................................................


WIND (MPH)
  HIGHEST WIND SPEED    15   HIGHEST WIND DIRECTION    SE (130)
  HIGHEST GUST SPEED    18   HIGHEST GUST DIRECTION    SE (150)
  AVERAGE WIND SPEED     6.1




RELATIVE HUMIDITY (PERCENT)
 HIGHEST    89
 LOWEST     67
 AVERAGE    78

..........................................................


THE MERCED  CA CLIMATE NORMALS FOR TODAY
                         NORMAL    RECORD    YEAR
 MAXIMUM TEMPERATURE (F)   52        74      1999
 MINIMUM TEMPERATURE (F)   36        25      1998


SUNRISE AND SUNSET
DECEMBER 20 2014......SUNRISE   712 AM PST   SUNSET   448 PM PST
DECEMBER 21 2014......SUNRISE   713 AM PST   SUNSET   448 PM PST


-  INDICATES NEGATIVE NUMBERS.
R  INDICATES RECORD WAS SET OR TIED.
MM INDICATES DATA IS MISSING.
T  INDICATES TRACE AMOUNT.




$$
