000
CDUS46 KHNX 300823
CLIMCE


CLIMATE REPORT
NATIONAL WEATHER SERVICE SAN JOAQUIN VALLEY, CA
122 AM PDT FRI SEP 30 2016


...................................

...THE MERCED  CA CLIMATE SUMMARY FOR SEPTEMBER 29 2016...

CLIMATE NORMAL PERIOD 1981 TO 2010
CLIMATE RECORD PERIOD 1998 TO 2016


WEATHER ITEM   OBSERVED TIME   RECORD YEAR NORMAL DEPARTURE
                VALUE   (LST)  VALUE       VALUE  FROM
                                                  NORMAL
...............................................................
TEMPERATURE (F)
 YESTERDAY
  MAXIMUM         92    350 PM  99    2010  85      7
  MINIMUM         60    403 AM  48    2007  53      7
  AVERAGE         76                        69      7

PRECIPITATION (IN)
  YESTERDAY        0.00          T    2008   0.01  -0.01
                                      2008
                                      2015
  MONTH TO DATE    T                         0.28  -0.28
  SINCE OCT 1     14.66                     12.49   2.17
  SINCE JAN 1     10.94                      8.98   1.96

SNOWFALL (IN)
  YESTERDAY        0.0
  MONTH TO DATE    0.0
  SINCE SEP 1      0.0
  SINCE JUL 1      0.0
  SNOW DEPTH       0

DEGREE DAYS
 HEATING
  YESTERDAY        0
  MONTH TO DATE    9
  SINCE SEP 1      9
  SINCE JUL 1      9

 COOLING
  YESTERDAY       11
  MONTH TO DATE  221
  SINCE SEP 1    221
  SINCE JAN 1   1614
...............................................................


WIND (MPH)
  HIGHEST WIND SPEED    12   HIGHEST WIND DIRECTION     N (350)
  HIGHEST GUST SPEED    16   HIGHEST GUST DIRECTION     N (360)
  AVERAGE WIND SPEED     4.6




RELATIVE HUMIDITY (PERCENT)
 HIGHEST    63
 LOWEST     16
 AVERAGE    40

..........................................................


THE MERCED  CA CLIMATE NORMALS FOR TODAY
                         NORMAL    RECORD    YEAR
 MAXIMUM TEMPERATURE (F)   85        98      2010
 MINIMUM TEMPERATURE (F)   52        43      2007


SUNRISE AND SUNSET
SEPTEMBER 30 2016.....SUNRISE   657 AM PDT   SUNSET   646 PM PDT
OCTOBER  1 2016.......SUNRISE   658 AM PDT   SUNSET   645 PM PDT


-  INDICATES NEGATIVE NUMBERS.
R  INDICATES RECORD WAS SET OR TIED.
MM INDICATES DATA IS MISSING.
T  INDICATES TRACE AMOUNT.




$$
