000
CDAK49 PAFG 231005
CLIMCG

CLIMATE REPORT
NATIONAL WEATHER SERVICE FAIRBANKS AK
205 AM AKDT SAT SEP 23 2017


...................................

...THE MCGRATH AK CLIMATE SUMMARY FOR SEPTEMBER 22 2017...

CLIMATE NORMAL PERIOD 1981 TO 2010
CLIMATE RECORD PERIOD 1946 TO 2017


WEATHER ITEM   OBSERVED TIME   RECORD YEAR NORMAL DEPARTURE LAST
                VALUE   (LST)  VALUE       VALUE  FROM      YEAR
                                                  NORMAL
..................................................................
TEMPERATURE (F)
 YESTERDAY
  MAXIMUM         47    815 PM  63    1942  50     -3       45
  MINIMUM         39    834 AM  14    1992  34      5       39
  AVERAGE         43                        42      1       42

PRECIPITATION (IN)
  YESTERDAY        0.08          1.39 2005   0.08   0.00     1.02
  MONTH TO DATE    1.60                      1.87  -0.27     4.92
  SINCE SEP 1      1.60                      1.87  -0.27     4.92
  SINCE JAN 1     11.97                     13.24  -1.27    17.75

SNOWFALL (IN)
  YESTERDAY        0.0           2.6  1958   0.1   -0.1      0.0
  MONTH TO DATE    0.0                       0.6   -0.6      0.0
  SINCE SEP 1      0.0                       0.6   -0.6      0.0
  SINCE JUL 1      0.0                       0.6   -0.6      0.0
  SNOW DEPTH       0

DEGREE DAYS
 HEATING
  YESTERDAY       22                        23     -1       23
  MONTH TO DATE  346                       405    -59      350
  SINCE SEP 1    346                       405    -59      350
  SINCE JUL 1    699                       896   -197      626

 COOLING
  YESTERDAY        0                         0      0        0
  MONTH TO DATE    0                         0      0        0
  SINCE SEP 1      0                         0      0        0
  SINCE JAN 1     37                        20     17       29
..................................................................


WIND (MPH)
  HIGHEST GUST SPEED    10   HIGHEST GUST DIRECTION     N (10)


SKY COVER
  AVERAGE SKY COVER 1.0


WEATHER CONDITIONS
 THE FOLLOWING WEATHER WAS RECORDED YESTERDAY.
  LIGHT RAIN
  FOG
  FOG W/VISIBILITY <= 1/4 MILE


RELATIVE HUMIDITY (PERCENT)
 HIGHEST    93
 LOWEST     82
 AVERAGE    88

..........................................................


THE MCGRATH AK CLIMATE NORMALS FOR TODAY
                         NORMAL    RECORD    YEAR
 MAXIMUM TEMPERATURE (F)   49        63      1942
 MINIMUM TEMPERATURE (F)   33         9      1992


SUNRISE AND SUNSET
SEPTEMBER 23 2017.....SUNRISE   810 AM AKDT  SUNSET   818 PM AKDT
SEPTEMBER 24 2017.....SUNRISE   813 AM AKDT  SUNSET   815 PM AKDT

-  INDICATES NEGATIVE NUMBERS.
R  INDICATES RECORD WAS SET OR TIED.
MM INDICATES DATA IS MISSING.
T  INDICATES TRACE AMOUNT.

&&

SNOW DEPTH IS MEASURED AT 3AM AKST/4AM AKDT.

----------------------------
AVAILABLE DAYLIGHT

AMOUNT OF DAYLIGHT TODAY  (HOUR:MIN)........12:08
GAIN/LOSS SINCE YESTERDAY (HOUR:MIN:SEC)....-0:06:05

$$
CCC SEP 17
