000
CDAK49 PAMC 301205
CLIMCG

CLIMATE REPORT
NATIONAL WEATHER SERVICE MCGRATH, AK
405 AM AKDT SAT AUG 30 2014

...................................
...THE MCGRATH AIRPORT CLIMATE SUMMARY FOR AUGUST 29 2014...

CLIMATE NORMAL PERIOD  1981 TO  2010
CLIMATE RECORD PERIOD  1940 TO  2014

WEATHER ITEM   OBSERVED TIME    RECORD YEAR NORMAL DEPARTURE LAST
               VALUE    (LST)   VALUE       VALUE  FROM      YEAR
                                                   NORMAL
...................................................................
TEMPERATURE
YESTERDAY
 MAXIMUM            52  1251 AM    74  1971     61      -9     61
 MINIMUM            39  1158 PM    27  1994     43      -4     42
 AVERAGE            46                          52      -6     52

PRECIPITATION
(INCHES)
 YESTERDAY           T           0.58  1989   0.09   -0.09   0.04
 MONTH TO DATE    1.73                        2.63   -0.90   2.46
 SINCE JUN 1      5.83                        6.53   -0.70   5.24
 SINCE JAN 1      8.56                       11.20   -2.64   9.10

SNOWFALL
(INCHES)
 YESTERDAY         0.0            0.0  2014    0.0     0.0    0.0
 MONTH TO DATE     0.0                         0.0     0.0    0.0
 SINCE JUN 1       0.0                         0.0     0.0    0.0
 SINCE JUL 1       0.0                         0.0     0.0    0.0
 SNOW DEPTH (IN)     0                                          0

DEGREE DAYS
 HEATING
  YESTERDAY         19                          13       6     13
  MONTH TO DATE    195                         297    -102    219
  SINCE JUN 1      687                         703     -16    519
  SINCE JUL 1      382                         469     -87    384

 COOLING
  YESTERDAY          0                           0       0      0
  MONTH TO DATE      0                           0       0      3
  SINCE JUN 1       11                          16      -5     69
  SINCE JAN 1       11                          16      -5     78
...................................................................

WIND (MPH)
 HIGHEST WIND SPEED    14     HIGHEST WIND DIRECTION    330
 HIGHEST GUST SPEED    18     HIGHEST GUST DIRECTION    340
 AVERAGE WIND SPEED   5.9

WEATHER CONDITIONS
 THE FOLLOWING WEATHER WAS RECORDED YESTERDAY.
 RAIN


...................................................................

THE MCGRATH CLIMATE NORMALS FOR TODAY
                           NORMAL    RECORD   YEAR
 MAXIMUM TEMPERATURE (F)     60        76     1977
 MINIMUM TEMPERATURE (F)     42        28     1994

SUNRISE AND SUNSET
 AUG 30 2014..........SUNRISE  7:04 AM      SUNSET  9:41 PM
 AUG 31 2014..........SUNRISE  7:07 AM      SUNSET  9:37 PM

-  INDICATES NEGATIVE NUMBERS.
R  INDICATES RECORD HAS BEEN SET OR TIED.
MM INDICATES DATA IS MISSING.
T  INDICATES TRACE OF PRECIPITATION.

&&
-------------------------------------------------------------------

AMOUNT OF DAYLIGHT TODAY  (HOUR:MIN)........14 HOURS 37 MINUTES
LOSS SINCE YESTERDAY (HOUR:MIN:SEC)....-0:06:08

$$
JCD AUG 14
