000
CDAK49 PAMC 232226
CLIMCG

CLIMATE REPORT
NATIONAL WEATHER SERVICE MCGRATH, AK
226 PM AKDT TUE AUG 23 2016

...................................
...THE MCGRATH AIRPORT CLIMATE SUMMARY FOR AUGUST 23 2016...
VALID TODAY AS OF 2:00 PM LOCAL TIME

CLIMATE NORMAL PERIOD  1981 TO  2010
CLIMATE RECORD PERIOD  1940 TO  2016

WEATHER ITEM   OBSERVED TIME    RECORD YEAR NORMAL DEPARTURE LAST
               VALUE    (LST)   VALUE       VALUE  FROM      YEAR
                                                   NORMAL
...................................................................
TEMPERATURE
TODAY
 MAXIMUM            60  1155 AM    81  1977     62      -2     55
 MINIMUM            53  0715 AM    27  1974     44       9     42
 AVERAGE            57                          53       4     49

PRECIPITATION
(INCHES)
 TODAY            0.04           0.72  1963   0.09   -0.05      T
 MONTH TO DATE    3.40                        2.09    1.31   1.72
 SINCE JUN 1     10.01                        5.99    4.02   6.66
 SINCE JAN 1     12.82                       10.66    2.16   8.00

SNOWFALL
(INCHES)
 TODAY             0.0            0.0  2016    0.0     0.0    0.0
 MONTH TO DATE     0.0                         0.0     0.0    0.0
 SINCE JUN 1       0.0                         0.0     0.0    0.0
 SINCE JUL 1       0.0                         0.0     0.0    0.0
 SNOW DEPTH (IN)     0                                          0

DEGREE DAYS
 HEATING
  TODAY              8                          12      -4     16
  MONTH TO DATE    120                         221    -101    187
  SINCE JUN 1      445                         627    -182   1150
  SINCE JUL 1      255                         393    -138     MM

 COOLING
  TODAY              0                           0       0      0
  MONTH TO DATE      0                           0       0      5
  SINCE JUN 1       28                          16      12     31
  SINCE JAN 1       28                          16      12     MM
...................................................................

WIND (MPH)
 HIGHEST WIND SPEED    12     HIGHEST WIND DIRECTION    170
 HIGHEST GUST SPEED    16     HIGHEST GUST DIRECTION    200
 AVERAGE WIND SPEED    MM


WEATHER CONDITIONS
 THE FOLLOWING WEATHER WAS RECORDED TODAY.
 RAIN
...................................................................

THE MCGRATH CLIMATE NORMALS FOR TOMORROW
                        NORMAL    RECORD   YEAR
 MAXIMUM TEMPERATURE      62        79     1987
 MINIMUM TEMPERATURE      44        28     1948

SUNRISE AND SUNSET
 AUG 23 2016..........SUNRISE  6:46 AM      SUNSET 10:02 PM
 AUG 24 2016..........SUNRISE  6:49 AM      SUNSET  9:59 PM

-  INDICATES NEGATIVE NUMBERS.
R  INDICATES RECORD HAS BEEN SET OR TIED.
MM INDICATES DATA IS MISSING.
T  INDICATES TRACE OF PRECIPITATION.

&&
-------------------------------------------------------------------

AMOUNT OF DAYLIGHT TODAY  (HOUR:MIN)........15 HOURS 16 MINUTES
LOSS SINCE YESTERDAY (HOUR:MIN:SEC)....-0:06:08

$$
BW AUG 16
