000
CDAK49 PAMC 111111
CLIMCG

CLIMATE REPORT
NATIONAL WEATHER SERVICE MCGRATH, AK
312 AM AKDT FRI JUL 11 2014

...................................
...THE MCGRATH AIRPORT CLIMATE SUMMARY FOR JULY 10 2014...

CLIMATE NORMAL PERIOD  1981 TO  2010
CLIMATE RECORD PERIOD  1940 TO  2014

WEATHER ITEM   OBSERVED TIME    RECORD YEAR NORMAL DEPARTURE LAST
               VALUE    (LST)   VALUE       VALUE  FROM      YEAR
                                                   NORMAL
...................................................................
TEMPERATURE
YESTERDAY
 MAXIMUM            69  0627 PM    84  1944     71      -2     70
 MINIMUM            53  0510 AM    38  2012     51       2     47
 AVERAGE            61                          61       0     59

PRECIPITATION
(INCHES)
 YESTERDAY           T           0.62  2000   0.07   -0.07   0.00
 MONTH TO DATE    0.77                        0.67    0.10   1.11
 SINCE JUN 1      2.29                        2.19    0.10   1.97
 SINCE JAN 1      5.02                        6.86   -1.84   5.83

SNOWFALL
(INCHES)
 YESTERDAY         0.0            0.0  2014    0.0     0.0    0.0
 MONTH TO DATE     0.0                         0.0     0.0    0.0
 SINCE JUN 1       0.0                         0.0     0.0    0.0
 SINCE JUL 1       0.0                         0.0     0.0    0.0
 SNOW DEPTH (IN)     0                                          0

DEGREE DAYS
 HEATING
  YESTERDAY          4                           5      -1      6
  MONTH TO DATE     23                          50     -27    106
  SINCE JUN 1      328                         284      44    241
  SINCE JUL 1       23                          50     -27    106

 COOLING
  YESTERDAY          0                           1      -1      0
  MONTH TO DATE     11                          10       1      0
  SINCE JUN 1       11                          15      -4     51
  SINCE JAN 1       11                          15      -4     60
...................................................................

WIND (MPH)
 HIGHEST WIND SPEED    17     HIGHEST WIND DIRECTION     90
 HIGHEST GUST SPEED    24     HIGHEST GUST DIRECTION    110
 AVERAGE WIND SPEED   7.4

WEATHER CONDITIONS
 THE FOLLOWING WEATHER WAS RECORDED YESTERDAY.
 RAIN

...................................................................

THE MCGRATH CLIMATE NORMALS FOR TODAY
                           NORMAL    RECORD   YEAR
 MAXIMUM TEMPERATURE (F)     70        89     1975
 MINIMUM TEMPERATURE (F)     51        41     1959

SUNRISE AND SUNSET
 JUL 11 2014..........SUNRISE  4:44 AM      SUNSET 12:11 AM
 JUL 12 2014..........SUNRISE  4:47 AM      SUNSET 12:09 AM

-  INDICATES NEGATIVE NUMBERS.
R  INDICATES RECORD HAS BEEN SET OR TIED.
MM INDICATES DATA IS MISSING.
T  INDICATES TRACE OF PRECIPITATION.

&&
-------------------------------------------------------------------

AMOUNT OF DAYLIGHT TODAY  (HOUR:MIN)........19 HOURS 27 MINUTES
LOSS SINCE YESTERDAY (HOUR:MIN:SEC)....-0:04:19

$$
JMC JUL 14
