000
CDAK49 PAFG 250941
CLIMCG

CLIMATE REPORT
NATIONAL WEATHER SERVICE FAIRBANKS AK
1241 AM AKST SUN FEB 25 2018


...................................

...THE MCGRATH AK CLIMATE SUMMARY FOR FEBRUARY 24 2018...

CLIMATE NORMAL PERIOD 1981 TO 2010
CLIMATE RECORD PERIOD 1946 TO 2018


WEATHER ITEM   OBSERVED TIME   RECORD YEAR NORMAL DEPARTURE LAST
                VALUE   (LST)  VALUE       VALUE  FROM      YEAR
                                                  NORMAL
..................................................................
TEMPERATURE (F)
 YESTERDAY
  MAXIMUM         21    235 PM  55    1943  17      4       38
  MINIMUM         12   1159 PM -51    1971  -7     19       31
  AVERAGE         17                         5     12       35

PRECIPITATION (IN)
  YESTERDAY        0.19          0.94 1989   0.03   0.16     0.04
  MONTH TO DATE    1.25                      0.81   0.44     0.59
  SINCE DEC 1      2.48                      3.19  -0.71     2.10
  SINCE JAN 1      1.35                      1.90  -0.55     1.13

SNOWFALL (IN)
  YESTERDAY        3.4           9.6  1996   0.4    3.0      0.4
  MONTH TO DATE   19.2                      11.2    8.0     10.9
  SINCE DEC 1     29.6                      47.1  -17.5     39.5
  SINCE JUL 1     56.4                      78.1  -21.7     47.8
  SNOW DEPTH      24

DEGREE DAYS
 HEATING
  YESTERDAY       48                        60    -12       30
  MONTH TO DATE 1305                      1541   -236     1603
  SINCE DEC 1   4847                      5871  -1024     5843
  SINCE JUL 1   8272                      9994  -1722     9589

 COOLING
  YESTERDAY        0                         0      0        0
  MONTH TO DATE    0                         0      0        0
  SINCE DEC 1      0                         0      0        0
  SINCE JAN 1      0                         0      0        0
..................................................................


WIND (MPH)
  HIGHEST GUST SPEED    20   HIGHEST GUST DIRECTION     W (290)


SKY COVER
  AVERAGE SKY COVER 1.0


WEATHER CONDITIONS
 THE FOLLOWING WEATHER WAS RECORDED YESTERDAY.
  LIGHT SNOW
  FOG
  HAZE


RELATIVE HUMIDITY (PERCENT)
 HIGHEST    88
 LOWEST     67
 AVERAGE    78

..........................................................


THE MCGRATH AK CLIMATE NORMALS FOR TODAY
                         NORMAL    RECORD    YEAR
 MAXIMUM TEMPERATURE (F)   18        44      1978
                                             1947
 MINIMUM TEMPERATURE (F)   -7       -50      1954


SUNRISE AND SUNSET
FEBRUARY 25 2018......SUNRISE   840 AM AKST  SUNSET   633 PM AKST
FEBRUARY 26 2018......SUNRISE   836 AM AKST  SUNSET   636 PM AKST

-  INDICATES NEGATIVE NUMBERS.
R  INDICATES RECORD WAS SET OR TIED.
MM INDICATES DATA IS MISSING.
T  INDICATES TRACE AMOUNT.

&&

SNOW DEPTH IS MEASURED AT 3AM AKST/4AM AKDT.

----------------------------
AVAILABLE DAYLIGHT

AMOUNT OF DAYLIGHT TODAY  (HOUR:MIN)........9:54
GAIN/LOSS SINCE YESTERDAY (HOUR:MIN:SEC)....+0:06:12

$$
SDB FEB 18
