099
CDAK49 PAFG 241001
CLIMCG

CLIMATE REPORT
NATIONAL WEATHER SERVICE FAIRBANKS AK
201 AM AKDT FRI MAR 24 2017


...................................

...THE MCGRATH AK CLIMATE SUMMARY FOR MARCH 23 2017...

CLIMATE NORMAL PERIOD 1981 TO 2010
CLIMATE RECORD PERIOD 1946 TO 2017


WEATHER ITEM   OBSERVED TIME   RECORD YEAR NORMAL DEPARTURE LAST
                VALUE   (LST)  VALUE       VALUE  FROM      YEAR
                                                  NORMAL
..................................................................
TEMPERATURE (F)
 YESTERDAY
  MAXIMUM         24        MM  49    1965  27     -3       40
  MINIMUM        -17        MM -39    1972   1    -18        3
  AVERAGE          4                        14    -10       22

PRECIPITATION (IN)
  YESTERDAY        0.00          0.17 2012   0.02  -0.02     0.00
  MONTH TO DATE    T                         0.63  -0.63     0.02
  SINCE MAR 1      T                         0.63  -0.63     0.02
  SINCE JAN 1      1.20                      2.66  -1.46     0.08

SNOWFALL (IN)
  YESTERDAY        0.0           3.0  1989   0.3   -0.3      0.0
  MONTH TO DATE    T                         9.1   -9.1      0.0
  SINCE MAR 1      T                         9.1   -9.1      0.0
  SINCE JUL 1     48.7                      89.1  -40.4      0.0
  SNOW DEPTH      13

DEGREE DAYS
 HEATING
  YESTERDAY       61                        51     10       43
  MONTH TO DATE 1503                      1269    234     1197
  SINCE MAR 1   1503                      1269    234     1197
  SINCE JUL 1  11261                     11501   -240     2165

 COOLING
  YESTERDAY        0                         0      0        0
  MONTH TO DATE    0                         0      0        0
  SINCE MAR 1      0                         0      0        0
  SINCE JAN 1      0                         0      0        0
..................................................................


WIND (MPH)
  HIGHEST GUST SPEED    16   HIGHEST GUST DIRECTION     N (10)


SKY COVER
  AVERAGE SKY COVER 0.0


WEATHER CONDITIONS
 THE FOLLOWING WEATHER WAS RECORDED YESTERDAY.
  NO SIGNIFICANT WEATHER WAS OBSERVED.


RELATIVE HUMIDITY (PERCENT)
 HIGHEST    75
 LOWEST     36
 AVERAGE    56

..........................................................


THE MCGRATH AK CLIMATE NORMALS FOR TODAY
                         NORMAL    RECORD    YEAR
 MAXIMUM TEMPERATURE (F)   28        47      1998
 MINIMUM TEMPERATURE (F)    2       -30      2007
                                             1995


SUNRISE AND SUNSET
MARCH 24 2017.........SUNRISE   809 AM AKDT  SUNSET   851 PM AKDT
MARCH 25 2017.........SUNRISE   805 AM AKDT  SUNSET   854 PM AKDT

-  INDICATES NEGATIVE NUMBERS.
R  INDICATES RECORD WAS SET OR TIED.
MM INDICATES DATA IS MISSING.
T  INDICATES TRACE AMOUNT.

&&

SNOW DEPTH IS MEASURED AT 3AM AKST/4AM AKDT.

----------------------------
AVAILABLE DAYLIGHT

AMOUNT OF DAYLIGHT TODAY  (HOUR:MIN)........12:42
GAIN/LOSS SINCE YESTERDAY (HOUR:MIN:SEC)....+0:06:11

$$
MAR 17
