757
CDAK49 PAMC 051238
CLIMCG

CLIMATE REPORT
NATIONAL WEATHER SERVICE MCGRATH, AK
338 AM AKST FRI FEB 5 2016

...................................
...THE MCGRATH AIRPORT CLIMATE SUMMARY FOR FEBRUARY 4 2016...

CLIMATE NORMAL PERIOD  1981 TO  2010
CLIMATE RECORD PERIOD  1940 TO  2016

WEATHER ITEM   OBSERVED TIME    RECORD YEAR NORMAL DEPARTURE LAST
               VALUE    (LST)   VALUE       VALUE  FROM      YEAR
                                                   NORMAL
...................................................................
TEMPERATURE
YESTERDAY
 MAXIMUM            20  0509 PM    42  1982      7      13      1
 MINIMUM            -3  1218 AM   -63  1947    -12       9    -23
 AVERAGE             9                          -2      11    -11

PRECIPITATION
(INCHES)
 YESTERDAY        0.00           0.91  1976   0.03   -0.03   0.00
 MONTH TO DATE    0.00                        0.13   -0.13   0.00
 SINCE DEC 1      0.55                        2.51   -1.96   1.67
 SINCE JAN 1      0.08                        1.22   -1.14   0.27

SNOWFALL
(INCHES)
 YESTERDAY         0.0           11.0  1976    0.5    -0.5    0.0
 MONTH TO DATE     0.0                         1.9    -1.9    0.0
 SINCE DEC 1      14.0                        37.8   -23.8   21.6
 SINCE JUL 1      61.0                        68.8    -7.8   31.3
 SNOW DEPTH (IN)    18                                         13

DEGREE DAYS
 HEATING
  YESTERDAY         56                          67     -11     76
  MONTH TO DATE    251                         272     -21    311
  SINCE DEC 1     3962                        4599    -637   4154
  SINCE JUL 1     8112                        8731    -619   7812

 COOLING
  YESTERDAY          0                           0       0      0
  MONTH TO DATE      0                           0       0      0
  SINCE DEC 1        0                           0       0      0
  SINCE JAN 1        0                           0       0      0
...................................................................

WIND (MPH)
 HIGHEST WIND SPEED    13     HIGHEST WIND DIRECTION     20
 HIGHEST GUST SPEED    16     HIGHEST GUST DIRECTION     20
 AVERAGE WIND SPEED   2.3

WEATHER CONDITIONS
 THE FOLLOWING WEATHER WAS RECORDED YESTERDAY.
  NO SIGNIFICANT WEATHER WAS OBSERVED.

...................................................................

THE MCGRATH CLIMATE NORMALS FOR TODAY
                           NORMAL    RECORD   YEAR
 MAXIMUM TEMPERATURE (F)      8        48     1995
 MINIMUM TEMPERATURE (F)    -12       -63     1947

SUNRISE AND SUNSET
 FEB 5 2016..........SUNRISE  9:44 AM      SUNSET  5:31 PM
 FEB 6 2016..........SUNRISE  9:41 AM      SUNSET  5:34 PM

-  INDICATES NEGATIVE NUMBERS.
R  INDICATES RECORD HAS BEEN SET OR TIED.
MM INDICATES DATA IS MISSING.
T  INDICATES TRACE OF PRECIPITATION.

&&
-------------------------------------------------------------------

AMOUNT OF DAYLIGHT TODAY  (HOUR:MIN)........7 HOURS 47 MINUTES
GAIN SINCE YESTERDAY (HOUR:MIN:SEC)....+0:06:00

$$
SBY FEB 16
