000
CDUS43 KEAX 300645
CLIMCI

CLIMATE REPORT
NATIONAL WEATHER SERVICE KANSAS CITY/PLEASANT HILL MO
141 AM CDT THU MAR 30 2017


...................................

...THE KANSAS CITY INTERNATIONAL MO CLIMATE SUMMARY FOR MARCH 29 2017...

CLIMATE NORMAL PERIOD 1981 TO 2010
CLIMATE RECORD PERIOD 1888 TO 2017


WEATHER ITEM   OBSERVED TIME   RECORD YEAR NORMAL DEPARTURE LAST
                VALUE   (LST)  VALUE       VALUE  FROM      YEAR
                                                  NORMAL
..................................................................
TEMPERATURE (F)
 YESTERDAY
  MAXIMUM         56    338 PM  86    1986  60     -4       67
                                      1895
  MINIMUM         48    944 AM  18    1969  38     10       44
  AVERAGE         52                        49      3       56

PRECIPITATION (IN)
  YESTERDAY        1.44R         1.11 2007   0.09   1.35     0.00
  MONTH TO DATE    2.80                      2.18   0.62     2.72
  SINCE MAR 1      2.80                      2.18   0.62     2.72
  SINCE JAN 1      4.25                      4.71  -0.46     3.88

SNOWFALL (IN)
  YESTERDAY        0.0           4.3  1926   0.0    0.0      0.0
  MONTH TO DATE    0.4                       1.9   -1.5      0.6
  SINCE MAR 1      0.4                       1.9   -1.5      0.6
  SINCE JUL 1      4.9                      18.1  -13.2      5.9
  SNOW DEPTH       0

DEGREE DAYS
 HEATING
  YESTERDAY       13                        16     -3        9
  MONTH TO DATE  490                       615   -125      429
  SINCE MAR 1    490                       615   -125      429
  SINCE JUL 1   3744                      4660   -916     3786

 COOLING
  YESTERDAY        0                         0      0        0
  MONTH TO DATE    6                         0      6        2
  SINCE MAR 1      6                         0      6        2
  SINCE JAN 1      6                         0      6        2
..................................................................


WIND (MPH)
  HIGHEST WIND SPEED    28   HIGHEST WIND DIRECTION     E (100)
  HIGHEST GUST SPEED    35   HIGHEST GUST DIRECTION     E (90)
  AVERAGE WIND SPEED    16.7


SKY COVER
  POSSIBLE SUNSHINE  MM
  AVERAGE SKY COVER 1.0


WEATHER CONDITIONS
 THE FOLLOWING WEATHER WAS RECORDED YESTERDAY.
  THUNDERSTORM
  HEAVY RAIN
  RAIN
  LIGHT RAIN
  FOG


RELATIVE HUMIDITY (PERCENT)
 HIGHEST    96           100 PM
 LOWEST     86           300 PM
 AVERAGE    91

..........................................................


THE KANSAS CITY INTERNATIONAL MO CLIMATE NORMALS FOR TODAY
                         NORMAL    RECORD    YEAR
 MAXIMUM TEMPERATURE (F)   61        82      1986
                                             1968
 MINIMUM TEMPERATURE (F)   38        17      1964


SUNRISE AND SUNSET
MARCH 30 2017.........SUNRISE   706 AM CDT   SUNSET   741 PM CDT
MARCH 31 2017.........SUNRISE   704 AM CDT   SUNSET   742 PM CDT


-  INDICATES NEGATIVE NUMBERS.
R  INDICATES RECORD WAS SET OR TIED.
MM INDICATES DATA IS MISSING.
T  INDICATES TRACE AMOUNT.


&&

...MISCELLANEOUS CLIMATE DATA FROM YESTERDAY...

LOCATION                HIGH    LOW      PRECIP
ST. JOSEPH               54      48       1.38
DOWNTOWN KANSAS CITY     60      50       1.35
OLATHE NEW CENTURY       64      49       1.57
OLATHE JO CO EXEC        65      48       1.36
LEES SUMMIT              62      49       0.90
KIRKSVILLE               52      43       0.82
CHILLICOTHE              55      47       0.84
SEDALIA                  64      51       0.82
NWS PLEASANT HILL MO     67      49       0.93


THIS PRODUCT...ALONG WITH OTHER WEATHER...HYDROLOGICAL AND CLIMATE
INFORMATION...IS AVAILABLE ON THE WEB AT HTTP://WWW.WEATHER.GOV/EAX
OR AT HTTP://WEATHER.GOV

$$

CUTTER
