000
CDUS43 KEAX 142227
CLIMCI

CLIMATE REPORT
NATIONAL WEATHER SERVICE KANSAS CITY/PLEASANT HILL MO
425 PM CST SUN FEB 14 2016


...................................

...THE KANSAS CITY INTERNATIONAL MO CLIMATE SUMMARY FOR FEBRUARY 14 2016...
VALID AS OF 0400 PM LOCAL TIME.

CLIMATE NORMAL PERIOD 1981 TO 2010
CLIMATE RECORD PERIOD 1888 TO 2016


WEATHER ITEM   OBSERVED TIME   RECORD YEAR NORMAL DEPARTURE LAST
                VALUE   (LST)  VALUE       VALUE  FROM      YEAR
                                                  NORMAL
..................................................................
TEMPERATURE (F)
 TODAY
  MAXIMUM         50    251 PM  76    1954  43      7       38
  MINIMUM         21    707 AM  -4    1936  23     -2       16
  AVERAGE         36                        33      3       27

PRECIPITATION (IN)
  TODAY            0.00          0.71 1908   0.05  -0.05     0.00
  MONTH TO DATE    0.40                      0.69  -0.29     0.39
  SINCE DEC 1      4.40                      3.29   1.11     3.43
  SINCE JAN 1      1.16                      1.76  -0.60     1.59

SNOWFALL (IN)
  TODAY            0.0           5.8  1897   0.2   -0.2      0.0
  MONTH TO DATE    T                         2.9   -2.9      3.3
  SINCE DEC 1      5.3                      12.3   -7.0      8.2
  SINCE JUL 1      5.3                      13.7   -8.4      8.7
  SNOW DEPTH       0

DEGREE DAYS
 HEATING
  TODAY           29                        32     -3       38
  MONTH TO DATE  458                       472    -14      479
  SINCE DEC 1   2325                      2634   -309     2460
  SINCE JUL 1   3072                      3636   -564     3581

 COOLING
  TODAY            0                         0      0        0
  MONTH TO DATE    0                         0      0        0
  SINCE DEC 1      0                         0      0        0
  SINCE JAN 1      0                         0      0        0
..................................................................


WIND (MPH)
  HIGHEST WIND SPEED    18   HIGHEST WIND DIRECTION    SE (120)
  HIGHEST GUST SPEED    23   HIGHEST GUST DIRECTION    SW (220)
  AVERAGE WIND SPEED    11.7


SKY COVER
  POSSIBLE SUNSHINE  MM
  AVERAGE SKY COVER 0.8


WEATHER CONDITIONS
 THE FOLLOWING WEATHER WAS RECORDED TODAY.
  NO SIGNIFICANT WEATHER WAS OBSERVED.


RELATIVE HUMIDITY (PERCENT)
 HIGHEST    63           900 AM
 LOWEST     41           100 PM
 AVERAGE    52

..........................................................


THE KANSAS CITY INTERNATIONAL MO CLIMATE NORMALS FOR TOMORROW
                         NORMAL    RECORD    YEAR
 MAXIMUM TEMPERATURE (F)   43        72      1911
 MINIMUM TEMPERATURE (F)   24        -6      1936


SUNRISE AND SUNSET
FEBRUARY 14 2016......SUNRISE   712 AM CST   SUNSET   554 PM CST
FEBRUARY 15 2016......SUNRISE   711 AM CST   SUNSET   555 PM CST


-  INDICATES NEGATIVE NUMBERS.
R  INDICATES RECORD WAS SET OR TIED.
MM INDICATES DATA IS MISSING.
T  INDICATES TRACE AMOUNT.


&&

...MISCELLANEOUS CLIMATE DATA FROM TODAY...

LOCATION                HIGH    LOW      PRECIP
ST. JOSEPH               48      21       0.00
DOWNTOWN KANSAS CITY     50      24       0.00
OLATHE NEW CENTURY       49      22       0.02
OLATHE JO CO EXEC        48      22       0.01
LEES SUMMIT              49      23       T
KIRKSVILLE               27      19       0.07
CHILLICOTHE              43      22       0.00
SEDALIA                  38      23       T
NWS PLEASANT HILL MO     50      23       0.03


THIS PRODUCT...ALONG WITH OTHER WEATHER...HYDROLOGICAL AND CLIMATE
INFORMATION...IS AVAILABLE ON THE WEB AT HTTP://WWW.WEATHER.GOV/EAX
OR AT HTTP://WEATHER.GOV

$$

MJ
