406
CDUS43 KEAX 180632
CLIMCI

CLIMATE REPORT
NATIONAL WEATHER SERVICE KANSAS CITY/PLEASANT HILL MO
1232 AM CST MON DEC 18 2017


...................................

...THE KANSAS CITY INTERNATIONAL MO CLIMATE SUMMARY FOR DECEMBER 17 2017...

CLIMATE NORMAL PERIOD 1981 TO 2010
CLIMATE RECORD PERIOD 1888 TO 2017


WEATHER ITEM   OBSERVED TIME   RECORD YEAR NORMAL DEPARTURE LAST
                VALUE   (LST)  VALUE       VALUE  FROM      YEAR
                                                  NORMAL
..................................................................
TEMPERATURE (F)
 YESTERDAY
  MAXIMUM         49    247 AM  72    1939  40      9       30
  MINIMUM         42    834 PM  -6    1981  22     20        2
  AVERAGE         46                        31     15       16

PRECIPITATION (IN)
  YESTERDAY        0.08          0.40 1929   0.04   0.04     0.14
  MONTH TO DATE    0.08                      0.94  -0.86     0.86
  SINCE DEC 1      0.08                      0.94  -0.86     0.86
  SINCE JAN 1     45.91                     38.27   7.64    48.32

SNOWFALL (IN)
  YESTERDAY        0.0           6.3  1945   0.2   -0.2      2.0
  MONTH TO DATE    T                         2.5   -2.5      2.3
  SINCE DEC 1      T                         2.5   -2.5      2.3
  SINCE JUL 1      T                         3.9   -3.9      2.3
  SNOW DEPTH       0

DEGREE DAYS
 HEATING
  YESTERDAY       19                        34    -15       49
  MONTH TO DATE  429                       543   -114      625
  SINCE DEC 1    429                       543   -114      625
  SINCE JUL 1   1309                      1545   -236     1209

 COOLING
  YESTERDAY        0                         0      0        0
  MONTH TO DATE    0                         0      0        0
  SINCE DEC 1      0                         0      0        0
  SINCE JAN 1   1325                      1360    -35     1585
..................................................................


WIND (MPH)
  HIGHEST WIND SPEED    16   HIGHEST WIND DIRECTION    SW (220)
  HIGHEST GUST SPEED    21   HIGHEST GUST DIRECTION    SW (220)
  AVERAGE WIND SPEED     8.9


SKY COVER
  POSSIBLE SUNSHINE  MM
  AVERAGE SKY COVER 0.9


WEATHER CONDITIONS
 THE FOLLOWING WEATHER WAS RECORDED YESTERDAY.
  LIGHT RAIN
  FOG


RELATIVE HUMIDITY (PERCENT)
 HIGHEST   100          1000 AM
 LOWEST     42          1200 AM
 AVERAGE    71

..........................................................


THE KANSAS CITY INTERNATIONAL MO CLIMATE NORMALS FOR TODAY
                         NORMAL    RECORD    YEAR
 MAXIMUM TEMPERATURE (F)   39        64      1976
 MINIMUM TEMPERATURE (F)   22       -15      1983


SUNRISE AND SUNSET
DECEMBER 18 2017......SUNRISE   734 AM CST   SUNSET   458 PM CST
DECEMBER 19 2017......SUNRISE   734 AM CST   SUNSET   458 PM CST


-  INDICATES NEGATIVE NUMBERS.
R  INDICATES RECORD WAS SET OR TIED.
MM INDICATES DATA IS MISSING.
T  INDICATES TRACE AMOUNT.


&&

...MISCELLANEOUS CLIMATE DATA FROM YESTERDAY...

LOCATION                HIGH    LOW      PRECIP
ST. JOSEPH               48      35       0.10
DOWNTOWN KANSAS CITY     50      42       0.05
OLATHE NEW CENTURY       48      37       0.40
OLATHE JO CO EXEC        48      39       0.35
LEES SUMMIT              48      41       0.19
KIRKSVILLE               46      38       0.01
CHILLICOTHE              47      42       0.06
SEDALIA                  50      43       0.09
NWS PLEASANT HILL MO     47      39       0.29


THIS PRODUCT...ALONG WITH OTHER WEATHER...HYDROLOGICAL AND CLIMATE
INFORMATION...IS AVAILABLE ON THE WEB AT HTTP://WWW.WEATHER.GOV/EAX
OR AT HTTP://WEATHER.GOV

$$

JW
