000
CDUS43 KEAX 221232
CLIMCI

CLIMATE REPORT
NATIONAL WEATHER SERVICE KANSAS CITY/PLEASANT HILL MO
731 AM CDT MON SEP 22 2014


...................................

...THE KANSAS CITY INTERNATIONAL MO CLIMATE SUMMARY FOR SEPTEMBER 22 2014...
VALID AS OF 0700 AM LOCAL TIME.

CLIMATE NORMAL PERIOD 1981 TO 2010
CLIMATE RECORD PERIOD 1888 TO 2014


WEATHER ITEM   OBSERVED TIME   RECORD YEAR NORMAL DEPARTURE LAST
                VALUE   (LST)  VALUE       VALUE  FROM      YEAR
                                                  NORMAL
..................................................................
TEMPERATURE (F)
 TODAY
  MAXIMUM         57   1215 AM 100    1937  76    -19       77
  MINIMUM         48    557 AM  31    1995  54     -6       51
  AVERAGE         53                        65    -12       64

PRECIPITATION (IN)
  TODAY            0.00          3.89 1970   0.15  -0.15     0.00
  MONTH TO DATE    2.15                      3.44  -1.29     4.42
  SINCE SEP 1      2.15                      3.44  -1.29     4.42
  SINCE JAN 1     28.14                     30.84  -2.70    27.09

SNOWFALL (IN)
  TODAY            0.0           0.0    MM   0.0    0.0      0.0
  MONTH TO DATE    0.0                       0.0    0.0      0.0
  SINCE SEP 1      0.0                       0.0    0.0      0.0
  SINCE JUL 1      0.0                       0.0    0.0      0.0
  SNOW DEPTH       0

DEGREE DAYS
 HEATING
  TODAY           12                         3      9        1
  MONTH TO DATE   70                        30     40       10
  SINCE SEP 1     70                        30     40       10
  SINCE JUL 1     72                        32     40       10

 COOLING
  TODAY            0                         4     -4        0
  MONTH TO DATE   95                       137    -42      202
  SINCE SEP 1     95                       137    -42      202
  SINCE JAN 1   1214                      1310    -96     1296
..................................................................


WIND (MPH)
  HIGHEST WIND SPEED     7   HIGHEST WIND DIRECTION    NE (50)
  HIGHEST GUST SPEED     9   HIGHEST GUST DIRECTION    NE (50)
  AVERAGE WIND SPEED     3.9


SKY COVER
  POSSIBLE SUNSHINE  MM
  AVERAGE SKY COVER 0.0


WEATHER CONDITIONS
 THE FOLLOWING WEATHER WAS RECORDED TODAY.
  NO SIGNIFICANT WEATHER WAS OBSERVED.


RELATIVE HUMIDITY (PERCENT)
 HIGHEST    93           600 AM
 LOWEST     77          1200 AM
 AVERAGE    85

..........................................................


THE KANSAS CITY INTERNATIONAL MO CLIMATE NORMALS FOR TOMORROW
                         NORMAL    RECORD    YEAR
 MAXIMUM TEMPERATURE (F)   76        96      1939
 MINIMUM TEMPERATURE (F)   54        34      1983


SUNRISE AND SUNSET
SEPTEMBER 22 2014.....SUNRISE   706 AM CDT   SUNSET   716 PM CDT
SEPTEMBER 23 2014.....SUNRISE   707 AM CDT   SUNSET   714 PM CDT


-  INDICATES NEGATIVE NUMBERS.
R  INDICATES RECORD WAS SET OR TIED.
MM INDICATES DATA IS MISSING.
T  INDICATES TRACE AMOUNT.




&&

...MISCELLANEOUS CLIMATE DATA FROM TODAY...

LOCATION                HIGH    LOW      PRECIP
ST. JOSEPH               51      41       0.00
DOWNTOWN KANSAS CITY     60      52       0.00
OLATHE NEW CENTURY       54      48       0.00
OLATHE JO CO EXEC        59      50       0.00
LEES SUMMIT              57      48       0.00
KIRKSVILLE               53      44       0.00
CHILLICOTHE              52      47       0.00
SEDALIA                  56      49       0.00
NWS PLEASANT HILL MO     57      52       0.00


THIS PRODUCT...ALONG WITH OTHER WEATHER...HYDROLOGICAL AND CLIMATE
INFORMATION...IS AVAILABLE ON THE WEB AT HTTP://WWW.CRH.NOAA.GOV/EAX
OR AT HTTP://WEATHER.GOV

$$
