172
CDUS43 KGLD 300100
CLIMCK

CLIMATE REPORT
NATIONAL WEATHER SERVICE GOODLAND
656 PM MDT WED MAR 29 2017
...................................

...THE MCCOOK NE CLIMATE SUMMARY FOR MARCH 29 2017...
VALID TODAY AS OF 0600 PM LOCAL TIME.

CLIMATE NORMAL PERIOD 1981 TO 2010
CLIMATE RECORD PERIOD 1896 TO 2017

WEATHER ITEM   OBSERVED TIME   RECORD YEAR NORMAL DEPARTURE LAST
                VALUE   (LST)  VALUE       VALUE  FROM      YEAR
                                                  NORMAL
..................................................................
TEMPERATURE (F)
 TODAY
  MAXIMUM         45    454 PM  92    1943  59    -14       72
  MINIMUM         42    609 AM  10    1987  28     14       43
  AVERAGE         44                        43      1       58

PRECIPITATION (IN)
  TODAY            0.13                      0.05   0.08     0.00
  MONTH TO DATE    1.00                      1.25  -0.25     0.48
  SINCE MAR 1      1.00                      1.25  -0.25     0.48
  SINCE JAN 1      1.70                      2.38  -0.68     1.49

..................................................................

THE MCCOOK NE CLIMATE NORMALS FOR TOMORROW
                         NORMAL    RECORD    YEAR
 MAXIMUM TEMPERATURE (F)   59        93      1943
 MINIMUM TEMPERATURE (F)   28         2      1987

-  INDICATES NEGATIVE NUMBERS.
R  INDICATES RECORD WAS SET OR TIED.
MM INDICATES DATA IS MISSING.
T  INDICATES TRACE AMOUNT.

$$
