000
CDUS43 KGLD 200744
CLIMCK

CLIMATE REPORT
NATIONAL WEATHER SERVICE GOODLAND
1239 AM MST SAT JAN 20 2018


...................................

...THE MCCOOK NE CLIMATE SUMMARY FOR JANUARY 19 2018...

CLIMATE NORMAL PERIOD 1981 TO 2010
CLIMATE RECORD PERIOD 1896 TO 2018


WEATHER ITEM   OBSERVED TIME   RECORD YEAR NORMAL DEPARTURE LAST
                VALUE   (LST)  VALUE       VALUE  FROM      YEAR
                                                  NORMAL
..................................................................
TEMPERATURE (F)
 YESTERDAY
  MAXIMUM         59    338 PM  68    2014  41     18       38
  MINIMUM         26    706 AM -24    1943  14     12       28
  AVERAGE         43                        27     16       33

PRECIPITATION (IN)
  YESTERDAY        0.00                      0.01  -0.01     0.00
  MONTH TO DATE    0.05                      0.31  -0.26     0.69
  SINCE DEC 1      0.15                      0.95  -0.80     1.12
  SINCE JAN 1      0.05                      0.31  -0.26     0.69

..................................................................


THE MCCOOK NE CLIMATE NORMALS FOR TODAY
                         NORMAL    RECORD    YEAR
 MAXIMUM TEMPERATURE (F)   41        71      1964
 MINIMUM TEMPERATURE (F)   14       -16      1984



-  INDICATES NEGATIVE NUMBERS.
R  INDICATES RECORD WAS SET OR TIED.
MM INDICATES DATA IS MISSING.
T  INDICATES TRACE AMOUNT.

$$
