000
CDUS42 KFFC 270817
CLIMCN


CLIMATE REPORT
NATIONAL WEATHER SERVICE PEACHTREE CITY GA
417 AM EDT SAT MAY 27 2017


...................................

...THE MACON CLIMATE SUMMARY FOR MAY 26 2017...

CLIMATE NORMAL PERIOD 1981 TO 2010
CLIMATE RECORD PERIOD 1899 TO 2017


WEATHER ITEM   OBSERVED TIME   RECORD YEAR NORMAL DEPARTURE LAST
                VALUE   (LST)  VALUE       VALUE  FROM      YEAR
                                                  NORMAL
..................................................................
TEMPERATURE (F)
 YESTERDAY
  MAXIMUM         86    432 PM  98    1962  87     -1       90
  MINIMUM         52    524 AM  49    1979  63    -11       63
  AVERAGE         69                        75     -6       77

PRECIPITATION (IN)
  YESTERDAY        0.00          3.19 1923   0.10  -0.10     0.00
  MONTH TO DATE    6.07                      2.17   3.90     1.96
  SINCE MAR 1     10.53                      9.68   0.85    12.23
  SINCE JAN 1     23.73                     18.28   5.45    17.96

DEGREE DAYS
 HEATING
  YESTERDAY        0                         0      0        0
  MONTH TO DATE   15                        11      4       11
  SINCE MAR 1    293                       393   -100      268
  SINCE JUL 1   1480                      2318   -838     1798

 COOLING
  YESTERDAY        4                        10     -6       12
  MONTH TO DATE  172                       175     -3      174
  SINCE MAR 1    372                       256    116      293
  SINCE JAN 1    383                       259    124      294
..................................................................


WIND (MPH)
  RESULTANT WIND SPEED   3   RESULTANT WIND DIRECTION   W (270)
  HIGHEST WIND SPEED    14   HIGHEST WIND DIRECTION     W (260)
  HIGHEST GUST SPEED    21   HIGHEST GUST DIRECTION    NW (300)
  AVERAGE WIND SPEED     4.2


SKY COVER
  AVERAGE SKY COVER 0.0


WEATHER CONDITIONS
 THE FOLLOWING WEATHER WAS RECORDED YESTERDAY.
  NO SIGNIFICANT WEATHER WAS OBSERVED.


RELATIVE HUMIDITY (PERCENT)
 HIGHEST   100           300 AM
 LOWEST     40           300 PM
 AVERAGE    70

..........................................................


THE MACON CLIMATE NORMALS FOR TODAY
                         NORMAL    RECORD    YEAR
 MAXIMUM TEMPERATURE (F)   87        99      1953
 MINIMUM TEMPERATURE (F)   63        45      1961


SUNRISE AND SUNSET
MAY 27 2017...........SUNRISE   629 AM EDT   SUNSET   835 PM EDT
MAY 28 2017...........SUNRISE   629 AM EDT   SUNSET   835 PM EDT


-  INDICATES NEGATIVE NUMBERS.
R  INDICATES RECORD WAS SET OR TIED.
MM INDICATES DATA IS MISSING.
T  INDICATES TRACE AMOUNT.




$$
