000
CDUS42 KFFC 280919
CLIMCN


CLIMATE REPORT
NATIONAL WEATHER SERVICE PEACHTREE CITY GA
418 AM EST SAT FEB 28 2015


...................................

...THE MACON CLIMATE SUMMARY FOR FEBRUARY 27 2015...

CLIMATE NORMAL PERIOD 1981 TO 2010
CLIMATE RECORD PERIOD 1899 TO 2015


WEATHER ITEM   OBSERVED TIME   RECORD YEAR NORMAL DEPARTURE LAST
                VALUE   (LST)  VALUE       VALUE  FROM      YEAR
                                                  NORMAL
..................................................................
TEMPERATURE (F)
 YESTERDAY
  MAXIMUM         57    506 PM  82    1962  65     -8       55
  MINIMUM         29    730 AM  18    1963  41    -12       27
  AVERAGE         43                        53    -10       41

PRECIPITATION (IN)
  YESTERDAY        0.00          3.02 1929   0.15  -0.15     0.00
  MONTH TO DATE    4.33                      4.21   0.12     4.60
  SINCE DEC 1     12.66                     12.49   0.17    16.87
  SINCE JAN 1      6.77                      8.45  -1.68     7.83

SNOWFALL (IN)
  YESTERDAY        0.0           0.0  2002   0.0    0.0      0.0
  MONTH TO DATE    0.0                       0.0    0.0       T
  SINCE DEC 1      0.0                       0.5   -0.5      2.1
  SINCE JUL 1      0.0                       0.5   -0.5      2.1
  SNOW DEPTH       0

DEGREE DAYS
 HEATING
  YESTERDAY       22                        12     10       24
  MONTH TO DATE  568                       408    160      407
  SINCE DEC 1   1632                      1518    114     1660
  SINCE JUL 1   2192                      1913    279     2109

 COOLING
  YESTERDAY        0                         0      0        0
  MONTH TO DATE    0                         0      0        1
  SINCE DEC 1      0                         4     -4       11
  SINCE JAN 1      0                         1     -1        1
..................................................................


WIND (MPH)
  RESULTANT WIND SPEED   3   RESULTANT WIND DIRECTION   N (20)
  HIGHEST WIND SPEED    13   HIGHEST WIND DIRECTION    NE (50)
  HIGHEST GUST SPEED    17   HIGHEST GUST DIRECTION     N (360)
  AVERAGE WIND SPEED     4.3


SKY COVER
  AVERAGE SKY COVER 0.1


WEATHER CONDITIONS
 THE FOLLOWING WEATHER WAS RECORDED YESTERDAY.
  FOG


RELATIVE HUMIDITY (PERCENT)
 HIGHEST   100           600 AM
 LOWEST     36           400 PM
 AVERAGE    68

..........................................................


THE MACON CLIMATE NORMALS FOR TODAY
                         NORMAL    RECORD    YEAR
 MAXIMUM TEMPERATURE (F)   65        85      1962
 MINIMUM TEMPERATURE (F)   41        19      2002


SUNRISE AND SUNSET
FEBRUARY 28 2015......SUNRISE   704 AM EST   SUNSET   631 PM EST
MARCH  1 2015.........SUNRISE   703 AM EST   SUNSET   632 PM EST


-  INDICATES NEGATIVE NUMBERS.
R  INDICATES RECORD WAS SET OR TIED.
MM INDICATES DATA IS MISSING.
T  INDICATES TRACE AMOUNT.




$$
