393
CDUS42 KFFC 200919
CLIMCN


CLIMATE REPORT
NATIONAL WEATHER SERVICE PEACHTREE CITY GA
419 AM EST MON NOV 20 2017


...................................

...THE MACON CLIMATE SUMMARY FOR NOVEMBER 19 2017...

CLIMATE NORMAL PERIOD 1981 TO 2010
CLIMATE RECORD PERIOD 1899 TO 2017


WEATHER ITEM   OBSERVED TIME   RECORD YEAR NORMAL DEPARTURE LAST
                VALUE   (LST)  VALUE       VALUE  FROM      YEAR
                                                  NORMAL
..................................................................
TEMPERATURE (F)
 YESTERDAY
  MAXIMUM         68   1257 AM  83    1942  68      0       71
  MINIMUM         41   1148 PM  17    2014  42     -1       41
  AVERAGE         55                        55      0       56

PRECIPITATION (IN)
  YESTERDAY        0.11          1.33 1917   0.11   0.00     0.00
  MONTH TO DATE    1.07                      1.96  -0.89     0.00
  SINCE SEP 1      7.88                      8.34  -0.46     2.38
  SINCE JAN 1     45.41                     40.28   5.13    26.60

SNOWFALL (IN)
  YESTERDAY       MM             0.0  2001   0.0   MM        0.0
  MONTH TO DATE    0.0                       0.0    0.0      0.0
  SINCE SEP 1      0.0                       0.0    0.0      0.0
  SINCE JUL 1      0.0                       0.0    0.0      0.0
  SNOW DEPTH       0

DEGREE DAYS
 HEATING
  YESTERDAY       10                        11     -1        9
  MONTH TO DATE  141                       157    -16      122
  SINCE SEP 1    236                       260    -24      147
  SINCE JUL 1    236                       260    -24      147

 COOLING
  YESTERDAY        0                         0      0        0
  MONTH TO DATE   28                        16     12       20
  SINCE SEP 1    508                       416     92      586
  SINCE JAN 1   2370                      2160    210     2613
..................................................................


WIND (MPH)
  RESULTANT WIND SPEED  10   RESULTANT WIND DIRECTION  NW (310)
  HIGHEST WIND SPEED    26   HIGHEST WIND DIRECTION    NW (320)
  HIGHEST GUST SPEED    35   HIGHEST GUST DIRECTION    NW (330)
  AVERAGE WIND SPEED    11.5


SKY COVER
  AVERAGE SKY COVER 0.2


WEATHER CONDITIONS
 THE FOLLOWING WEATHER WAS RECORDED YESTERDAY.
  HEAVY RAIN
  RAIN
  FOG
  HAZE


RELATIVE HUMIDITY (PERCENT)
 HIGHEST    87           200 AM
 LOWEST     32           300 PM
 AVERAGE    60

..........................................................


THE MACON CLIMATE NORMALS FOR TODAY
                         NORMAL    RECORD    YEAR
 MAXIMUM TEMPERATURE (F)   68        81      1991
 MINIMUM TEMPERATURE (F)   42        19      1914


SUNRISE AND SUNSET
NOVEMBER 20 2017......SUNRISE   709 AM EST   SUNSET   531 PM EST
NOVEMBER 21 2017......SUNRISE   710 AM EST   SUNSET   531 PM EST


-  INDICATES NEGATIVE NUMBERS.
R  INDICATES RECORD WAS SET OR TIED.
MM INDICATES DATA IS MISSING.
T  INDICATES TRACE AMOUNT.




$$
