000
CDUS42 KFFC 300817
CLIMCN


CLIMATE REPORT
NATIONAL WEATHER SERVICE PEACHTREE CITY GA
417 AM EDT THU OCT 30 2014


...................................

...THE MACON CLIMATE SUMMARY FOR OCTOBER 29 2014...

CLIMATE NORMAL PERIOD 1981 TO 2010
CLIMATE RECORD PERIOD 1899 TO 2014


WEATHER ITEM   OBSERVED TIME   RECORD YEAR NORMAL DEPARTURE LAST
                VALUE   (LST)  VALUE       VALUE  FROM      YEAR
                                                  NORMAL
..................................................................
TEMPERATURE (F)
 YESTERDAY
  MAXIMUM         77    122 PM  87    1984  74      3       78
  MINIMUM         56    251 AM  27    2001  48      8       48
  AVERAGE         67                        61      6       63

PRECIPITATION (IN)
  YESTERDAY        T             5.25 1970   0.08  -0.08     0.00
  MONTH TO DATE    1.57                      2.62  -1.05     0.60
  SINCE SEP 1      4.36                      6.21  -1.85     2.37
  SINCE JAN 1     38.29                     38.15   0.14    60.50

DEGREE DAYS
 HEATING
  YESTERDAY        0                         6     -6        2
  MONTH TO DATE   70                        85    -15       67
  SINCE SEP 1     71                        91    -20       67
  SINCE JUL 1     71                        91    -20       67

 COOLING
  YESTERDAY        2                         1      1        0
  MONTH TO DATE  104                        92     12       75
  SINCE SEP 1    443                       398     45      365
  SINCE JAN 1   2041                      2142   -101     1840
..................................................................


WIND (MPH)
  RESULTANT WIND SPEED   2   RESULTANT WIND DIRECTION  NW (320)
  HIGHEST WIND SPEED    16   HIGHEST WIND DIRECTION    NW (330)
  HIGHEST GUST SPEED    23   HIGHEST GUST DIRECTION    NW (330)
  AVERAGE WIND SPEED     4.2


SKY COVER
  AVERAGE SKY COVER 0.6


WEATHER CONDITIONS
 THE FOLLOWING WEATHER WAS RECORDED YESTERDAY.
  LIGHT RAIN
  FOG


RELATIVE HUMIDITY (PERCENT)
 HIGHEST   100          1200 AM
 LOWEST     65          1100 PM
 AVERAGE    83

..........................................................


THE MACON CLIMATE NORMALS FOR TODAY
                         NORMAL    RECORD    YEAR
 MAXIMUM TEMPERATURE (F)   74        88      1984
 MINIMUM TEMPERATURE (F)   48        26      1952


SUNRISE AND SUNSET
OCTOBER 30 2014.......SUNRISE   750 AM EDT   SUNSET   646 PM EDT
OCTOBER 31 2014.......SUNRISE   751 AM EDT   SUNSET   645 PM EDT


-  INDICATES NEGATIVE NUMBERS.
R  INDICATES RECORD WAS SET OR TIED.
MM INDICATES DATA IS MISSING.
T  INDICATES TRACE AMOUNT.




$$
