000
CDUS42 KFFC 260032
CLIMCN


CLIMATE REPORT
NATIONAL WEATHER SERVICE PEACHTREE CITY GA
732 PM EST SAT FEB 25 2017


...................................

...THE MACON CLIMATE SUMMARY FOR FEBRUARY 25 2017...
VALID AS OF 0700 PM LOCAL TIME.

CLIMATE NORMAL PERIOD 1981 TO 2010
CLIMATE RECORD PERIOD 1899 TO 2017


WEATHER ITEM   OBSERVED TIME   RECORD YEAR NORMAL DEPARTURE LAST
                VALUE   (LST)  VALUE       VALUE  FROM      YEAR
                                                  NORMAL
..................................................................
TEMPERATURE (F)
 TODAY
  MAXIMUM         75    304 PM  82    1930  65     10       58
  MINIMUM         59    644 AM  14    1967  40     19       42
  AVERAGE         67                        52     15       50

PRECIPITATION (IN)
  TODAY            0.00          4.67 1919   0.15  -0.15      T
  MONTH TO DATE    1.53                      3.90  -2.37     3.21
  SINCE DEC 1     18.74                     12.18   6.56    18.35
  SINCE JAN 1     12.79                      8.14   4.65     5.73

SNOWFALL (IN)
  TODAY            0.0           0.0  2002   0.0    0.0      0.0
  MONTH TO DATE    0.0                       0.0    0.0       T
  SINCE DEC 1      0.0                       0.5   -0.5       T
  SINCE JUL 1      0.0                       0.5   -0.5       T
  SNOW DEPTH       0

DEGREE DAYS
 HEATING
  TODAY            0                        13    -13       15
  MONTH TO DATE  182                       383   -201      354
  SINCE DEC 1    915                      1493   -578     1201
  SINCE JUL 1   1157                      1888   -731     1473
..................................................................


WIND (MPH)
  HIGHEST WIND SPEED    26   HIGHEST WIND DIRECTION    NW (320)
  HIGHEST GUST SPEED    35   HIGHEST GUST DIRECTION    NW (320)
  AVERAGE WIND SPEED     9.9


SKY COVER
  AVERAGE SKY COVER 0.3


WEATHER CONDITIONS
 THE FOLLOWING WEATHER WAS RECORDED TODAY.
  NO SIGNIFICANT WEATHER WAS OBSERVED.


RELATIVE HUMIDITY (PERCENT)
 HIGHEST    87           900 AM
 LOWEST     13           300 PM

..........................................................


THE MACON CLIMATE NORMALS FOR TOMORROW
                         NORMAL    RECORD
 MAXIMUM TEMPERATURE (F)   65        81
 MINIMUM TEMPERATURE (F)   40        15


SUNRISE AND SUNSET
FEBRUARY 25 2017......SUNRISE   707 AM EST   SUNSET   629 PM EST
FEBRUARY 26 2017......SUNRISE   706 AM EST   SUNSET   630 PM EST


-  INDICATES NEGATIVE NUMBERS.
R  INDICATES RECORD WAS SET OR TIED.
MM INDICATES DATA IS MISSING.
T  INDICATES TRACE AMOUNT.




$$
