000
CDUS42 KFFC 240817
CLIMCN


CLIMATE REPORT
NATIONAL WEATHER SERVICE PEACHTREE CITY GA
416 AM EDT MON APR 24 2017


...................................

...THE MACON CLIMATE SUMMARY FOR APRIL 23 2017...

CLIMATE NORMAL PERIOD 1981 TO 2010
CLIMATE RECORD PERIOD 1899 TO 2017


WEATHER ITEM   OBSERVED TIME   RECORD YEAR NORMAL DEPARTURE LAST
                VALUE   (LST)  VALUE       VALUE  FROM      YEAR
                                                  NORMAL
..................................................................
TEMPERATURE (F)
 YESTERDAY
  MAXIMUM         83    123 PM  94    1970  79      4       81
  MINIMUM         59   1159 PM  34    1993  52      7       57
                                      1986
  AVERAGE         71                        65      6       69

PRECIPITATION (IN)
  YESTERDAY        0.70          2.08 1945   0.08   0.62     0.00
  MONTH TO DATE    2.19                      2.38  -0.19     7.34
  SINCE MAR 1      3.64                      6.93  -3.29     9.98
  SINCE JAN 1     16.84                     15.53   1.31    15.71

DEGREE DAYS
 HEATING
  YESTERDAY        0                         3     -3        0
  MONTH TO DATE   37                        98    -61       94
  SINCE MAR 1    274                       370    -96      257
  SINCE JUL 1   1461                      2295   -834     1787

 COOLING
  YESTERDAY        6                         3      3        4
  MONTH TO DATE   91                        40     51       10
  SINCE MAR 1    144                        58     86       62
  SINCE JAN 1    155                        61     94       63
..................................................................


WIND (MPH)
  RESULTANT WIND SPEED   2   RESULTANT WIND DIRECTION   S (180)
  HIGHEST WIND SPEED    17   HIGHEST WIND DIRECTION    SW (230)
  HIGHEST GUST SPEED    23   HIGHEST GUST DIRECTION    SW (240)
  AVERAGE WIND SPEED     6.8


SKY COVER
  AVERAGE SKY COVER 0.7


WEATHER CONDITIONS
 THE FOLLOWING WEATHER WAS RECORDED YESTERDAY.
  THUNDERSTORM
  HEAVY RAIN
  RAIN
  LIGHT RAIN
  FOG


RELATIVE HUMIDITY (PERCENT)
 HIGHEST    93          1100 PM
 LOWEST     47           100 PM
 AVERAGE    70

..........................................................


THE MACON CLIMATE NORMALS FOR TODAY
                         NORMAL    RECORD    YEAR
 MAXIMUM TEMPERATURE (F)   79        94      1925
 MINIMUM TEMPERATURE (F)   52        34      1986


SUNRISE AND SUNSET
APRIL 24 2017.........SUNRISE   655 AM EDT   SUNSET   811 PM EDT
APRIL 25 2017.........SUNRISE   653 AM EDT   SUNSET   812 PM EDT


-  INDICATES NEGATIVE NUMBERS.
R  INDICATES RECORD WAS SET OR TIED.
MM INDICATES DATA IS MISSING.
T  INDICATES TRACE AMOUNT.




$$
