000
CDUS42 KFFC 010820
CLIMCN


CLIMATE REPORT
NATIONAL WEATHER SERVICE PEACHTREE CITY GA
420 AM EDT SAT AUG 1 2015


...................................

...THE MACON CLIMATE SUMMARY FOR JULY 31 2015...

CLIMATE NORMAL PERIOD 1981 TO 2010
CLIMATE RECORD PERIOD 1899 TO 2015


WEATHER ITEM   OBSERVED TIME   RECORD YEAR NORMAL DEPARTURE LAST
                VALUE   (LST)  VALUE       VALUE  FROM      YEAR
                                                  NORMAL
..................................................................
TEMPERATURE (F)
 YESTERDAY
  MAXIMUM         97    127 PM 105    1986  93      4       88
  MINIMUM         73   1159 PM  61    1936  71      2       65
  AVERAGE         85                        82      3       77

PRECIPITATION (IN)
  YESTERDAY        0.17          1.56 1984   0.15   0.02     0.00
  MONTH TO DATE    1.56                      4.95  -3.39     5.04
  SINCE JUN 1      5.34                      9.01  -3.67    10.69
  SINCE JAN 1     21.84                     27.84  -6.00    32.88

DEGREE DAYS
 HEATING
  YESTERDAY        0                         0      0        0
  MONTH TO DATE    0                         0      0        0
  SINCE JUN 1      0                         0      0        0
  SINCE JUL 1      0                         0      0        0

 COOLING
  YESTERDAY       20                        17      3       12
  MONTH TO DATE  591                       521     70      439
  SINCE JUN 1   1072                       940    132      854
  SINCE JAN 1   1457                      1253    204     1132
..................................................................


WIND (MPH)
  RESULTANT WIND SPEED   1   RESULTANT WIND DIRECTION   E (110)
  HIGHEST WIND SPEED    23   HIGHEST WIND DIRECTION     W (290)
  HIGHEST GUST SPEED    29   HIGHEST GUST DIRECTION     E (110)
  AVERAGE WIND SPEED     3.5


SKY COVER
  AVERAGE SKY COVER 0.3


WEATHER CONDITIONS
 THE FOLLOWING WEATHER WAS RECORDED YESTERDAY.
  THUNDERSTORM
  FOG


RELATIVE HUMIDITY (PERCENT)
 HIGHEST   100           400 AM
 LOWEST     51           100 PM
 AVERAGE    76

..........................................................


THE MACON CLIMATE NORMALS FOR TODAY
                         NORMAL    RECORD    YEAR
 MAXIMUM TEMPERATURE (F)   93       105      1986
 MINIMUM TEMPERATURE (F)   71        60      1997


SUNRISE AND SUNSET
AUGUST  1 2015........SUNRISE   648 AM EDT   SUNSET   833 PM EDT
AUGUST  2 2015........SUNRISE   649 AM EDT   SUNSET   832 PM EDT


-  INDICATES NEGATIVE NUMBERS.
R  INDICATES RECORD WAS SET OR TIED.
MM INDICATES DATA IS MISSING.
T  INDICATES TRACE AMOUNT.




$$
