000
CDUS42 KFFC 210917
CLIMCN


CLIMATE REPORT
NATIONAL WEATHER SERVICE PEACHTREE CITY GA
417 AM EST SUN JAN 21 2018


...................................

...THE MACON CLIMATE SUMMARY FOR JANUARY 20 2018...

CLIMATE NORMAL PERIOD 1981 TO 2010
CLIMATE RECORD PERIOD 1899 TO 2018


WEATHER ITEM   OBSERVED TIME   RECORD YEAR NORMAL DEPARTURE LAST
                VALUE   (LST)  VALUE       VALUE  FROM      YEAR
                                                  NORMAL
..................................................................
TEMPERATURE (F)
 YESTERDAY
  MAXIMUM         66    422 PM  77    1954  58      8       74
  MINIMUM         24    618 AM   1    1985  35    -11       62
  AVERAGE         45                        46     -1       68

PRECIPITATION (IN)
  YESTERDAY        0.00          2.04 1979   0.14  -0.14     0.05
  MONTH TO DATE    0.90                      2.65  -1.75     7.88
  SINCE DEC 1      4.16                      6.69  -2.53    13.83
  SINCE JAN 1      0.90                      2.65  -1.75     7.88

SNOWFALL (IN)
  YESTERDAY        0.0           0.0  2002   0.0    0.0      0.0
  MONTH TO DATE    1.0                       0.3    0.7      0.0
  SINCE DEC 1      1.0                       0.4    0.6      0.0
  SINCE JUL 1      1.0                       0.4    0.6      0.0
  SNOW DEPTH       0

DEGREE DAYS
 HEATING
  YESTERDAY       20                        19      1        0
  MONTH TO DATE  495                       380    115      209
  SINCE DEC 1    951                       910     41      600
  SINCE JUL 1   1309                      1305      4      842

 COOLING
  YESTERDAY        0                         0      0        3
  MONTH TO DATE    0                         0      0        4
  SINCE DEC 1      2                         3     -1        6
  SINCE JAN 1      0                         0      0        4
..................................................................


WIND (MPH)
  RESULTANT WIND SPEED   3   RESULTANT WIND DIRECTION   W (280)
  HIGHEST WIND SPEED    14   HIGHEST WIND DIRECTION    NW (330)
  HIGHEST GUST SPEED    19   HIGHEST GUST DIRECTION    NW (330)
  AVERAGE WIND SPEED     2.7


SKY COVER
  AVERAGE SKY COVER 0.0


WEATHER CONDITIONS
 THE FOLLOWING WEATHER WAS RECORDED YESTERDAY.
  NO SIGNIFICANT WEATHER WAS OBSERVED.


RELATIVE HUMIDITY (PERCENT)
 HIGHEST    89          1100 PM
 LOWEST     35          1100 AM
 AVERAGE    62

..........................................................


THE MACON CLIMATE NORMALS FOR TODAY
                         NORMAL    RECORD    YEAR
 MAXIMUM TEMPERATURE (F)   58        79      1954
 MINIMUM TEMPERATURE (F)   35        -6      1985


SUNRISE AND SUNSET
JANUARY 21 2018.......SUNRISE   735 AM EST   SUNSET   557 PM EST
JANUARY 22 2018.......SUNRISE   735 AM EST   SUNSET   558 PM EST


-  INDICATES NEGATIVE NUMBERS.
R  INDICATES RECORD WAS SET OR TIED.
MM INDICATES DATA IS MISSING.
T  INDICATES TRACE AMOUNT.




$$
