000
CDUS42 KFFC 290822
CLIMCN


CLIMATE REPORT
NATIONAL WEATHER SERVICE PEACHTREE CITY GA
419 AM EDT THU SEP 29 2016


...................................

...THE MACON CLIMATE SUMMARY FOR SEPTEMBER 28 2016...

CLIMATE NORMAL PERIOD 1981 TO 2010
CLIMATE RECORD PERIOD 1899 TO 2016


WEATHER ITEM   OBSERVED TIME   RECORD YEAR NORMAL DEPARTURE LAST
                VALUE   (LST)  VALUE       VALUE  FROM      YEAR
                                                  NORMAL
..................................................................
TEMPERATURE (F)
 YESTERDAY
  MAXIMUM         94    226 PM  96    1986  83     11       77
  MINIMUM         68    630 AM  45    1985  59      9       68
  AVERAGE         81                        71     10       73

PRECIPITATION (IN)
  YESTERDAY        0.00          3.01 1907   0.11  -0.11     0.16
  MONTH TO DATE    2.18                      3.37  -1.19     1.80
  SINCE SEP 1      2.18                      3.37  -1.19     1.80
  SINCE JAN 1     26.40                     35.31  -8.91    28.71

DEGREE DAYS
 HEATING
  YESTERDAY        0                         1     -1        0
  MONTH TO DATE    0                         2     -2        0
  SINCE SEP 1      0                         2     -2        0
  SINCE JUL 1      0                         2     -2        0

 COOLING
  YESTERDAY       16                         7      9        8
  MONTH TO DATE  406                       293    113      268
  SINCE SEP 1    406                       293    113      268
  SINCE JAN 1   2433                      2037    396     2214
..................................................................


WIND (MPH)
  RESULTANT WIND SPEED   4   RESULTANT WIND DIRECTION   W (250)
  HIGHEST WIND SPEED    14   HIGHEST WIND DIRECTION    SW (230)
  HIGHEST GUST SPEED    20   HIGHEST GUST DIRECTION    SW (240)
  AVERAGE WIND SPEED     4.3


SKY COVER
  AVERAGE SKY COVER 0.2


WEATHER CONDITIONS
 THE FOLLOWING WEATHER WAS RECORDED YESTERDAY.
  NO SIGNIFICANT WEATHER WAS OBSERVED.


RELATIVE HUMIDITY (PERCENT)
 HIGHEST    90           500 AM
 LOWEST     36           400 PM
 AVERAGE    63

..........................................................


THE MACON CLIMATE NORMALS FOR TODAY
                         NORMAL    RECORD    YEAR
 MAXIMUM TEMPERATURE (F)   82        95      1941
 MINIMUM TEMPERATURE (F)   59        41      1967


SUNRISE AND SUNSET
SEPTEMBER 29 2016.....SUNRISE   728 AM EDT   SUNSET   721 PM EDT
SEPTEMBER 30 2016.....SUNRISE   728 AM EDT   SUNSET   720 PM EDT


-  INDICATES NEGATIVE NUMBERS.
R  INDICATES RECORD WAS SET OR TIED.
MM INDICATES DATA IS MISSING.
T  INDICATES TRACE AMOUNT.




$$
