000
CDUS42 KMLB 020635
CLIMCO


CLIMATE REPORT
NATIONAL WEATHER SERVICE MELBOURNE FL
135 AM EST MON MAR 2 2015


...................................

...THE ORLANDO  CLIMATE SUMMARY FOR MARCH 1 2015...

CLIMATE NORMAL PERIOD 1981 TO 2010
CLIMATE RECORD PERIOD 1892 TO 2015


WEATHER ITEM   OBSERVED TIME   RECORD YEAR NORMAL DEPARTURE LAST
                VALUE   (LST)  VALUE       VALUE  FROM      YEAR
                                                  NORMAL
..................................................................
TEMPERATURE (F)
 YESTERDAY
  MAXIMUM         80    123 PM  90    1918  76      4       77
  MINIMUM         64    235 AM  32    1968  54     10       51
                                      1920
  AVERAGE         72                        65      7       64

PRECIPITATION (IN)
  YESTERDAY        0.35          1.54 1934   0.10   0.25     0.00
  MONTH TO DATE    0.35                      0.10   0.25     0.00
  SINCE MAR 1      0.35                      0.10   0.25     0.00
  SINCE JAN 1      8.45                      4.83   3.62     5.04

SNOWFALL (IN)
  YESTERDAY        0.0
  MONTH TO DATE    0.0
  SINCE MAR 1      0.0
  SINCE JUL 1      0.0

DEGREE DAYS
 HEATING
  YESTERDAY        0                         3     -3        1
  MONTH TO DATE    0                         3     -3        1
  SINCE MAR 1      0                         3     -3        1
  SINCE JUL 1    470                       502    -32      365

 COOLING
  YESTERDAY        7                         3      4        0
  MONTH TO DATE    7                         3      4        0
  SINCE MAR 1      7                         3      4        0
  SINCE JAN 1     81                       107    -26      150
..................................................................


WIND (MPH)
  HIGHEST WIND SPEED    17   HIGHEST WIND DIRECTION    SE (140)
  HIGHEST GUST SPEED    20   HIGHEST GUST DIRECTION    SE (140)
  AVERAGE WIND SPEED     6.9


SKY COVER
  AVERAGE SKY COVER 0.7


WEATHER CONDITIONS
 THE FOLLOWING WEATHER WAS RECORDED YESTERDAY.
  HEAVY RAIN
  LIGHT RAIN
  FOG


RELATIVE HUMIDITY (PERCENT)
 HIGHEST   100           300 AM
 LOWEST     74           100 PM
 AVERAGE    87

..........................................................


THE ORLANDO  CLIMATE NORMALS FOR TODAY
                         NORMAL    RECORD    YEAR
 MAXIMUM TEMPERATURE (F)   76        90      1918
 MINIMUM TEMPERATURE (F)   54        28      1920


SUNRISE AND SUNSET
MARCH  2 2015.........SUNRISE   649 AM EST   SUNSET   626 PM EST
MARCH  3 2015.........SUNRISE   648 AM EST   SUNSET   626 PM EST


-  INDICATES NEGATIVE NUMBERS.
R  INDICATES RECORD WAS SET OR TIED.
MM INDICATES DATA IS MISSING.
T  INDICATES TRACE AMOUNT.




$$
