000
CDUS42 KMLB 010627
CLIMCO


CLIMATE REPORT
NATIONAL WEATHER SERVICE MELBOURNE FL
226 AM EDT WED JUN 1 2016


...................................

...THE ORLANDO  CLIMATE SUMMARY FOR MAY 31 2016...

CLIMATE NORMAL PERIOD 1981 TO 2010
CLIMATE RECORD PERIOD 1892 TO 2016


WEATHER ITEM   OBSERVED TIME   RECORD YEAR NORMAL DEPARTURE LAST
                VALUE   (LST)  VALUE       VALUE  FROM      YEAR
                                                  NORMAL
..................................................................
TEMPERATURE (F)
 YESTERDAY
  MAXIMUM         93    418 PM 102    1945  90      3       91
  MINIMUM         70    818 PM  56    1984  70      0       70
  AVERAGE         82                        80      2       81

PRECIPITATION (IN)
  YESTERDAY        1.07          1.88 2001   0.18   0.89     0.00
  MONTH TO DATE    6.17                      3.45   2.72     0.93
  SINCE MAR 1     12.75                      9.90   2.85     5.89
  SINCE JAN 1     20.09                     14.63   5.46    13.99

SNOWFALL (IN)
  YESTERDAY        0.0
  MONTH TO DATE    0.0
  SINCE MAR 1      0.0
  SINCE JUL 1      0.0

DEGREE DAYS
 HEATING
  YESTERDAY        0                         0      0        0
  MONTH TO DATE    0                         0      0        0
  SINCE MAR 1     16                        72    -56       16
  SINCE JUL 1    370                       571   -201      486

 COOLING
  YESTERDAY       17                        15      2       16
  MONTH TO DATE  394                       380     14      454
  SINCE MAR 1    853                       697    156     1106
  SINCE JAN 1    915                       801    114     1180
..................................................................


WIND (MPH)
  HIGHEST WIND SPEED    21   HIGHEST WIND DIRECTION     W (260)
  HIGHEST GUST SPEED    24   HIGHEST GUST DIRECTION    SW (240)
  AVERAGE WIND SPEED     4.7


SKY COVER
  AVERAGE SKY COVER 0.5


WEATHER CONDITIONS
 THE FOLLOWING WEATHER WAS RECORDED YESTERDAY.
  THUNDERSTORM
  HEAVY RAIN
  RAIN
  LIGHT RAIN
  FOG


RELATIVE HUMIDITY (PERCENT)
 HIGHEST   100           600 AM
 LOWEST     39           300 PM
 AVERAGE    70

..........................................................


THE ORLANDO  CLIMATE NORMALS FOR TODAY
                         NORMAL    RECORD    YEAR
 MAXIMUM TEMPERATURE (F)   90       100      1945
 MINIMUM TEMPERATURE (F)   70        53      1984


SUNRISE AND SUNSET
JUNE  1 2016..........SUNRISE   628 AM EDT   SUNSET   819 PM EDT
JUNE  2 2016..........SUNRISE   628 AM EDT   SUNSET   819 PM EDT


-  INDICATES NEGATIVE NUMBERS.
R  INDICATES RECORD WAS SET OR TIED.
MM INDICATES DATA IS MISSING.
T  INDICATES TRACE AMOUNT.




$$
