000
CDUS43 KDMX 250730
CLIMCW

CLIMATE REPORT
NATIONAL WEATHER SERVICE DES MOINES IA
226 AM CDT WED MAY 25 2016

...................................

...THE MASON CITY IA CLIMATE SUMMARY FOR MAY 24 2016...

CLIMATE NORMAL PERIOD 1981 TO 2010
CLIMATE RECORD PERIOD 1893 TO 2016

WEATHER ITEM   OBSERVED TIME   RECORD YEAR NORMAL DEPARTURE LAST
                VALUE   (LST)  VALUE       VALUE  FROM      YEAR
                                                  NORMAL
..................................................................
TEMPERATURE (F)
 YESTERDAY
  MAXIMUM         80    550 PM  92    2010  73      7       64
                                      1939
  MINIMUM         61   1159 PM  32    1930  50     11       59
  AVERAGE         71                        61     10       62

PRECIPITATION (IN)
  YESTERDAY        0.01          2.27 1914   0.16  -0.15     0.34
  MONTH TO DATE    1.76                      3.57  -1.81     2.79
  SINCE MAR 1      6.79                      9.55  -2.76     8.39
  SINCE JAN 1      8.03                     11.37  -3.34    10.46

SNOWFALL (IN)
  YESTERDAY        0.0          MM      MM   0.0    0.0      0.0
  MONTH TO DATE    0.0                       0.1   -0.1      0.0
  SINCE MAR 1      9.0                       8.8    0.2      4.2
  SINCE JUL 1     50.9                      41.3    9.6     40.0
  SNOW DEPTH       0

DEGREE DAYS
 HEATING
  YESTERDAY        0                         5     -5        3
  MONTH TO DATE  226                       204     22      179
  SINCE MAR 1   1526                      1753   -227     1594
  SINCE JUL 1   6625                      7604   -979     7657

 COOLING
  YESTERDAY        6                         1      5        0
  MONTH TO DATE   15                        16     -1       17
  SINCE MAR 1     19                        21     -2       17
  SINCE JAN 1     19                        21     -2       17
..................................................................

WIND (MPH)
  HIGHEST WIND SPEED    18   HIGHEST WIND DIRECTION    SW (210)
  HIGHEST GUST SPEED    25   HIGHEST GUST DIRECTION     S (200)
  AVERAGE WIND SPEED     5.4

SKY COVER
  POSSIBLE SUNSHINE  MM
  AVERAGE SKY COVER 0.2

WEATHER CONDITIONS
 THE FOLLOWING WEATHER WAS RECORDED YESTERDAY.
  LIGHT RAIN
  HAZE

RELATIVE HUMIDITY (PERCENT)
 HIGHEST   100           600 AM
 LOWEST     58           400 PM
 AVERAGE    79
..........................................................

THE MASON CITY IA CLIMATE NORMALS FOR TODAY
                         NORMAL    RECORD    YEAR
 MAXIMUM TEMPERATURE (F)   73        94      1978
 MINIMUM TEMPERATURE (F)   50        29      1925

SUNRISE AND SUNSET
MAY 25 2016...........SUNRISE   540 AM CDT   SUNSET   841 PM CDT
MAY 26 2016...........SUNRISE   540 AM CDT   SUNSET   842 PM CDT

-  INDICATES NEGATIVE NUMBERS.
R  INDICATES RECORD WAS SET OR TIED.
MM INDICATES DATA IS MISSING.
T  INDICATES TRACE AMOUNT.

$$

FAB
