000
CDUS43 KDMX 220649 RRB
CLIMCW

CLIMATE REPORT
NATIONAL WEATHER SERVICE DES MOINES IA
1246 AM CST SAT NOV 22 2014


...................................

...THE MASON CITY IA CLIMATE SUMMARY FOR NOVEMBER 21 2014...

CLIMATE NORMAL PERIOD 1981 TO 2010
CLIMATE RECORD PERIOD 1893 TO 2014


WEATHER ITEM   OBSERVED TIME   RECORD YEAR NORMAL DEPARTURE LAST
                VALUE   (LST)  VALUE       VALUE  FROM      YEAR
                                                  NORMAL
..................................................................
TEMPERATURE (F)
 YESTERDAY
  MAXIMUM         33   1159 PM  71    2012  39     -6       37
  MINIMUM         -3R   405 AM  -3    1937  21    -24       24
  AVERAGE         15                        30    -15       31

PRECIPITATION (IN)
  YESTERDAY        0.00          0.53 1979   0.06  -0.06     0.02
  MONTH TO DATE    0.13                      1.38  -1.25     1.42
  SINCE SEP 1      4.89                      7.10  -2.21     4.43
  SINCE JAN 1     33.54                     33.46   0.08    37.81

SNOWFALL (IN)
  YESTERDAY        0.0           5.0  1921   0.2   -0.2      0.3
  MONTH TO DATE    3.7                       2.3    1.4      1.3
  SINCE SEP 1      3.7                       2.7    1.0      1.3
  SINCE JUL 1      3.7                       2.7    1.0      1.3
  SNOW DEPTH       3

DEGREE DAYS
 HEATING
  YESTERDAY       50                        35     15       34
  MONTH TO DATE  804                       604    200      606
  SINCE SEP 1   1508                      1306    202     1226
  SINCE JUL 1   1529                      1342    187     1264

 COOLING
  YESTERDAY        0                         0      0        0
  MONTH TO DATE    0                         0      0        0
  SINCE SEP 1     33                        60    -27      126
  SINCE JAN 1    544                       616    -72      718
..................................................................


WIND (MPH)
  HIGHEST WIND SPEED    24   HIGHEST WIND DIRECTION     S (170)
  HIGHEST GUST SPEED    29   HIGHEST GUST DIRECTION     S (170)
  AVERAGE WIND SPEED    14.3


SKY COVER
  POSSIBLE SUNSHINE  MM
  AVERAGE SKY COVER 0.2


WEATHER CONDITIONS
 THE FOLLOWING WEATHER WAS RECORDED YESTERDAY.
  NO SIGNIFICANT WEATHER WAS OBSERVED.


RELATIVE HUMIDITY (PERCENT)
 HIGHEST    91          1200 AM
 LOWEST     68          1200 PM
 AVERAGE    80

..........................................................


THE MASON CITY IA CLIMATE NORMALS FOR TODAY
                         NORMAL    RECORD    YEAR
 MAXIMUM TEMPERATURE (F)   39        65      1966
 MINIMUM TEMPERATURE (F)   21        -5      1935


SUNRISE AND SUNSET
NOVEMBER 22 2014......SUNRISE   715 AM CST   SUNSET   444 PM CST
NOVEMBER 23 2014......SUNRISE   716 AM CST   SUNSET   443 PM CST


-  INDICATES NEGATIVE NUMBERS.
R  INDICATES RECORD WAS SET OR TIED.
MM INDICATES DATA IS MISSING.
T  INDICATES TRACE AMOUNT.




$$
