000
CDUS43 KDMX 190655 RRB
CLIMCW

CLIMATE REPORT
NATIONAL WEATHER SERVICE DES MOINES IA
153 AM CDT FRI SEP 19 2014


...................................

...THE MASON CITY IA CLIMATE SUMMARY FOR SEPTEMBER 18 2014...

CLIMATE NORMAL PERIOD 1981 TO 2010
CLIMATE RECORD PERIOD 1893 TO 2014


WEATHER ITEM   OBSERVED TIME   RECORD YEAR NORMAL DEPARTURE LAST
                VALUE   (LST)  VALUE       VALUE  FROM      YEAR
                                                  NORMAL
..................................................................
TEMPERATURE (F)
 YESTERDAY
  MAXIMUM         73    330 PM  92    1947  73      0       86
  MINIMUM         41    554 AM  26    1929  47     -6       62
  AVERAGE         57                        60     -3       74

PRECIPITATION (IN)
  YESTERDAY        0.00          2.52 1942   0.11  -0.11     0.29
  MONTH TO DATE    1.87                      2.01  -0.14     1.02
  SINCE SEP 1      1.87                      2.01  -0.14     1.02
  SINCE JAN 1     30.52                     28.37   2.15    34.40

SNOWFALL (IN)
  YESTERDAY        0.0           0.0  2002   0.0    0.0      0.0
  MONTH TO DATE    0.0                       0.0    0.0      0.0
  SINCE SEP 1      0.0                       0.0    0.0      0.0
  SINCE JUL 1      0.0                       0.0    0.0      0.0
  SNOW DEPTH       0

DEGREE DAYS
 HEATING
  YESTERDAY        8                         6      2        0
  MONTH TO DATE  132                        71     61       58
  SINCE SEP 1    132                        71     61       58
  SINCE JUL 1    153                       107     46       96

 COOLING
  YESTERDAY        0                         1     -1        9
  MONTH TO DATE   26                        43    -17      101
  SINCE SEP 1     26                        43    -17      101
  SINCE JAN 1    537                       599    -62      693
..................................................................


WIND (MPH)
  HIGHEST WIND SPEED    18   HIGHEST WIND DIRECTION     S (160)
  HIGHEST GUST SPEED    24   HIGHEST GUST DIRECTION     S (160)
  AVERAGE WIND SPEED     7.3


SKY COVER
  POSSIBLE SUNSHINE  MM
  AVERAGE SKY COVER 0.1


WEATHER CONDITIONS
 THE FOLLOWING WEATHER WAS RECORDED YESTERDAY.
  FOG
  FOG W/VISIBILITY <= 1/4 MILE


RELATIVE HUMIDITY (PERCENT)
 HIGHEST   100          1200 AM
 LOWEST     49           100 PM
 AVERAGE    75

..........................................................


THE MASON CITY IA CLIMATE NORMALS FOR TODAY
                         NORMAL    RECORD    YEAR
 MAXIMUM TEMPERATURE (F)   72        95      1948
 MINIMUM TEMPERATURE (F)   47        25      1894


SUNRISE AND SUNSET
SEPTEMBER 19 2014.....SUNRISE   657 AM CDT   SUNSET   716 PM CDT
SEPTEMBER 20 2014.....SUNRISE   658 AM CDT   SUNSET   714 PM CDT


-  INDICATES NEGATIVE NUMBERS.
R  INDICATES RECORD WAS SET OR TIED.
MM INDICATES DATA IS MISSING.
T  INDICATES TRACE AMOUNT.




$$
