000
CDUS41 KCTP 162119
CLIMDT


CLIMATE REPORT
NATIONAL WEATHER SERVICE STATE COLLEGE PA
519 PM EDT WED AUG 16 2017


...................................

...THE HARRISBURG PA CLIMATE SUMMARY FOR AUGUST 16 2017...
VALID TODAY AS OF 0500 PM LOCAL TIME.

CLIMATE NORMAL PERIOD 1981 TO 2010
CLIMATE RECORD PERIOD 1888 TO 2017


WEATHER ITEM   OBSERVED TIME   RECORD YEAR NORMAL DEPARTURE LAST
                VALUE   (LST)  VALUE       VALUE  FROM      YEAR
                                                  NORMAL
..................................................................
TEMPERATURE (F)
 TODAY
  MAXIMUM         86    323 PM  97    1997  84      2       93
                                      1965
  MINIMUM         68    411 AM  50    1963  65      3       74
  AVERAGE         77                        74      3       84

PRECIPITATION (IN)
  TODAY            0.00          1.76 2003   0.09  -0.09     0.18
  MONTH TO DATE    3.54                      1.69   1.85     1.64
  SINCE JUN 1     16.63                      9.90   6.73    11.20
  SINCE JAN 1     33.08                     25.43   7.65    28.39

DEGREE DAYS
 HEATING
  TODAY            0                         0      0        0
  MONTH TO DATE    0                         0      0        0
  SINCE JUN 1      7                        18    -11        5
  SINCE JUL 1      0                         0      0        0

 COOLING
  TODAY           12                         9      3       19
  MONTH TO DATE  139                       157    -18      246
  SINCE JUN 1    803                       708     95      967
  SINCE JAN 1    880                       773    107     1064
..................................................................


WIND (MPH)
  HIGHEST WIND SPEED    14   HIGHEST WIND DIRECTION    NW (310)
  HIGHEST GUST SPEED    19   HIGHEST GUST DIRECTION    NW (320)
  AVERAGE WIND SPEED     6.1


SKY COVER
  POSSIBLE SUNSHINE  MM
  AVERAGE SKY COVER 0.8


WEATHER CONDITIONS
 THE FOLLOWING WEATHER WAS RECORDED TODAY.
  FOG
  FOG W/VISIBILITY <= 1/4 MILE
  HAZE


RELATIVE HUMIDITY (PERCENT)
 HIGHEST   100           100 AM
 LOWEST     48           200 PM
 AVERAGE    74

..........................................................


THE HARRISBURG PA CLIMATE NORMALS FOR TOMORROW
                         NORMAL    RECORD    YEAR
 MAXIMUM TEMPERATURE (F)   84        97      1999
                                             1965
 MINIMUM TEMPERATURE (F)   65        48      1979


SUNRISE AND SUNSET
AUGUST 16 2017........SUNRISE   620 AM EDT   SUNSET   802 PM EDT
AUGUST 17 2017........SUNRISE   621 AM EDT   SUNSET   801 PM EDT


-  INDICATES NEGATIVE NUMBERS.
R  INDICATES RECORD WAS SET OR TIED.
MM INDICATES DATA IS MISSING.
T  INDICATES TRACE AMOUNT.




$$
