915
CDUS41 KCTP 240620
CLIMDT


CLIMATE REPORT
NATIONAL WEATHER SERVICE STATE COLLEGE PA
120 AM EST FRI FEB 24 2017


...................................

...THE HARRISBURG PA CLIMATE SUMMARY FOR FEBRUARY 23 2017...

CLIMATE NORMAL PERIOD 1981 TO 2010
CLIMATE RECORD PERIOD 1888 TO 2017


WEATHER ITEM   OBSERVED TIME   RECORD YEAR NORMAL DEPARTURE LAST
                VALUE   (LST)  VALUE       VALUE  FROM      YEAR
                                                  NORMAL
..................................................................
TEMPERATURE (F)
 YESTERDAY
  MAXIMUM         75R   402 PM  70    1985  43     32       39
                                      1943
  MINIMUM         37    117 AM   6    2015  27     10       32
                                      1964
                                      1907
  AVERAGE         56                        35     21       36

PRECIPITATION (IN)
  YESTERDAY        0.00          1.59 1981   0.08  -0.08     0.35
  MONTH TO DATE    1.21                      1.92  -0.71     3.45
  SINCE DEC 1      6.20                      8.03  -1.83    12.37
  SINCE JAN 1      3.84                      4.80  -0.96     8.08

SNOWFALL (IN)
  YESTERDAY        0.0           6.5  1914   0.4   -0.4       T
  MONTH TO DATE    3.6                       9.0   -5.4      7.1
  SINCE DEC 1      5.5                      22.9  -17.4     37.7
  SINCE JUL 1      5.5                      23.5  -18.0     37.7
  SNOW DEPTH       0

DEGREE DAYS
 HEATING
  YESTERDAY        9                        30    -21       29
  MONTH TO DATE  573                       753   -180      768
  SINCE DEC 1   2366                      2803   -437     2461
  SINCE JUL 1   3152                      3842   -690     3236

 COOLING
  YESTERDAY        0                         0      0        0
  MONTH TO DATE    0                         0      0        0
  SINCE DEC 1      0                         0      0        0
  SINCE JAN 1      0                         0      0        0
..................................................................


WIND (MPH)
  HIGHEST WIND SPEED    18   HIGHEST WIND DIRECTION     S (200)
  HIGHEST GUST SPEED    27   HIGHEST GUST DIRECTION    SW (220)
  AVERAGE WIND SPEED     5.7


SKY COVER
  POSSIBLE SUNSHINE  MM
  AVERAGE SKY COVER 0.7


WEATHER CONDITIONS
 THE FOLLOWING WEATHER WAS RECORDED YESTERDAY.
  FOG
  FOG W/VISIBILITY <= 1/4 MILE
  HAZE


RELATIVE HUMIDITY (PERCENT)
 HIGHEST   100          1200 AM
 LOWEST     46           300 PM
 AVERAGE    73

..........................................................


THE HARRISBURG PA CLIMATE NORMALS FOR TODAY
                         NORMAL    RECORD    YEAR
 MAXIMUM TEMPERATURE (F)   43        75      1985
 MINIMUM TEMPERATURE (F)   27        -4      2015


SUNRISE AND SUNSET
FEBRUARY 24 2017......SUNRISE   648 AM EST   SUNSET   553 PM EST
FEBRUARY 25 2017......SUNRISE   646 AM EST   SUNSET   555 PM EST


-  INDICATES NEGATIVE NUMBERS.
R  INDICATES RECORD WAS SET OR TIED.
MM INDICATES DATA IS MISSING.
T  INDICATES TRACE AMOUNT.




$$
