000
CDUS41 KCTP 060642
CLIMDT


CLIMATE REPORT
NATIONAL WEATHER SERVICE STATE COLLEGE PA
142 AM EST FRI MAR 6 2015


...................................

...THE HARRISBURG PA CLIMATE SUMMARY FOR MARCH 5 2015...

CLIMATE NORMAL PERIOD 1981 TO 2010
CLIMATE RECORD PERIOD 1888 TO 2015


WEATHER ITEM   OBSERVED TIME   RECORD YEAR NORMAL DEPARTURE LAST
                VALUE   (LST)  VALUE       VALUE  FROM      YEAR
                                                  NORMAL
..................................................................
TEMPERATURE (F)
 YESTERDAY
  MAXIMUM         35    401 AM  74    1946  46    -11       39
  MINIMUM         16   1008 PM  10    1978  30    -14       17
  AVERAGE         26                        38    -12       28

PRECIPITATION (IN)
  YESTERDAY        0.54          1.76 2008   0.09   0.45     0.00
  MONTH TO DATE    1.37                      0.45   0.92     0.11
  SINCE MAR 1      1.37                      0.45   0.92     0.11
  SINCE JAN 1      4.96                      5.72  -0.76     6.82

SNOWFALL (IN)
  YESTERDAY        6.3          13.0  1902   0.3    6.0      0.0
  MONTH TO DATE    9.7                       1.3    8.4      0.3
  SINCE MAR 1      9.7                       1.3    8.4      0.3
  SINCE JUL 1     37.1                      26.3   10.8     42.9
  SNOW DEPTH       2

DEGREE DAYS
 HEATING
  YESTERDAY       39                        27     12       37
  MONTH TO DATE  185                       138     47      195
  SINCE MAR 1    185                       138     47      195
  SINCE JUL 1   4488                      4126    362     4539

 COOLING
  YESTERDAY        0                         0      0        0
  MONTH TO DATE    0                         0      0        0
  SINCE MAR 1      0                         0      0        0
  SINCE JAN 1      0                         0      0        0
..................................................................


WIND (MPH)
  HIGHEST WIND SPEED    21   HIGHEST WIND DIRECTION     N (350)
  HIGHEST GUST SPEED    28   HIGHEST GUST DIRECTION     N (340)
  AVERAGE WIND SPEED     8.3


SKY COVER
  POSSIBLE SUNSHINE  MM
  AVERAGE SKY COVER 0.8


WEATHER CONDITIONS
 THE FOLLOWING WEATHER WAS RECORDED YESTERDAY.
  MIXED PRECIP
  RAIN
  HEAVY SNOW
  SNOW
  LIGHT SNOW
  SLEET
  FOG
  FOG W/VISIBILITY <= 1/4 MILE


RELATIVE HUMIDITY (PERCENT)
 HIGHEST   100           900 AM
 LOWEST     49          1100 PM
 AVERAGE    75

..........................................................


THE HARRISBURG PA CLIMATE NORMALS FOR TODAY
                         NORMAL    RECORD    YEAR
 MAXIMUM TEMPERATURE (F)   47        72      1946
 MINIMUM TEMPERATURE (F)   30         7      1901


SUNRISE AND SUNSET
MARCH  6 2015.........SUNRISE   633 AM EST   SUNSET   604 PM EST
MARCH  7 2015.........SUNRISE   632 AM EST   SUNSET   605 PM EST


-  INDICATES NEGATIVE NUMBERS.
R  INDICATES RECORD WAS SET OR TIED.
MM INDICATES DATA IS MISSING.
T  INDICATES TRACE AMOUNT.




$$
