000
CDUS41 KCTP 010700
CLIMDT


CLIMATE REPORT
NATIONAL WEATHER SERVICE STATE COLLEGE PA
259 AM EDT WED JUL 1 2015


...................................

...THE HARRISBURG PA CLIMATE SUMMARY FOR JUNE 30 2015...

CLIMATE NORMAL PERIOD 1981 TO 2010
CLIMATE RECORD PERIOD 1888 TO 2015


WEATHER ITEM   OBSERVED TIME   RECORD YEAR NORMAL DEPARTURE LAST
                VALUE   (LST)  VALUE       VALUE  FROM      YEAR
                                                  NORMAL
..................................................................
TEMPERATURE (F)
 YESTERDAY
  MAXIMUM         84    153 PM  97    1991  85     -1       88
                                      1964
                                      1901
  MINIMUM         67    434 AM  49    1988  65      2       70
  AVERAGE         76                        75      1       79

PRECIPITATION (IN)
  YESTERDAY        0.08          1.38 1904   0.13  -0.05      T
  MONTH TO DATE    6.84                      3.60   3.24     3.78
  SINCE JUN 1      6.84                      3.60   3.24     3.78
  SINCE JAN 1     19.58                     19.13   0.45    25.42

DEGREE DAYS
 HEATING
  YESTERDAY        0                         0      0        0
  MONTH TO DATE   13                        17     -4        1
  SINCE JUN 1     13                        18     -5        1
  SINCE JUL 1   5600                      5269    331     5726

 COOLING
  YESTERDAY       11                        10      1       14
  MONTH TO DATE  261                       213     48      247
  SINCE JUN 1    261                       213     48      247
  SINCE JAN 1    435                       278    157      307
..................................................................


WIND (MPH)
  HIGHEST WIND SPEED    17   HIGHEST WIND DIRECTION    SW (220)
  HIGHEST GUST SPEED    26   HIGHEST GUST DIRECTION    SW (220)
  AVERAGE WIND SPEED     5.1


SKY COVER
  POSSIBLE SUNSHINE  MM
  AVERAGE SKY COVER 0.8


WEATHER CONDITIONS
 THE FOLLOWING WEATHER WAS RECORDED YESTERDAY.
  THUNDERSTORM
  RAIN
  LIGHT RAIN
  FOG
  HAZE


RELATIVE HUMIDITY (PERCENT)
 HIGHEST    87           800 PM
 LOWEST     58           100 PM
 AVERAGE    73

..........................................................


THE HARRISBURG PA CLIMATE NORMALS FOR TODAY
                         NORMAL    RECORD    YEAR
 MAXIMUM TEMPERATURE (F)   85       100      1931
                                             1901
 MINIMUM TEMPERATURE (F)   66        50      1943


SUNRISE AND SUNSET
JULY  1 2015..........SUNRISE   541 AM EDT   SUNSET   840 PM EDT
JULY  2 2015..........SUNRISE   542 AM EDT   SUNSET   840 PM EDT


-  INDICATES NEGATIVE NUMBERS.
R  INDICATES RECORD WAS SET OR TIED.
MM INDICATES DATA IS MISSING.
T  INDICATES TRACE AMOUNT.




$$
