000
CDUS43 KLOT 060647
CLIMDW


CLIMATE REPORT
NATIONAL WEATHER SERVICE CHICAGO IL
143 AM CDT FRI MAY 6 2016


...................................

...THE CHICAGO-MIDWAY CLIMATE SUMMARY FOR MAY 5 2016...

CLIMATE NORMAL PERIOD 1981 TO 2010
CLIMATE RECORD PERIOD 1928 TO 2016


WEATHER ITEM   OBSERVED TIME   RECORD YEAR NORMAL DEPARTURE LAST
                VALUE   (LST)  VALUE       VALUE  FROM      YEAR
                                                  NORMAL
..................................................................
TEMPERATURE (F)
 YESTERDAY
  MAXIMUM         61    101 PM  94    1949  67     -6       60
  MINIMUM         42    456 AM  34    1954  48     -6       51
                                      1944
                                      1929
  AVERAGE         52                        58     -6       56

PRECIPITATION (IN)
  YESTERDAY        T             0.83 1991   0.13  -0.13     0.79
  MONTH TO DATE    0.78                      0.62   0.16     0.99
  SINCE MAR 1      6.16                      6.98  -0.82     4.41
  SINCE JAN 1      6.94                     10.98  -4.04     5.75

DEGREE DAYS
 HEATING
  YESTERDAY       13                         8      5        9
  MONTH TO DATE   67                        45     22       21
  SINCE MAR 1   1124                      1305   -181     1217
  SINCE JUL 1   4762                      5816  -1054     5939

 COOLING
  YESTERDAY        0                         1     -1        0
  MONTH TO DATE    0                         5     -5        8
  SINCE MAR 1     13                        18     -5        8
  SINCE JAN 1     13                        18     -5        8
..................................................................


WIND (MPH)
  RESULTANT WIND SPEED  10   RESULTANT WIND DIRECTION   N (20)
  HIGHEST WIND SPEED    28   HIGHEST WIND DIRECTION     N (10)
  HIGHEST GUST SPEED    33   HIGHEST GUST DIRECTION     N (360)
  AVERAGE WIND SPEED    10.6



WEATHER CONDITIONS
 THE FOLLOWING WEATHER WAS RECORDED YESTERDAY.
  LIGHT RAIN


..........................................................


THE CHICAGO-MIDWAY CLIMATE NORMALS FOR TODAY
                         NORMAL    RECORD    YEAR
 MAXIMUM TEMPERATURE (F)   67        93      1934
 MINIMUM TEMPERATURE (F)   49        34      1989
                                             1978


SUNRISE AND SUNSET
MAY  6 2016...........SUNRISE   540 AM CDT   SUNSET   755 PM CDT
MAY  7 2016...........SUNRISE   539 AM CDT   SUNSET   756 PM CDT


-  INDICATES NEGATIVE NUMBERS.
R  INDICATES RECORD WAS SET OR TIED.
MM INDICATES DATA IS MISSING.
T  INDICATES TRACE AMOUNT.




$$
