000
CDUS43 KLOT 060634
CLIMDW


CLIMATE REPORT
NATIONAL WEATHER SERVICE CHICAGO IL
1233 AM CST FRI MAR 6 2015


...................................

...THE CHICAGO-MIDWAY CLIMATE SUMMARY FOR MARCH 5 2015...

CLIMATE NORMAL PERIOD 1981 TO 2010
CLIMATE RECORD PERIOD 1928 TO 2015


WEATHER ITEM   OBSERVED TIME   RECORD YEAR NORMAL DEPARTURE LAST
                VALUE   (LST)  VALUE       VALUE  FROM      YEAR
                                                  NORMAL
..................................................................
TEMPERATURE (F)
 YESTERDAY
  MAXIMUM         19    340 PM  76    1983  42    -23       24
  MINIMUM          8   1156 PM   0    1978  27    -19       20
  AVERAGE         14                        35    -21       22

PRECIPITATION (IN)
  YESTERDAY        0.00          0.99 1946   0.09  -0.09    MM
  MONTH TO DATE    0.11                      0.43  -0.32      T
  SINCE MAR 1      0.11                      0.43  -0.32      T
  SINCE JAN 1      1.45                      4.43  -2.98     2.49

DEGREE DAYS
 HEATING
  YESTERDAY       51                        30     21       43
  MONTH TO DATE  207                       155     52      239
  SINCE MAR 1    207                       155     52      239
  SINCE JUL 1   4929                      4666    263     5441

 COOLING
  YESTERDAY        0                         0      0        0
  MONTH TO DATE    0                         0      0        0
  SINCE MAR 1      0                         0      0        0
  SINCE JAN 1      0                         0      0        0
..................................................................


WIND (MPH)
  RESULTANT WIND SPEED   8   RESULTANT WIND DIRECTION  NW (310)
  HIGHEST WIND SPEED    16   HIGHEST WIND DIRECTION    NW (330)
  HIGHEST GUST SPEED    26   HIGHEST GUST DIRECTION     W (290)
  AVERAGE WIND SPEED     9.5



WEATHER CONDITIONS
 THE FOLLOWING WEATHER WAS RECORDED YESTERDAY.
  NO SIGNIFICANT WEATHER WAS OBSERVED.


..........................................................


THE CHICAGO-MIDWAY CLIMATE NORMALS FOR TODAY
                         NORMAL    RECORD    YEAR
 MAXIMUM TEMPERATURE (F)   43        71      1983
 MINIMUM TEMPERATURE (F)   28         2      1960


SUNRISE AND SUNSET
MARCH  6 2015.........SUNRISE   618 AM CST   SUNSET   547 PM CST
MARCH  7 2015.........SUNRISE   617 AM CST   SUNSET   548 PM CST


-  INDICATES NEGATIVE NUMBERS.
R  INDICATES RECORD WAS SET OR TIED.
MM INDICATES DATA IS MISSING.
T  INDICATES TRACE AMOUNT.




$$
