000
CDUS43 KLOT 030647
CLIMDW


CLIMATE REPORT
NATIONAL WEATHER SERVICE CHICAGO IL
147 AM CDT MON AUG 3 2015


...................................

...THE CHICAGO-MIDWAY CLIMATE SUMMARY FOR AUGUST 2 2015...

CLIMATE NORMAL PERIOD 1981 TO 2010
CLIMATE RECORD PERIOD 1928 TO 2015


WEATHER ITEM   OBSERVED TIME   RECORD YEAR NORMAL DEPARTURE LAST
                VALUE   (LST)  VALUE       VALUE  FROM      YEAR
                                                  NORMAL
..................................................................
TEMPERATURE (F)
 YESTERDAY
  MAXIMUM         95    122 PM 102    1991  83     12       84
  MINIMUM         68   1028 PM  56    1965  67      1       63
  AVERAGE         82                        75      7       74

PRECIPITATION (IN)
  YESTERDAY        1.06          3.58 2001   0.14   0.92     0.00
  MONTH TO DATE    1.06                      0.29   0.77     0.21
  SINCE JUN 1      6.27                      8.36  -2.09    13.11
  SINCE JAN 1     15.16                     22.85  -7.69    24.40

DEGREE DAYS
 HEATING
  YESTERDAY        0                         0      0        0
  MONTH TO DATE    0                         0      0        0
  SINCE JUN 1     24                        32     -8        3
  SINCE JUL 1      4                         1      3        1

 COOLING
  YESTERDAY       17                        10      7        9
  MONTH TO DATE   30                        20     10       19
  SINCE JUN 1    541                       568    -27      509
  SINCE JAN 1    647                       642      5      620
..................................................................


WIND (MPH)
  RESULTANT WIND SPEED  16   RESULTANT WIND DIRECTION  SW (230)
  HIGHEST WIND SPEED    36   HIGHEST WIND DIRECTION     N (350)
  HIGHEST GUST SPEED    39   HIGHEST GUST DIRECTION     N (340)
  AVERAGE WIND SPEED    15.5



WEATHER CONDITIONS
 THE FOLLOWING WEATHER WAS RECORDED YESTERDAY.
  THUNDERSTORM
  HEAVY RAIN
  RAIN
  LIGHT RAIN
  FOG


..........................................................


THE CHICAGO-MIDWAY CLIMATE NORMALS FOR TODAY
                         NORMAL    RECORD    YEAR
 MAXIMUM TEMPERATURE (F)   83       101      1930
 MINIMUM TEMPERATURE (F)   67        52      1950


SUNRISE AND SUNSET
AUGUST  3 2015........SUNRISE   547 AM CDT   SUNSET   807 PM CDT
AUGUST  4 2015........SUNRISE   548 AM CDT   SUNSET   806 PM CDT


-  INDICATES NEGATIVE NUMBERS.
R  INDICATES RECORD WAS SET OR TIED.
MM INDICATES DATA IS MISSING.
T  INDICATES TRACE AMOUNT.




$$
