000
CDUS43 KLOT 220633
CLIMDW


CLIMATE REPORT
NATIONAL WEATHER SERVICE CHICAGO IL
1232 AM CST WED FEB 22 2017


...................................

...THE CHICAGO-MIDWAY CLIMATE SUMMARY FOR FEBRUARY 21 2017...

CLIMATE NORMAL PERIOD 1981 TO 2010
CLIMATE RECORD PERIOD 1928 TO 2017


WEATHER ITEM   OBSERVED TIME   RECORD YEAR NORMAL DEPARTURE LAST
                VALUE   (LST)  VALUE       VALUE  FROM      YEAR
                                                  NORMAL
..................................................................
TEMPERATURE (F)
 YESTERDAY
  MAXIMUM         65    401 PM  66    1930  38     27       44
  MINIMUM         53   1147 PM  -6    1963  23     30       35
  AVERAGE         59                        31     28       40

PRECIPITATION (IN)
  YESTERDAY        0.13          3.25 1997   0.07   0.06     0.00
  MONTH TO DATE    0.68                      1.35  -0.67     0.04
  SINCE DEC 1      4.64                      5.98  -1.34     6.09
  SINCE JAN 1      3.39                      3.41  -0.02     0.69

DEGREE DAYS
 HEATING
  YESTERDAY        6                        34    -28       25
  MONTH TO DATE  557                       782   -225      730
  SINCE DEC 1   2789                      3143   -354     2623
  SINCE JUL 1   3501                      4278   -777     3433

 COOLING
  YESTERDAY        0                         0      0        0
  MONTH TO DATE    0                         0      0        0
  SINCE DEC 1      0                         0      0        0
  SINCE JAN 1      0                         0      0        0
..................................................................


WIND (MPH)
  RESULTANT WIND SPEED   6   RESULTANT WIND DIRECTION  SW (210)
  HIGHEST WIND SPEED    16   HIGHEST WIND DIRECTION     S (170)
  HIGHEST GUST SPEED    22   HIGHEST GUST DIRECTION     S (170)
  AVERAGE WIND SPEED     7.1



WEATHER CONDITIONS
 THE FOLLOWING WEATHER WAS RECORDED YESTERDAY.
  LIGHT RAIN
  FOG
  HAZE


..........................................................


THE CHICAGO-MIDWAY CLIMATE NORMALS FOR TODAY
                         NORMAL    RECORD    YEAR
 MAXIMUM TEMPERATURE (F)   38        63      1984
 MINIMUM TEMPERATURE (F)   24        -7      1963


SUNRISE AND SUNSET
FEBRUARY 22 2017......SUNRISE   636 AM CST   SUNSET   533 PM CST
FEBRUARY 23 2017......SUNRISE   635 AM CST   SUNSET   534 PM CST


-  INDICATES NEGATIVE NUMBERS.
R  INDICATES RECORD WAS SET OR TIED.
MM INDICATES DATA IS MISSING.
T  INDICATES TRACE AMOUNT.




$$
