000
CDUS43 KLOT 030632
CLIMDW


CLIMATE REPORT
NATIONAL WEATHER SERVICE CHICAGO IL
132 AM CDT THU SEP 3 2015


...................................

...THE CHICAGO-MIDWAY CLIMATE SUMMARY FOR SEPTEMBER 2 2015...

CLIMATE NORMAL PERIOD 1981 TO 2010
CLIMATE RECORD PERIOD 1928 TO 2015


WEATHER ITEM   OBSERVED TIME   RECORD YEAR NORMAL DEPARTURE LAST
                VALUE   (LST)  VALUE       VALUE  FROM      YEAR
                                                  NORMAL
..................................................................
TEMPERATURE (F)
 YESTERDAY
  MAXIMUM         92    337 PM 101    1953  80     12       85
  MINIMUM         73    516 AM  44    1946  63     10       69
  AVERAGE         83                        72     11       77

PRECIPITATION (IN)
  YESTERDAY        0.00          1.37 1934   0.12  -0.12     0.00
  MONTH TO DATE    0.00                      0.24  -0.24      T
  SINCE SEP 1      0.00                      0.24  -0.24      T
  SINCE JAN 1     17.56                     26.79  -9.23    33.50

DEGREE DAYS
 HEATING
  YESTERDAY        0                         1     -1        0
  MONTH TO DATE    0                         2     -2        0
  SINCE SEP 1      0                         2     -2        0
  SINCE JUL 1      6                         7     -1        1

 COOLING
  YESTERDAY       18                         7     11       12
  MONTH TO DATE   35                        14     21       27
  SINCE SEP 1     35                        14     21       27
  SINCE JAN 1    948                       924     24      959
..................................................................


WIND (MPH)
  RESULTANT WIND SPEED   7   RESULTANT WIND DIRECTION  SW (230)
  HIGHEST WIND SPEED    17   HIGHEST WIND DIRECTION    SW (240)
  HIGHEST GUST SPEED    21   HIGHEST GUST DIRECTION    SW (230)
  AVERAGE WIND SPEED     7.8



WEATHER CONDITIONS
 THE FOLLOWING WEATHER WAS RECORDED YESTERDAY.
  NO SIGNIFICANT WEATHER WAS OBSERVED.


..........................................................


THE CHICAGO-MIDWAY CLIMATE NORMALS FOR TODAY
                         NORMAL    RECORD    YEAR
 MAXIMUM TEMPERATURE (F)   80        97      1953
 MINIMUM TEMPERATURE (F)   63        47      1974


SUNRISE AND SUNSET
SEPTEMBER  3 2015.....SUNRISE   619 AM CDT   SUNSET   721 PM CDT
SEPTEMBER  4 2015.....SUNRISE   620 AM CDT   SUNSET   720 PM CDT


-  INDICATES NEGATIVE NUMBERS.
R  INDICATES RECORD WAS SET OR TIED.
MM INDICATES DATA IS MISSING.
T  INDICATES TRACE AMOUNT.




$$
