000
CDUS44 KMEG 180633
CLIMEG


CLIMATE REPORT
NATIONAL WEATHER SERVICE MEMPHIS TN
133 AM CDT THU SEP 18 2014


...................................

...THE MEMPHIS/GERMANTOWN WFO CLIMATE SUMMARY FOR SEPTEMBER 17 2014...

CLIMATE NORMAL PERIOD 1981 TO 2010
CLIMATE RECORD PERIOD 1988 TO 2014


WEATHER ITEM   OBSERVED TIME   RECORD YEAR NORMAL DEPARTURE LAST
                VALUE   (LST)  VALUE       VALUE  FROM      YEAR
                                                  NORMAL
..................................................................
TEMPERATURE (F)
 YESTERDAY
  MAXIMUM         74    400 PM  92    1991  84    -10       91
  MINIMUM         60    600 AM  48    2000  61     -1       66
  AVERAGE         67                        73     -6       79

PRECIPITATION (IN)
  YESTERDAY        0.00          2.02 1988   0.11  -0.11     0.00
  MONTH TO DATE    5.08                      1.78   3.30     0.91
  SINCE SEP 1      5.08                      1.78   3.30     0.91
  SINCE JAN 1     48.04                     37.79  10.25    49.27

SNOWFALL (IN)
  YESTERDAY        0.0          MM      MM   0.0    0.0      0.0
  MONTH TO DATE    0.0                       0.0    0.0      0.0
  SINCE SEP 1      0.0                       0.0    0.0      0.0
  SINCE JUL 1      0.0                       0.0    0.0      0.0
  SNOW DEPTH       0

DEGREE DAYS
 HEATING
  YESTERDAY        0                         0      0        0
  MONTH TO DATE    5                         0      5        0
  SINCE SEP 1      5                         0      5        0
  SINCE JUL 1      5                         0      5        0

 COOLING
  YESTERDAY        2                         8     -6       14
  MONTH TO DATE  187                       180      7      226
  SINCE SEP 1    187                       180      7      226
  SINCE JAN 1   1768                      1775     -7     1774
..................................................................







THE MEMPHIS/GERMANTOWN WFO CLIMATE NORMALS FOR TODAY
                         NORMAL    RECORD    YEAR
 MAXIMUM TEMPERATURE (F)   84        97      2010
 MINIMUM TEMPERATURE (F)   61        50      1993


SUNRISE AND SUNSET
SEPTEMBER 18 2014.....SUNRISE   644 AM CDT   SUNSET   702 PM CDT
SEPTEMBER 19 2014.....SUNRISE   645 AM CDT   SUNSET   700 PM CDT


-  INDICATES NEGATIVE NUMBERS.
R  INDICATES RECORD WAS SET OR TIED.
MM INDICATES DATA IS MISSING.
T  INDICATES TRACE AMOUNT.




$$
