000
CDUS44 KMEG 110733
CLIMEG


CLIMATE REPORT
NATIONAL WEATHER SERVICE MEMPHIS TN
132 AM CST THU FEB 11 2016


...................................

...THE MEMPHIS/GERMANTOWN WFO CLIMATE SUMMARY FOR FEBRUARY 10 2016...

CLIMATE NORMAL PERIOD 1981 TO 2010
CLIMATE RECORD PERIOD 1988 TO 2016


WEATHER ITEM   OBSERVED TIME   RECORD YEAR NORMAL DEPARTURE LAST
                VALUE   (LST)  VALUE       VALUE  FROM      YEAR
                                                  NORMAL
..................................................................
TEMPERATURE (F)
 YESTERDAY
  MAXIMUM         42    400 PM  73    1999  52    -10       49
  MINIMUM         23    700 AM  10    2011  32     -9       30
  AVERAGE         33                        42     -9       40

PRECIPITATION (IN)
  YESTERDAY        0.00          1.82 1990   0.16  -0.16     0.00
  MONTH TO DATE    1.98                      1.62   0.36     0.77
  SINCE DEC 1     10.27                     11.52  -1.25     4.68
  SINCE JAN 1      4.72                      5.58  -0.86     2.11

SNOWFALL (IN)
  YESTERDAY        0.0           2.8  2006   0.0    0.0      0.0
  MONTH TO DATE    T                         0.4   -0.4       T
  SINCE DEC 1      0.9                       0.8    0.1       T
  SINCE JUL 1      0.9                       0.8    0.1      0.3
  SNOW DEPTH       0

DEGREE DAYS
 HEATING
  YESTERDAY       32                        23      9       25
  MONTH TO DATE  212                       241    -29      235
  SINCE DEC 1   1385                      1771   -386     1629
  SINCE JUL 1   1766                      2370   -604     2308

 COOLING
  YESTERDAY        0                         0      0        0
  MONTH TO DATE    0                         0      0        0
  SINCE DEC 1     13                         1     12        0
  SINCE JAN 1      0                         0      0        0
..................................................................







THE MEMPHIS/GERMANTOWN WFO CLIMATE NORMALS FOR TODAY
                         NORMAL    RECORD    YEAR
 MAXIMUM TEMPERATURE (F)   52        71      1999
 MINIMUM TEMPERATURE (F)   32        10      2011


SUNRISE AND SUNSET
FEBRUARY 11 2016......SUNRISE   650 AM CST   SUNSET   537 PM CST
FEBRUARY 12 2016......SUNRISE   649 AM CST   SUNSET   538 PM CST


-  INDICATES NEGATIVE NUMBERS.
R  INDICATES RECORD WAS SET OR TIED.
MM INDICATES DATA IS MISSING.
T  INDICATES TRACE AMOUNT.




$$
