000
CDUS44 KMEG 310637
CLIMEG


CLIMATE REPORT
NATIONAL WEATHER SERVICE MEMPHIS TN
137 AM CDT THU JUL 31 2014


...................................

...THE MEMPHIS/GERMANTOWN WFO CLIMATE SUMMARY FOR JULY 30 2014...

CLIMATE NORMAL PERIOD 1981 TO 2010
CLIMATE RECORD PERIOD 1988 TO 2014


WEATHER ITEM   OBSERVED TIME   RECORD YEAR NORMAL DEPARTURE LAST
                VALUE   (LST)  VALUE       VALUE  FROM      YEAR
                                                  NORMAL
..................................................................
TEMPERATURE (F)
 YESTERDAY
  MAXIMUM         86        MM 100    2012  91     -5       85
  MINIMUM         58R       MM  61    1994  71    -13       73
  AVERAGE         72                        81     -9       79

PRECIPITATION (IN)
  YESTERDAY        T             2.19 2009   0.14  -0.14     0.01
  MONTH TO DATE    2.95                      4.42  -1.47     5.85
  SINCE JUN 1     16.04                      8.10   7.94     9.72
  SINCE JAN 1     41.62                     32.59   9.03    46.06

SNOWFALL (IN)
  YESTERDAY        0.0          MM      MM   0.0    0.0      0.0
  MONTH TO DATE    0.0                       0.0    0.0      0.0
  SINCE JUN 1      0.0                       0.0    0.0      0.0
  SINCE JUL 1      0.0                       0.0    0.0      0.0
  SNOW DEPTH       0

DEGREE DAYS
 HEATING
  YESTERDAY        0                         0      0        0
  MONTH TO DATE    0                         0      0        0
  SINCE JUN 1      0                         2     -2        0
  SINCE JUL 1      0                         0      0        0

 COOLING
  YESTERDAY        7                        16     -9       14
  MONTH TO DATE  347                       478   -131      415
  SINCE JUN 1    764                       859    -95      823
  SINCE JAN 1   1063                      1110    -47     1083
..................................................................







THE MEMPHIS/GERMANTOWN WFO CLIMATE NORMALS FOR TODAY
                         NORMAL    RECORD    YEAR
 MAXIMUM TEMPERATURE (F)   91       100      2006
 MINIMUM TEMPERATURE (F)   71        62      1994


SUNRISE AND SUNSET
JULY 31 2014..........SUNRISE   608 AM CDT   SUNSET   803 PM CDT
AUGUST  1 2014........SUNRISE   608 AM CDT   SUNSET   802 PM CDT


-  INDICATES NEGATIVE NUMBERS.
R  INDICATES RECORD WAS SET OR TIED.
MM INDICATES DATA IS MISSING.
T  INDICATES TRACE AMOUNT.




$$
