000
CDUS44 KMEG 090737
CLIMEG


CLIMATE REPORT
NATIONAL WEATHER SERVICE MEMPHIS TN
136 AM CST FRI DEC 9 2016


...................................

...THE MEMPHIS/GERMANTOWN WFO CLIMATE SUMMARY FOR DECEMBER 8 2016...

CLIMATE NORMAL PERIOD 1981 TO 2010
CLIMATE RECORD PERIOD 1988 TO 2016


WEATHER ITEM   OBSERVED TIME   RECORD YEAR NORMAL DEPARTURE LAST
                VALUE   (LST)  VALUE       VALUE  FROM      YEAR
                                                  NORMAL
..................................................................
TEMPERATURE (F)
 YESTERDAY
  MAXIMUM         40   1200 AM  75    2007  53    -13       66
  MINIMUM         26   1145 PM  13    2006  33     -7       35
  AVERAGE         33                        43    -10       51

PRECIPITATION (IN)
  YESTERDAY        0.00          2.74 2009   0.21  -0.21     0.00
  MONTH TO DATE    1.68                      1.62   0.06     0.10
  SINCE DEC 1      1.68                      1.62   0.06     0.10
  SINCE JAN 1     58.24                     50.57   7.67    48.49

SNOWFALL (IN)
  YESTERDAY        0.0          MM      MM   0.0    0.0      0.0
  MONTH TO DATE    0.0                       0.0    0.0      0.0
  SINCE DEC 1      0.0                       0.0    0.0      0.0
  SINCE JUL 1      0.0                       0.0    0.0      0.0
  SNOW DEPTH       0

DEGREE DAYS
 HEATING
  YESTERDAY       32                        22     10       14
  MONTH TO DATE  171                       164      7      150
  SINCE DEC 1    171                       164      7      150
  SINCE JUL 1    493                       763   -270      531

 COOLING
  YESTERDAY        0                         0      0        0
  MONTH TO DATE    0                         0      0        0
  SINCE DEC 1      0                         0      0        0
  SINCE JAN 1   2423                      1926    497     2138
..................................................................







THE MEMPHIS/GERMANTOWN WFO CLIMATE NORMALS FOR TODAY
                         NORMAL    RECORD    YEAR
 MAXIMUM TEMPERATURE (F)   53        76      2007
 MINIMUM TEMPERATURE (F)   33        16      2005


SUNRISE AND SUNSET
DECEMBER  9 2016......SUNRISE   656 AM CST   SUNSET   447 PM CST
DECEMBER 10 2016......SUNRISE   657 AM CST   SUNSET   447 PM CST


-  INDICATES NEGATIVE NUMBERS.
R  INDICATES RECORD WAS SET OR TIED.
MM INDICATES DATA IS MISSING.
T  INDICATES TRACE AMOUNT.




$$
