000
CDUS44 KMEG 220641
CLIMEG


CLIMATE REPORT
NATIONAL WEATHER SERVICE MEMPHIS TN
141 AM CDT TUE AUG 22 2017


...................................

...THE MEMPHIS/GERMANTOWN WFO CLIMATE SUMMARY FOR AUGUST 21 2017...

CLIMATE NORMAL PERIOD 1981 TO 2010
CLIMATE RECORD PERIOD 1988 TO 2017


WEATHER ITEM   OBSERVED TIME   RECORD YEAR NORMAL DEPARTURE LAST
                VALUE   (LST)  VALUE       VALUE  FROM      YEAR
                                                  NORMAL
..................................................................
TEMPERATURE (F)
 YESTERDAY
  MAXIMUM         95    429 PM 100    2005  91      4       84
  MINIMUM         75    321 AM  59    1991  69      6       66
  AVERAGE         85                        80      5       75

PRECIPITATION (IN)
  YESTERDAY        T             0.83 1994   0.10  -0.10     0.28
  MONTH TO DATE    2.18                      2.36  -0.18     3.67
  SINCE JUN 1     11.89                     10.58   1.31    13.76
  SINCE JAN 1     32.80                     35.07  -2.27    50.21

SNOWFALL (IN)
  YESTERDAY        0.0          MM      MM                   0.0
  MONTH TO DATE    0.0                                       0.0
  SINCE JUN 1      0.0                                       0.0
  SINCE JUL 1      0.0                                       0.0
  SNOW DEPTH       0

DEGREE DAYS
 HEATING
  YESTERDAY        0                         0      0        0
  MONTH TO DATE    0                         0      0        0
  SINCE JUN 1      0                         2     -2        0
  SINCE JUL 1      0                         0      0        0

 COOLING
  YESTERDAY       20                        15      5       10
  MONTH TO DATE  314                       328    -14      365
  SINCE JUN 1   1236                      1205     31     1413
  SINCE JAN 1   1581                      1456    125     1658
..................................................................







THE MEMPHIS/GERMANTOWN WFO CLIMATE NORMALS FOR TODAY
                         NORMAL    RECORD    YEAR
 MAXIMUM TEMPERATURE (F)   90       101      2007
 MINIMUM TEMPERATURE (F)   69        58      1991


SUNRISE AND SUNSET
AUGUST 22 2017........SUNRISE   625 AM CDT   SUNSET   739 PM CDT
AUGUST 23 2017........SUNRISE   625 AM CDT   SUNSET   738 PM CDT


-  INDICATES NEGATIVE NUMBERS.
R  INDICATES RECORD WAS SET OR TIED.
MM INDICATES DATA IS MISSING.
T  INDICATES TRACE AMOUNT.




$$
