000
CDUS44 KMEG 260631
CLIMEG


CLIMATE REPORT
NATIONAL WEATHER SERVICE MEMPHIS TN
131 AM CDT SAT JUL 26 2014


...................................

...THE MEMPHIS/GERMANTOWN WFO CLIMATE SUMMARY FOR JULY 25 2014...

CLIMATE NORMAL PERIOD 1981 TO 2010
CLIMATE RECORD PERIOD 1988 TO 2014


WEATHER ITEM   OBSERVED TIME   RECORD YEAR NORMAL DEPARTURE LAST
                VALUE   (LST)  VALUE       VALUE  FROM      YEAR
                                                  NORMAL
..................................................................
TEMPERATURE (F)
 YESTERDAY
  MAXIMUM         87    300 PM  99    2005  91     -4       83
  MINIMUM         61R   500 AM  61    2000  71    -10       66
  AVERAGE         74                        81     -7       75

PRECIPITATION (IN)
  YESTERDAY        0.00          4.10 1996   0.16  -0.16     0.00
  MONTH TO DATE    2.95                      3.72  -0.77     5.84
  SINCE JUN 1     16.04                      7.40   8.64     9.71
  SINCE JAN 1     41.62                     31.89   9.73    46.05

SNOWFALL (IN)
  YESTERDAY        0.0          MM      MM   0.0    0.0      0.0
  MONTH TO DATE    0.0                       0.0    0.0      0.0
  SINCE JUN 1      0.0                       0.0    0.0      0.0
  SINCE JUL 1      0.0                       0.0    0.0      0.0
  SNOW DEPTH       0

DEGREE DAYS
 HEATING
  YESTERDAY        0                         0      0        0
  MONTH TO DATE    0                         0      0        0
  SINCE JUN 1      0                         2     -2        0
  SINCE JUL 1      0                         0      0        0

 COOLING
  YESTERDAY        9                        16     -7       10
  MONTH TO DATE  284                       398   -114      361
  SINCE JUN 1    701                       779    -78      769
  SINCE JAN 1   1000                      1030    -30     1029
..................................................................







THE MEMPHIS/GERMANTOWN WFO CLIMATE NORMALS FOR TODAY
                         NORMAL    RECORD    YEAR
 MAXIMUM TEMPERATURE (F)   91        99      1999
 MINIMUM TEMPERATURE (F)   71        62      2013
                                             2000


SUNRISE AND SUNSET
JULY 26 2014..........SUNRISE   604 AM CDT   SUNSET   807 PM CDT
JULY 27 2014..........SUNRISE   605 AM CDT   SUNSET   806 PM CDT


-  INDICATES NEGATIVE NUMBERS.
R  INDICATES RECORD WAS SET OR TIED.
MM INDICATES DATA IS MISSING.
T  INDICATES TRACE AMOUNT.




$$
