000
CDUS44 KMEG 030632
CLIMEG


CLIMATE REPORT
NATIONAL WEATHER SERVICE MEMPHIS TN
132 AM CDT THU SEP 3 2015


...................................

...THE MEMPHIS/GERMANTOWN WFO CLIMATE SUMMARY FOR SEPTEMBER 2 2015...

CLIMATE NORMAL PERIOD 1981 TO 2010
CLIMATE RECORD PERIOD 1988 TO 2015


WEATHER ITEM   OBSERVED TIME   RECORD YEAR NORMAL DEPARTURE LAST
                VALUE   (LST)  VALUE       VALUE  FROM      YEAR
                                                  NORMAL
..................................................................
TEMPERATURE (F)
 YESTERDAY
  MAXIMUM         92        MM  98    2000  89      3       89
  MINIMUM         72        MM  52    1987  67      5       73
  AVERAGE         82                        78      4       81

PRECIPITATION (IN)
  YESTERDAY        0.02          1.22 1993   0.09  -0.07     0.02
  MONTH TO DATE    0.02                      0.18  -0.16     0.02
  SINCE SEP 1      0.02                      0.18  -0.16     0.02
  SINCE JAN 1     33.74                     36.19  -2.45    42.98

SNOWFALL (IN)
  YESTERDAY        0.0          MM      MM   0.0    0.0      0.0
  MONTH TO DATE    0.0                       0.0    0.0      0.0
  SINCE SEP 1      0.0                       0.0    0.0      0.0
  SINCE JUL 1      0.0                       0.0    0.0      0.0
  SNOW DEPTH       0

DEGREE DAYS
 HEATING
  YESTERDAY        0                         0      0        0
  MONTH TO DATE    0                         0      0        0
  SINCE SEP 1      0                         0      0        0
  SINCE JUL 1      0                         0      0        0

 COOLING
  YESTERDAY       17                        13      4       16
  MONTH TO DATE   33                        26      7       35
  SINCE SEP 1     33                        26      7       35
  SINCE JAN 1   1772                      1621    151     1616
..................................................................







THE MEMPHIS/GERMANTOWN WFO CLIMATE NORMALS FOR TODAY
                         NORMAL    RECORD    YEAR
 MAXIMUM TEMPERATURE (F)   88        98      2000
 MINIMUM TEMPERATURE (F)   66        53      1987


SUNRISE AND SUNSET
SEPTEMBER  3 2015.....SUNRISE   633 AM CDT   SUNSET   724 PM CDT
SEPTEMBER  4 2015.....SUNRISE   634 AM CDT   SUNSET   722 PM CDT


-  INDICATES NEGATIVE NUMBERS.
R  INDICATES RECORD WAS SET OR TIED.
MM INDICATES DATA IS MISSING.
T  INDICATES TRACE AMOUNT.




$$
