000
CDUS44 KMEG 200635
CLIMEG


CLIMATE REPORT
NATIONAL WEATHER SERVICE MEMPHIS TN
134 AM CDT FRI OCT 20 2017


...................................

...THE MEMPHIS/GERMANTOWN WFO CLIMATE SUMMARY FOR OCTOBER 19 2017...

CLIMATE NORMAL PERIOD 1981 TO 2010
CLIMATE RECORD PERIOD 1988 TO 2017


WEATHER ITEM   OBSERVED TIME   RECORD YEAR NORMAL DEPARTURE LAST
                VALUE   (LST)  VALUE       VALUE  FROM      YEAR
                                                  NORMAL
..................................................................
TEMPERATURE (F)
 YESTERDAY
  MAXIMUM         78    320 PM  89    2005  73      5       88
  MINIMUM         47    656 AM  36    1996  48     -1       65
  AVERAGE         63                        61      2       77

PRECIPITATION (IN)
  YESTERDAY        0.00          0.90 1988   0.16  -0.16     0.00
  MONTH TO DATE    2.27                      2.58  -0.31     1.62
  SINCE SEP 1      3.64                      5.86  -2.22     2.18
  SINCE JAN 1     42.83                     41.87   0.96    53.42

SNOWFALL (IN)
  YESTERDAY        0.0          MM      MM                   0.0
  MONTH TO DATE    0.0                                       0.0
  SINCE SEP 1      0.0                                       0.0
  SINCE JUL 1      0.0                                       0.0
  SNOW DEPTH       0

DEGREE DAYS
 HEATING
  YESTERDAY        2                         6     -4        0
  MONTH TO DATE   30                        76    -46        5
  SINCE SEP 1     34                        94    -60        7
  SINCE JUL 1     34                        94    -60        7

 COOLING
  YESTERDAY        0                         1     -1       12
  MONTH TO DATE  124                        51     73      127
  SINCE SEP 1    406                       308     98      520
  SINCE JAN 1   2098                      1903    195     2356
..................................................................







THE MEMPHIS/GERMANTOWN WFO CLIMATE NORMALS FOR TODAY
                         NORMAL    RECORD    YEAR
 MAXIMUM TEMPERATURE (F)   73        84      2003
 MINIMUM TEMPERATURE (F)   48        33      1989


SUNRISE AND SUNSET
OCTOBER 20 2017.......SUNRISE   710 AM CDT   SUNSET   618 PM CDT
OCTOBER 21 2017.......SUNRISE   711 AM CDT   SUNSET   616 PM CDT


-  INDICATES NEGATIVE NUMBERS.
R  INDICATES RECORD WAS SET OR TIED.
MM INDICATES DATA IS MISSING.
T  INDICATES TRACE AMOUNT.




$$
