000
CDUS44 KJAN 120628
CLIMEI


CLIMATE REPORT
NATIONAL WEATHER SERVICE JACKSON MS
1226 AM CST TUE DEC 12 2017


...................................

...THE MERIDIAN CLIMATE SUMMARY FOR DECEMBER 11 2017...

CLIMATE NORMAL PERIOD 1981 TO 2010
CLIMATE RECORD PERIOD 1889 TO 2017


WEATHER ITEM   OBSERVED TIME   RECORD YEAR NORMAL DEPARTURE LAST
                VALUE   (LST)  VALUE       VALUE  FROM      YEAR
                                                  NORMAL
..................................................................
TEMPERATURE (F)
 YESTERDAY
  MAXIMUM         69    248 PM  81    1931  60      9       68
  MINIMUM         30    716 AM  16    1898  36     -6       27
  AVERAGE         50                        48      2       48

PRECIPITATION (IN)
  YESTERDAY        0.00          3.41 1964   0.18  -0.18     0.00
  MONTH TO DATE    1.81                      1.99  -0.18     1.43
  SINCE DEC 1      1.81                      1.99  -0.18     1.43
  SINCE JAN 1     59.58                     53.09   6.49    43.26

SNOWFALL (IN)
  YESTERDAY        0.0           T    2008   0.0    0.0      0.0
  MONTH TO DATE    5.0                       0.0    5.0      0.0
  SINCE DEC 1      5.0                       0.0    5.0      0.0
  SINCE JUL 1      5.0                       0.0    5.0      0.0

DEGREE DAYS
 HEATING
  YESTERDAY       15                        17     -2       17
  MONTH TO DATE  182                       178      4      181
  SINCE DEC 1    182                       178      4      181
  SINCE JUL 1    523                       628   -105      390

 COOLING
  YESTERDAY        0                         0      0        0
  MONTH TO DATE    0                         0      0        0
  SINCE DEC 1      0                         0      0        0
  SINCE JAN 1   2542                      2029    513     2856
..................................................................


WIND (MPH)
  HIGHEST WIND SPEED    14   HIGHEST WIND DIRECTION    SW (230)
  HIGHEST GUST SPEED    17   HIGHEST GUST DIRECTION    SW (240)
  AVERAGE WIND SPEED     6.5


SKY COVER
  POSSIBLE SUNSHINE  MM
  AVERAGE SKY COVER 0.0


WEATHER CONDITIONS
 THE FOLLOWING WEATHER WAS RECORDED YESTERDAY.
  NO SIGNIFICANT WEATHER WAS OBSERVED.


RELATIVE HUMIDITY (PERCENT)
 HIGHEST    92          1200 AM
 LOWEST     27           300 PM
 AVERAGE    60

..........................................................


THE MERIDIAN CLIMATE NORMALS FOR TODAY
                         NORMAL    RECORD    YEAR
 MAXIMUM TEMPERATURE (F)   59        80      1949
 MINIMUM TEMPERATURE (F)   36         8      1962


SUNRISE AND SUNSET
DECEMBER 12 2017......SUNRISE   647 AM CST   SUNSET   451 PM CST
DECEMBER 13 2017......SUNRISE   648 AM CST   SUNSET   451 PM CST


-  INDICATES NEGATIVE NUMBERS.
R  INDICATES RECORD WAS SET OR TIED.
MM INDICATES DATA IS MISSING.
T  INDICATES TRACE AMOUNT.




$$
