000
CDUS44 KJAN 302219
CLIMEI


CLIMATE REPORT
NATIONAL WEATHER SERVICE JACKSON MS
519 PM CDT SAT AUG 30 2014


...................................

...THE MERIDIAN CLIMATE SUMMARY FOR AUGUST 30 2014...
VALID AS OF 0500 PM LOCAL TIME.

CLIMATE NORMAL PERIOD 1981 TO 2010
CLIMATE RECORD PERIOD 1889 TO 2014


WEATHER ITEM   OBSERVED TIME   RECORD YEAR NORMAL DEPARTURE LAST
                VALUE   (LST)  VALUE       VALUE  FROM      YEAR
                                                  NORMAL
..................................................................
TEMPERATURE (F)
 TODAY
  MAXIMUM         92   1154 AM 104    2000  91      1       93
  MINIMUM         73    319 PM  50    1891  68      5       68
  AVERAGE         83

PRECIPITATION (IN)
  TODAY            0.61          3.17 2012   0.11   0.50     0.00
  MONTH TO DATE    2.30                      3.88  -1.58     3.69
  SINCE JUN 1      6.64                     13.42  -6.78    14.89
  SINCE JAN 1     38.36                     38.85  -0.49    49.52

SNOWFALL (IN)
  TODAY            0.0

..................................................................










-  INDICATES NEGATIVE NUMBERS.
R  INDICATES RECORD WAS SET OR TIED.
MM INDICATES DATA IS MISSING.
T  INDICATES TRACE AMOUNT.




$$
