000
CDUS44 KJAN 170651
CLIMEI


CLIMATE REPORT
NATIONAL WEATHER SERVICE JACKSON MS
147 AM CDT THU AUG 17 2017


...................................

...THE MERIDIAN CLIMATE SUMMARY FOR AUGUST 16 2017...

CLIMATE NORMAL PERIOD 1981 TO 2010
CLIMATE RECORD PERIOD 1889 TO 2017


WEATHER ITEM   OBSERVED TIME   RECORD YEAR NORMAL DEPARTURE LAST
                VALUE   (LST)  VALUE       VALUE  FROM      YEAR
                                                  NORMAL
..................................................................
TEMPERATURE (F)
 YESTERDAY
  MAXIMUM         92    153 PM 103    1954  92      0       93
                                      1951
  MINIMUM         75   1159 PM  54    2004  69      6       73
  AVERAGE         84                        80      4       83

PRECIPITATION (IN)
  YESTERDAY        0.42          3.79 1985   0.13   0.29     0.32
  MONTH TO DATE    7.70                      2.22   5.48     4.10
  SINCE JUN 1     23.98                     11.76  12.22    11.41
  SINCE JAN 1     52.62                     37.19  15.43    36.40

SNOWFALL (IN)
  YESTERDAY        0.0           0.0  2002   0.0    0.0      0.0
                                      2001
  MONTH TO DATE    0.0                       0.0    0.0      0.0
  SINCE JUN 1      0.0                       0.0    0.0      0.0
  SINCE JUL 1      0.0                       0.0    0.0      0.0

DEGREE DAYS
 HEATING
  YESTERDAY        0                         0      0        0
  MONTH TO DATE    0                         0      0        0
  SINCE JUN 1      0                         0      0        0
  SINCE JUL 1      0                         0      0        0

 COOLING
  YESTERDAY       19                        15      4       18
  MONTH TO DATE  271                       254     17      330
  SINCE JUN 1   1230                      1118    112     1504
  SINCE JAN 1   1723                      1401    322     1816
..................................................................


WIND (MPH)
  HIGHEST WIND SPEED    21   HIGHEST WIND DIRECTION     W (250)
  HIGHEST GUST SPEED    27   HIGHEST GUST DIRECTION    SW (230)
  AVERAGE WIND SPEED     5.3


SKY COVER
  POSSIBLE SUNSHINE  MM
  AVERAGE SKY COVER 0.4


WEATHER CONDITIONS
 THE FOLLOWING WEATHER WAS RECORDED YESTERDAY.
  THUNDERSTORM
  HEAVY RAIN
  RAIN
  LIGHT RAIN
  FOG


RELATIVE HUMIDITY (PERCENT)
 HIGHEST   100          1200 AM
 LOWEST     60           200 PM
 AVERAGE    80

..........................................................


THE MERIDIAN CLIMATE NORMALS FOR TODAY
                         NORMAL    RECORD    YEAR
 MAXIMUM TEMPERATURE (F)   92       103      2000
                                             1952
 MINIMUM TEMPERATURE (F)   69        54      2004


SUNRISE AND SUNSET
AUGUST 17 2017........SUNRISE   621 AM CDT   SUNSET   737 PM CDT
AUGUST 18 2017........SUNRISE   621 AM CDT   SUNSET   736 PM CDT


-  INDICATES NEGATIVE NUMBERS.
R  INDICATES RECORD WAS SET OR TIED.
MM INDICATES DATA IS MISSING.
T  INDICATES TRACE AMOUNT.




$$
