000
CDUS44 KJAN 252111
CLIMEI


CLIMATE REPORT
NATIONAL WEATHER SERVICE JACKSON MS
409 PM CDT THU AUG 25 2016


...................................

...THE MERIDIAN CLIMATE SUMMARY FOR AUGUST 25 2016...
VALID TODAY AS OF 0400 PM LOCAL TIME.

CLIMATE NORMAL PERIOD 1981 TO 2010
CLIMATE RECORD PERIOD 1889 TO 2016


WEATHER ITEM   OBSERVED TIME   RECORD YEAR NORMAL DEPARTURE LAST
                VALUE   (LST)  VALUE       VALUE  FROM      YEAR
                                                  NORMAL
..................................................................
TEMPERATURE (F)
 TODAY
  MAXIMUM         98    240 PM 102    2000  91      7       85
  MINIMUM         76    423 AM  49    1891  69      7       60
  AVERAGE         87                        80      7       73

PRECIPITATION (IN)
  TODAY            0.00          1.90 2008   0.11  -0.11     0.00
  MONTH TO DATE    5.03                      3.34   1.69     3.20
  SINCE JUN 1     12.34                     12.88  -0.54    11.74
  SINCE JAN 1     37.33                     38.31  -0.98    34.80

SNOWFALL (IN)
  TODAY            0.0           0.0  2002   0.0    0.0      0.0
                                      2001
  MONTH TO DATE    0.0                       0.0    0.0      0.0
  SINCE JUN 1      0.0                       0.0    0.0      0.0
  SINCE JUL 1      0.0                       0.0    0.0      0.0

DEGREE DAYS
 HEATING
  TODAY            0                         0      0        0
  MONTH TO DATE    0                         0      0        0
  SINCE JUN 1      0                         0      0        0
  SINCE JUL 1      0                         0      0        0

 COOLING
  TODAY           22                        15      7        8
  MONTH TO DATE  508                       389    119      428
  SINCE JUN 1   1682                      1253    429     1391
  SINCE JAN 1   1994                      1536    458     1756
..................................................................


WIND (MPH)
  HIGHEST WIND SPEED    13   HIGHEST WIND DIRECTION     E (70)
  HIGHEST GUST SPEED    15   HIGHEST GUST DIRECTION    NE (60)
  AVERAGE WIND SPEED     2.7


SKY COVER
  POSSIBLE SUNSHINE  MM
  AVERAGE SKY COVER 0.2


WEATHER CONDITIONS
 THE FOLLOWING WEATHER WAS RECORDED TODAY.
  NO SIGNIFICANT WEATHER WAS OBSERVED.


RELATIVE HUMIDITY (PERCENT)
 HIGHEST    91           100 AM
 LOWEST     45           200 PM
 AVERAGE    68

..........................................................


THE MERIDIAN CLIMATE NORMALS FOR TOMORROW
                         NORMAL    RECORD    YEAR
 MAXIMUM TEMPERATURE (F)   91       104      1943
 MINIMUM TEMPERATURE (F)   68        56      1966
                                             1891


SUNRISE AND SUNSET
AUGUST 25 2016........SUNRISE   626 AM CDT   SUNSET   727 PM CDT
AUGUST 26 2016........SUNRISE   627 AM CDT   SUNSET   726 PM CDT


-  INDICATES NEGATIVE NUMBERS.
R  INDICATES RECORD WAS SET OR TIED.
MM INDICATES DATA IS MISSING.
T  INDICATES TRACE AMOUNT.




$$
