000
CDUS44 KJAN 230704
CLIMEI


CLIMATE REPORT
NATIONAL WEATHER SERVICE JACKSON MS
103 AM CST MON JAN 23 2017


...................................

...THE MERIDIAN CLIMATE SUMMARY FOR JANUARY 22 2017...

CLIMATE NORMAL PERIOD 1981 TO 2010
CLIMATE RECORD PERIOD 1889 TO 2017


WEATHER ITEM   OBSERVED TIME   RECORD YEAR NORMAL DEPARTURE LAST
                VALUE   (LST)  VALUE       VALUE  FROM      YEAR
                                                  NORMAL
..................................................................
TEMPERATURE (F)
 YESTERDAY
  MAXIMUM         64    349 PM  80    1937  57      7       50
  MINIMUM         52    813 PM   9    1984  33     19       32
  AVERAGE         58                        45     13       41

PRECIPITATION (IN)
  YESTERDAY        0.45          2.24 1980   0.18   0.27     0.02
  MONTH TO DATE    7.07                      3.45   3.62     1.71
  SINCE DEC 1     10.97                      8.51   2.46     7.79
  SINCE JAN 1      7.07                      3.45   3.62     1.71

SNOWFALL (IN)
  YESTERDAY        0.0           1.2  1987   0.0    0.0       T
  MONTH TO DATE    0.8                       0.1    0.7       T
  SINCE DEC 1      0.8                       0.2    0.6       T
  SINCE JUL 1      0.8                       0.2    0.6       T

DEGREE DAYS
 HEATING
  YESTERDAY        7                        20    -13       24
  MONTH TO DATE  198                       451   -253      460
  SINCE DEC 1    602                      1009   -407      748
  SINCE JUL 1    811                      1459   -648      999

 COOLING
  YESTERDAY        0                         0      0        0
  MONTH TO DATE   24                         0     24        0
  SINCE DEC 1     42                         6     36       43
  SINCE JAN 1     24                         0     24        0
..................................................................


WIND (MPH)
  HIGHEST WIND SPEED    24   HIGHEST WIND DIRECTION    NW (310)
  HIGHEST GUST SPEED    34   HIGHEST GUST DIRECTION    NW (310)
  AVERAGE WIND SPEED     6.1


SKY COVER
  POSSIBLE SUNSHINE  MM
  AVERAGE SKY COVER 0.8


WEATHER CONDITIONS
 THE FOLLOWING WEATHER WAS RECORDED YESTERDAY.
  THUNDERSTORM
  HEAVY RAIN
  RAIN
  LIGHT RAIN
  FOG


RELATIVE HUMIDITY (PERCENT)
 HIGHEST   100           200 AM
 LOWEST     60           400 PM
 AVERAGE    80

..........................................................


THE MERIDIAN CLIMATE NORMALS FOR TODAY
                         NORMAL    RECORD    YEAR
 MAXIMUM TEMPERATURE (F)   57        82      1943
 MINIMUM TEMPERATURE (F)   33         8      1963


SUNRISE AND SUNSET
JANUARY 23 2017.......SUNRISE   654 AM CST   SUNSET   520 PM CST
JANUARY 24 2017.......SUNRISE   653 AM CST   SUNSET   521 PM CST


-  INDICATES NEGATIVE NUMBERS.
R  INDICATES RECORD WAS SET OR TIED.
MM INDICATES DATA IS MISSING.
T  INDICATES TRACE AMOUNT.




$$
