000
CDUS44 KJAN 010810
CLIMEI


CLIMATE REPORT
NATIONAL WEATHER SERVICE JACKSON MS
309 AM CDT SUN MAY 1 2016


...................................

...THE MERIDIAN CLIMATE SUMMARY FOR APRIL 30 2016...

CLIMATE NORMAL PERIOD 1981 TO 2010
CLIMATE RECORD PERIOD 1889 TO 2016


WEATHER ITEM   OBSERVED TIME   RECORD YEAR NORMAL DEPARTURE LAST
                VALUE   (LST)  VALUE       VALUE  FROM      YEAR
                                                  NORMAL
..................................................................
TEMPERATURE (F)
 YESTERDAY
  MAXIMUM         80    117 PM  92    1987  80      0       80
  MINIMUM         60   1042 PM  39    1965  54      6       45
  AVERAGE         70                        66      4       63

PRECIPITATION (IN)
  YESTERDAY        0.30          2.98 1940   0.14   0.16     0.00
  MONTH TO DATE    4.15                      4.78  -0.63     5.15
  SINCE MAR 1     16.53                     10.20   6.33    10.06
  SINCE JAN 1     24.02                     20.93   3.09    20.90

SNOWFALL (IN)
  YESTERDAY        0.0           0.0    MM   0.0    0.0      0.0
  MONTH TO DATE    0.0                       0.1   -0.1      0.0
  SINCE MAR 1      0.0                       0.3   -0.3       T
  SINCE JUL 1      T                         0.6   -0.6       T

DEGREE DAYS
 HEATING
  YESTERDAY        0                         2     -2        2
  MONTH TO DATE   63                       130    -67       47
  SINCE MAR 1    245                       437   -192      257
  SINCE JUL 1   1807                      2534   -727     2498

 COOLING
  YESTERDAY        5                         3      2        0
  MONTH TO DATE   64                        59      5      113
  SINCE MAR 1     96                        76     20      140
  SINCE JAN 1    101                        83     18      140
..................................................................


WIND (MPH)
  HIGHEST WIND SPEED    25   HIGHEST WIND DIRECTION     W (260)
  HIGHEST GUST SPEED    33   HIGHEST GUST DIRECTION     W (250)
  AVERAGE WIND SPEED     7.3


SKY COVER
  POSSIBLE SUNSHINE  MM
  AVERAGE SKY COVER 0.3


WEATHER CONDITIONS
 THE FOLLOWING WEATHER WAS RECORDED YESTERDAY.
  THUNDERSTORM
  HEAVY RAIN
  LIGHT RAIN
  FOG


RELATIVE HUMIDITY (PERCENT)
 HIGHEST    93           400 AM
 LOWEST     67           100 PM
 AVERAGE    80

..........................................................


THE MERIDIAN CLIMATE NORMALS FOR TODAY
                         NORMAL    RECORD    YEAR
 MAXIMUM TEMPERATURE (F)   80        91      1959
                                             1951
 MINIMUM TEMPERATURE (F)   54        40      1988
                                             1908


SUNRISE AND SUNSET
MAY  1 2016...........SUNRISE   608 AM CDT   SUNSET   736 PM CDT
MAY  2 2016...........SUNRISE   607 AM CDT   SUNSET   737 PM CDT


-  INDICATES NEGATIVE NUMBERS.
R  INDICATES RECORD WAS SET OR TIED.
MM INDICATES DATA IS MISSING.
T  INDICATES TRACE AMOUNT.




$$
