000
CDUS44 KJAN 300700
CLIMEI


CLIMATE REPORT
NATIONAL WEATHER SERVICE JACKSON MS
157 AM CDT MON MAY 30 2016


...................................

...THE MERIDIAN CLIMATE SUMMARY FOR MAY 29 2016...

CLIMATE NORMAL PERIOD 1981 TO 2010
CLIMATE RECORD PERIOD 1889 TO 2016


WEATHER ITEM   OBSERVED TIME   RECORD YEAR NORMAL DEPARTURE LAST
                VALUE   (LST)  VALUE       VALUE  FROM      YEAR
                                                  NORMAL
..................................................................
TEMPERATURE (F)
 YESTERDAY
  MAXIMUM         95    224 PM  98    1911  86      9       85
  MINIMUM         65    525 AM  48    1984  62      3       67
                                      1901
  AVERAGE         80                        74      6       76

PRECIPITATION (IN)
  YESTERDAY        0.00          1.98 1979   0.15  -0.15     0.06
  MONTH TO DATE    0.96                      4.21  -3.25     1.53
  SINCE MAR 1     17.49                     14.41   3.08    11.59
  SINCE JAN 1     24.98                     25.14  -0.16    22.43

SNOWFALL (IN)
  YESTERDAY        0.0           0.0    MM   0.0    0.0      0.0
  MONTH TO DATE    0.0                       0.0    0.0      0.0
  SINCE MAR 1      0.0                       0.3   -0.3       T
  SINCE JUL 1      T                         0.6   -0.6       T

DEGREE DAYS
 HEATING
  YESTERDAY        0                         0      0        0
  MONTH TO DATE    8                        16     -8        6
  SINCE MAR 1    253                       453   -200      263
  SINCE JUL 1   1815                      2550   -735     2504

 COOLING
  YESTERDAY       15                         9      6       11
  MONTH TO DATE  177                       181     -4      205
  SINCE MAR 1    273                       257     16      345
  SINCE JAN 1    278                       264     14      345
..................................................................


WIND (MPH)
  HIGHEST WIND SPEED    12   HIGHEST WIND DIRECTION     N (350)
  HIGHEST GUST SPEED    17   HIGHEST GUST DIRECTION    NW (300)
  AVERAGE WIND SPEED     3.2


SKY COVER
  POSSIBLE SUNSHINE  MM
  AVERAGE SKY COVER 0.1


WEATHER CONDITIONS
 THE FOLLOWING WEATHER WAS RECORDED YESTERDAY.
  NO SIGNIFICANT WEATHER WAS OBSERVED.


RELATIVE HUMIDITY (PERCENT)
 HIGHEST    87           200 AM
 LOWEST     36           200 PM
 AVERAGE    62

..........................................................


THE MERIDIAN CLIMATE NORMALS FOR TODAY
                         NORMAL    RECORD    YEAR
 MAXIMUM TEMPERATURE (F)   86        99      1951
 MINIMUM TEMPERATURE (F)   63        43      1984


SUNRISE AND SUNSET
MAY 30 2016...........SUNRISE   549 AM CDT   SUNSET   756 PM CDT
MAY 31 2016...........SUNRISE   549 AM CDT   SUNSET   757 PM CDT


-  INDICATES NEGATIVE NUMBERS.
R  INDICATES RECORD WAS SET OR TIED.
MM INDICATES DATA IS MISSING.
T  INDICATES TRACE AMOUNT.




$$
