000
CDUS44 KMEG 230738
CLIMEM


CLIMATE REPORT
NATIONAL WEATHER SERVICE MEMPHIS TN
137 AM CST THU FEB 23 2017


...................................

...THE MEMPHIS CLIMATE SUMMARY FOR FEBRUARY 22 2017...

CLIMATE NORMAL PERIOD 1981 TO 2010
CLIMATE RECORD PERIOD 1872 TO 2017


WEATHER ITEM   OBSERVED TIME   RECORD YEAR NORMAL DEPARTURE LAST
                VALUE   (LST)  VALUE       VALUE  FROM      YEAR
                                                  NORMAL
..................................................................
TEMPERATURE (F)
 YESTERDAY
  MAXIMUM         76R   344 PM  75    1922  57     19       59
                                      1909
  MINIMUM         59   1154 PM  10    1963  38     21       47
  AVERAGE         68                        47     21       53

PRECIPITATION (IN)
  YESTERDAY        T             1.82 1994   0.16  -0.16     0.32
  MONTH TO DATE    1.14                      3.41  -2.27     3.87
  SINCE DEC 1     12.73                     13.13  -0.40    10.91
  SINCE JAN 1      5.40                      7.39  -1.99     6.14

SNOWFALL (IN)
  YESTERDAY        0.0           T    2015   0.0    0.0      0.0
                                      1989
                                      1971
  MONTH TO DATE    0.0                       1.1   -1.1      0.0
  SINCE DEC 1      2.0                       3.2   -1.2      0.3
  SINCE JUL 1      2.0                       3.2   -1.2      0.3
  SNOW DEPTH       0

DEGREE DAYS
 HEATING
  YESTERDAY        0                        18    -18       12
  MONTH TO DATE  242                       448   -206      379
  SINCE DEC 1   1375                      1851   -476     1463
  SINCE JUL 1   1645                      2350   -705     1764

 COOLING
  YESTERDAY        3                         0      3        0
  MONTH TO DATE   17                         0     17        1
  SINCE DEC 1     22                         3     19       22
  SINCE JAN 1     19                         1     18        3
..................................................................


WIND (MPH)
  HIGHEST WIND SPEED    15   HIGHEST WIND DIRECTION    SE (120)
  HIGHEST GUST SPEED    20   HIGHEST GUST DIRECTION     E (110)
  AVERAGE WIND SPEED     6.9


SKY COVER
  POSSIBLE SUNSHINE  MM
  AVERAGE SKY COVER 0.5


WEATHER CONDITIONS
 THE FOLLOWING WEATHER WAS RECORDED YESTERDAY.
  LIGHT RAIN
  FOG


RELATIVE HUMIDITY (PERCENT)
 HIGHEST   100           700 AM
 LOWEST     53           300 PM
 AVERAGE    77

..........................................................


THE MEMPHIS CLIMATE NORMALS FOR TODAY
                         NORMAL    RECORD    YEAR
 MAXIMUM TEMPERATURE (F)   57        79      2012
 MINIMUM TEMPERATURE (F)   38        17      1989


SUNRISE AND SUNSET
FEBRUARY 23 2017......SUNRISE   637 AM CST   SUNSET   550 PM CST
FEBRUARY 24 2017......SUNRISE   635 AM CST   SUNSET   551 PM CST


-  INDICATES NEGATIVE NUMBERS.
R  INDICATES RECORD WAS SET OR TIED.
MM INDICATES DATA IS MISSING.
T  INDICATES TRACE AMOUNT.


$$
