000
CDUS44 KMEG 232155
CLIMEM


CLIMATE REPORT
NATIONAL WEATHER SERVICE MEMPHIS TN
455 PM CDT TUE AUG 23 2016


...................................

...THE MEMPHIS CLIMATE SUMMARY FOR AUGUST 23 2016...
VALID TODAY AS OF 0400 PM LOCAL TIME.

CLIMATE NORMAL PERIOD 1981 TO 2010
CLIMATE RECORD PERIOD 1872 TO 2016


WEATHER ITEM   OBSERVED TIME   RECORD YEAR NORMAL DEPARTURE LAST
                VALUE   (LST)  VALUE       VALUE  FROM      YEAR
                                                  NORMAL
..................................................................
TEMPERATURE (F)
 TODAY
  MAXIMUM         93    256 PM 100    2007  91      2       89
                                      1983
  MINIMUM         74    155 AM  60    1956  72      2       74
                                      1940
                                      1888
  AVERAGE         84                        82      2       82

PRECIPITATION (IN)
  TODAY            0.00          2.27 1879   0.08  -0.08      T
  MONTH TO DATE    4.12                      2.28   1.84     4.11
  SINCE JUN 1     13.31                     10.50   2.81    13.75
  SINCE JAN 1     48.40                     34.78  13.62    33.97

SNOWFALL (IN)
  TODAY            0.0

DEGREE DAYS
 HEATING
  TODAY            0                         0      0        0
  MONTH TO DATE    0                         0      0        0
  SINCE JUN 1      0                         0      0        0
  SINCE JUL 1      0                         0      0        0

 COOLING
  TODAY           19                        17      2       17
  MONTH TO DATE  444                       403     41      395
  SINCE JUN 1   1625                      1390    235     1485
  SINCE JAN 1   1930                      1711    219     1839
..................................................................


WIND (MPH)
  HIGHEST WIND SPEED    13   HIGHEST WIND DIRECTION     S (200)
  HIGHEST GUST SPEED    18   HIGHEST GUST DIRECTION    SW (240)
  AVERAGE WIND SPEED     5.7


SKY COVER
  POSSIBLE SUNSHINE  MM
  AVERAGE SKY COVER 0.7


WEATHER CONDITIONS
 THE FOLLOWING WEATHER WAS RECORDED TODAY.
  NO SIGNIFICANT WEATHER WAS OBSERVED.


RELATIVE HUMIDITY (PERCENT)
 HIGHEST    87           100 AM
 LOWEST     52           300 PM
 AVERAGE    70

..........................................................


THE MEMPHIS CLIMATE NORMALS FOR TOMORROW
                         NORMAL    RECORD    YEAR
 MAXIMUM TEMPERATURE (F)   91       100      2014
                                             2007
                                             1983
 MINIMUM TEMPERATURE (F)   72        53      1891


SUNRISE AND SUNSET
AUGUST 23 2016........SUNRISE   626 AM CDT   SUNSET   738 PM CDT
AUGUST 24 2016........SUNRISE   627 AM CDT   SUNSET   737 PM CDT


-  INDICATES NEGATIVE NUMBERS.
R  INDICATES RECORD WAS SET OR TIED.
MM INDICATES DATA IS MISSING.
T  INDICATES TRACE AMOUNT.




$$
