000
CDUS44 KMEG 232250
CLIMEM


CLIMATE REPORT
NATIONAL WEATHER SERVICE MEMPHIS TN
450 PM CST TUE JAN 23 2018


...................................

...THE MEMPHIS CLIMATE SUMMARY FOR JANUARY 23 2018...
VALID TODAY AS OF 0400 PM LOCAL TIME.

CLIMATE NORMAL PERIOD 1981 TO 2010
CLIMATE RECORD PERIOD 1872 TO 2018


WEATHER ITEM   OBSERVED TIME   RECORD YEAR NORMAL DEPARTURE LAST
                VALUE   (LST)  VALUE       VALUE  FROM      YEAR
                                                  NORMAL
..................................................................
TEMPERATURE (F)
 TODAY
  MAXIMUM         47   1232 PM  75    2002  50     -3       53
                                      1943
  MINIMUM         39    727 AM   3    1963  33      6       40
  AVERAGE         43                        41      2       47

PRECIPITATION (IN)
  TODAY            0.00          1.84 1887   0.12  -0.12     0.00
  MONTH TO DATE    3.36                      2.94   0.42     4.26
  SINCE DEC 1     10.62                      8.68   1.94    11.59
  SINCE JAN 1      3.36                      2.94   0.42     4.26

SNOWFALL (IN)
  TODAY            0.0

DEGREE DAYS
 HEATING
  TODAY           22                        24     -2       18
  MONTH TO DATE  689                       552    137      366
  SINCE DEC 1   1382                      1217    165      996
  SINCE JUL 1   1828                      1716    112     1266

 COOLING
  TODAY            0                         0      0        0
  MONTH TO DATE    0                         0      0        2
  SINCE DEC 1      0                         2     -2        5
  SINCE JAN 1      0                         0      0        2
..................................................................


WIND (MPH)
  HIGHEST WIND SPEED    21   HIGHEST WIND DIRECTION     W (290)
  HIGHEST GUST SPEED    29   HIGHEST GUST DIRECTION     W (290)
  AVERAGE WIND SPEED    12.4


SKY COVER
  POSSIBLE SUNSHINE  MM
  AVERAGE SKY COVER 0.5


WEATHER CONDITIONS
 THE FOLLOWING WEATHER WAS RECORDED TODAY.
  NO SIGNIFICANT WEATHER WAS OBSERVED.


RELATIVE HUMIDITY (PERCENT)
 HIGHEST    64           600 AM
 LOWEST     49           100 AM
 AVERAGE    57

..........................................................


THE MEMPHIS CLIMATE NORMALS FOR TOMORROW
                         NORMAL    RECORD    YEAR
 MAXIMUM TEMPERATURE (F)   50        78      1972
                                             1943
 MINIMUM TEMPERATURE (F)   33         0      1963


SUNRISE AND SUNSET
JANUARY 23 2018.......SUNRISE   704 AM CST   SUNSET   519 PM CST
JANUARY 24 2018.......SUNRISE   704 AM CST   SUNSET   521 PM CST


-  INDICATES NEGATIVE NUMBERS.
R  INDICATES RECORD WAS SET OR TIED.
MM INDICATES DATA IS MISSING.
T  INDICATES TRACE AMOUNT.




$$
