000
CDUS44 KMEG 042150
CLIMEM


CLIMATE REPORT
NATIONAL WEATHER SERVICE MEMPHIS TN
449 PM CDT SAT JUL 4 2015


...................................

...THE MEMPHIS CLIMATE SUMMARY FOR JULY 4 2015...
VALID TODAY AS OF 0400 PM LOCAL TIME.

CLIMATE NORMAL PERIOD 1981 TO 2010
CLIMATE RECORD PERIOD 1872 TO 2015


WEATHER ITEM   OBSERVED TIME   RECORD YEAR NORMAL DEPARTURE LAST
                VALUE   (LST)  VALUE       VALUE  FROM      YEAR
                                                  NORMAL
..................................................................
TEMPERATURE (F)
 TODAY
  MAXIMUM         78    224 PM 100    2012  91    -13       83
                                      1954
  MINIMUM         72    328 AM  59    1968  74     -2       64
                                      1924
  AVERAGE         75                        82     -7       74

PRECIPITATION (IN)
  TODAY            0.04          2.13 1937   0.13  -0.09     0.00
  MONTH TO DATE    3.45                      0.53   2.92     0.10
  SINCE JUN 1      7.92                      4.16   3.76    13.50
  SINCE JAN 1     28.14                     28.44  -0.30    39.46

SNOWFALL (IN)
  TODAY            0.0

DEGREE DAYS
 HEATING
  TODAY            0                         0      0        0
  MONTH TO DATE    0                         0      0        0
  SINCE JUN 1      0                         0      0        0
  SINCE JUL 1      0                         0      0        0

 COOLING
  TODAY           10                        17     -7        9
  MONTH TO DATE   51                        68    -17       50
  SINCE JUN 1    528                       506     22      487
  SINCE JAN 1    882                       827     55      798
..................................................................


WIND (MPH)
  HIGHEST WIND SPEED    13   HIGHEST WIND DIRECTION     S (200)
  HIGHEST GUST SPEED    17   HIGHEST GUST DIRECTION    SW (240)
  AVERAGE WIND SPEED     4.4


SKY COVER
  POSSIBLE SUNSHINE  MM
  AVERAGE SKY COVER 1.0


WEATHER CONDITIONS
 THE FOLLOWING WEATHER WAS RECORDED TODAY.
  LIGHT RAIN
  FOG


RELATIVE HUMIDITY (PERCENT)
 HIGHEST    93           300 AM
 LOWEST     74           200 PM
 AVERAGE    84

..........................................................


THE MEMPHIS CLIMATE NORMALS FOR TOMORROW
                         NORMAL    RECORD    YEAR
 MAXIMUM TEMPERATURE (F)   92       104      1954
 MINIMUM TEMPERATURE (F)   74        60      1968


SUNRISE AND SUNSET
JULY  4 2015..........SUNRISE   551 AM CDT   SUNSET   818 PM CDT
JULY  5 2015..........SUNRISE   551 AM CDT   SUNSET   818 PM CDT


-  INDICATES NEGATIVE NUMBERS.
R  INDICATES RECORD WAS SET OR TIED.
MM INDICATES DATA IS MISSING.
T  INDICATES TRACE AMOUNT.




$$
