000
CDUS44 KMEG 010635
CLIMEM


CLIMATE REPORT
NATIONAL WEATHER SERVICE MEMPHIS TN
134 AM CDT SAT NOV 1 2014


...................................

...THE MEMPHIS CLIMATE SUMMARY FOR OCTOBER 31 2014...

CLIMATE NORMAL PERIOD 1981 TO 2010
CLIMATE RECORD PERIOD 1872 TO 2014


WEATHER ITEM   OBSERVED TIME   RECORD YEAR NORMAL DEPARTURE LAST
                VALUE   (LST)  VALUE       VALUE  FROM      YEAR
                                                  NORMAL
..................................................................
TEMPERATURE (F)
 YESTERDAY
  MAXIMUM         58   1151 AM  87    1984  69    -11       72
  MINIMUM         40   1159 PM  31    1993  49     -9       59
                                      1923
  AVERAGE         49                        59    -10       66

PRECIPITATION (IN)
  YESTERDAY        0.00          2.81 1929   0.14  -0.14     1.21
  MONTH TO DATE    4.00                      3.98   0.02     3.30
  SINCE SEP 1      8.75                      7.07   1.68     5.99
  SINCE JAN 1     52.47                     42.45  10.02    51.94

SNOWFALL (IN)
  YESTERDAY        0.0           T    1993   0.0    0.0      0.0
  MONTH TO DATE    0.0                       0.0    0.0      0.0
  SINCE SEP 1      0.0                       0.0    0.0      0.0
  SINCE JUL 1      0.0                       0.0    0.0      0.0
  SNOW DEPTH       0

DEGREE DAYS
 HEATING
  YESTERDAY       16                         7      9        0
  MONTH TO DATE   84                       119    -35      113
  SINCE SEP 1     85                       131    -46      113
  SINCE JUL 1     85                       131    -46      113

 COOLING
  YESTERDAY        0                         1     -1        1
  MONTH TO DATE  108                        92     16      110
  SINCE SEP 1    453                       408     45      511
  SINCE JAN 1   2159                      2243    -84     2237
..................................................................


WIND (MPH)
  HIGHEST WIND SPEED    25   HIGHEST WIND DIRECTION     N (10)
  HIGHEST GUST SPEED    31   HIGHEST GUST DIRECTION     N (10)
  AVERAGE WIND SPEED    11.5


SKY COVER
  POSSIBLE SUNSHINE  MM
  AVERAGE SKY COVER 0.3


WEATHER CONDITIONS
 THE FOLLOWING WEATHER WAS RECORDED YESTERDAY.
  NO SIGNIFICANT WEATHER WAS OBSERVED.


RELATIVE HUMIDITY (PERCENT)
 HIGHEST    86           600 AM
 LOWEST     30           500 PM
 AVERAGE    58

..........................................................


THE MEMPHIS CLIMATE NORMALS FOR TODAY
                         NORMAL    RECORD    YEAR
 MAXIMUM TEMPERATURE (F)   69        86      2000
 MINIMUM TEMPERATURE (F)   49        27      1993
                                             1949


SUNRISE AND SUNSET
NOVEMBER  1 2014......SUNRISE   721 AM CDT   SUNSET   606 PM CDT
NOVEMBER  2 2014......SUNRISE   622 AM CST   SUNSET   505 PM CST


-  INDICATES NEGATIVE NUMBERS.
R  INDICATES RECORD WAS SET OR TIED.
MM INDICATES DATA IS MISSING.
T  INDICATES TRACE AMOUNT.




$$
