000
CDUS41 KCLE 230551
CLIMFD


CLIMATE REPORT
NATIONAL WEATHER SERVICE CLEVELAND OH
1251 AM EST THU FEB 23 2017


...................................

...THE MANSFIELD OH CLIMATE SUMMARY FOR FEBRUARY 22 2017...

CLIMATE NORMAL PERIOD 1981 TO 2010
CLIMATE RECORD PERIOD 1916 TO 2017


WEATHER ITEM   OBSERVED TIME   RECORD YEAR NORMAL DEPARTURE LAST
                VALUE   (LST)  VALUE       VALUE  FROM      YEAR
                                                  NORMAL
..................................................................
TEMPERATURE (F)
 YESTERDAY
  MAXIMUM         58    420 PM  69    1930  38     20       44
  MINIMUM         52    307 AM -10    1963  22     30       25
  AVERAGE         55                        30     25       35

PRECIPITATION (IN)
  YESTERDAY        0.02                      0.08  -0.06     0.00
  MONTH TO DATE    1.26                      1.85  -0.59     1.48
  SINCE DEC 1     10.31                      8.01   2.30     7.18
  SINCE JAN 1      7.17                      4.72   2.45     3.02

SNOWFALL (IN)
  YESTERDAY        0.0                       0.4   -0.4      0.0
  MONTH TO DATE    3.8                       8.9   -5.1      8.9
  SINCE DEC 1     21.4                      32.7  -11.3     17.8
  SINCE JUL 1     21.6                      35.4  -13.8     17.8
  SNOW DEPTH       0

DEGREE DAYS
 HEATING
  YESTERDAY       10                        35    -25       30
  MONTH TO DATE  591                       821   -230      774
  SINCE DEC 1   2693                      3140   -447     2646
  SINCE JUL 1   3570                      4421   -851     3586

 COOLING
  YESTERDAY        0                         0      0        0
  MONTH TO DATE    0                         0      0        0
  SINCE DEC 1      0                         0      0        0
  SINCE JAN 1      0                         0      0        0
..................................................................


WIND (MPH)
  HIGHEST WIND SPEED    17   HIGHEST WIND DIRECTION     S (180)
  HIGHEST GUST SPEED    22   HIGHEST GUST DIRECTION     S (190)
  AVERAGE WIND SPEED     9.8


SKY COVER
  POSSIBLE SUNSHINE  MM
  AVERAGE SKY COVER 0.9


WEATHER CONDITIONS
 THE FOLLOWING WEATHER WAS RECORDED YESTERDAY.
  LIGHT RAIN
  FOG


RELATIVE HUMIDITY (PERCENT)
 HIGHEST   100           700 AM
 LOWEST     72          1200 AM
 AVERAGE    86

..........................................................


THE MANSFIELD OH CLIMATE NORMALS FOR TODAY
                         NORMAL    RECORD    YEAR
 MAXIMUM TEMPERATURE (F)   38        62      1985
                                             1930
 MINIMUM TEMPERATURE (F)   22        -9      2015


SUNRISE AND SUNSET
FEBRUARY 23 2017......SUNRISE   713 AM EST   SUNSET   615 PM EST
FEBRUARY 24 2017......SUNRISE   711 AM EST   SUNSET   616 PM EST


-  INDICATES NEGATIVE NUMBERS.
R  INDICATES RECORD WAS SET OR TIED.
MM INDICATES DATA IS MISSING.
T  INDICATES TRACE AMOUNT.




$$
