000
CDUS41 KCLE 280546
CLIMFD


CLIMATE REPORT
NATIONAL WEATHER SERVICE CLEVELAND OH
145 AM EDT SUN AUG 28 2016


...................................

...THE MANSFIELD OH CLIMATE SUMMARY FOR AUGUST 27 2016...

CLIMATE NORMAL PERIOD 1981 TO 2010
CLIMATE RECORD PERIOD 1916 TO 2016


WEATHER ITEM   OBSERVED TIME   RECORD YEAR NORMAL DEPARTURE LAST
                VALUE   (LST)  VALUE       VALUE  FROM      YEAR
                                                  NORMAL
..................................................................
TEMPERATURE (F)
 YESTERDAY
  MAXIMUM         90    411 PM  93    1983  79     11       74
  MINIMUM         67    552 AM  36    1946  59      8       56
  AVERAGE         79                        69     10       65

PRECIPITATION (IN)
  YESTERDAY        0.05                      0.14  -0.09     0.00
  MONTH TO DATE    3.38                      3.81  -0.43     1.13
  SINCE JUN 1      7.22                     12.94  -5.72    10.06
  SINCE JAN 1     23.62                     30.27  -6.65    27.85

SNOWFALL (IN)
  YESTERDAY        0.0                       0.0    0.0      0.0
  MONTH TO DATE    0.0                       0.0    0.0      0.0
  SINCE JUN 1      0.0                       0.0    0.0      0.0
  SINCE JUL 1      0.0                       0.0    0.0      0.0
  SNOW DEPTH       0

DEGREE DAYS
 HEATING
  YESTERDAY        0                         1     -1        0
  MONTH TO DATE    0                         8     -8       14
  SINCE JUN 1     14                        69    -55       50
  SINCE JUL 1      1                        16    -15       17

 COOLING
  YESTERDAY       14                         5      9        0
  MONTH TO DATE  299                       153    146      140
  SINCE JUN 1    799                       497    302      485
  SINCE JAN 1    861                       543    318      603
..................................................................


WIND (MPH)
  HIGHEST WIND SPEED    24   HIGHEST WIND DIRECTION    SW (210)
  HIGHEST GUST SPEED    32   HIGHEST GUST DIRECTION    SW (210)
  AVERAGE WIND SPEED     7.4


SKY COVER
  POSSIBLE SUNSHINE  MM
  AVERAGE SKY COVER 0.1


WEATHER CONDITIONS
 THE FOLLOWING WEATHER WAS RECORDED YESTERDAY.
  THUNDERSTORM
  FOG


RELATIVE HUMIDITY (PERCENT)
 HIGHEST   100           900 PM
 LOWEST     52           400 PM
 AVERAGE    76

..........................................................


THE MANSFIELD OH CLIMATE NORMALS FOR TODAY
                         NORMAL    RECORD    YEAR
 MAXIMUM TEMPERATURE (F)   79        92      1973
                                             1953
                                             1937
 MINIMUM TEMPERATURE (F)   59        40      1941


SUNRISE AND SUNSET
AUGUST 28 2016........SUNRISE   653 AM EDT   SUNSET   808 PM EDT
AUGUST 29 2016........SUNRISE   654 AM EDT   SUNSET   806 PM EDT


-  INDICATES NEGATIVE NUMBERS.
R  INDICATES RECORD WAS SET OR TIED.
MM INDICATES DATA IS MISSING.
T  INDICATES TRACE AMOUNT.




$$
