000
CDUS41 KCLE 280601
CLIMFD


CLIMATE REPORT
NATIONAL WEATHER SERVICE CLEVELAND OH
158 AM EDT TUE MAR 28 2017


...................................

...THE MANSFIELD OH CLIMATE SUMMARY FOR MARCH 27 2017...

CLIMATE NORMAL PERIOD 1981 TO 2010
CLIMATE RECORD PERIOD 1916 TO 2017


WEATHER ITEM   OBSERVED TIME   RECORD YEAR NORMAL DEPARTURE LAST
                VALUE   (LST)  VALUE       VALUE  FROM      YEAR
                                                  NORMAL
..................................................................
TEMPERATURE (F)
 YESTERDAY
  MAXIMUM         63    435 PM  79    1998  51     12       74
  MINIMUM         51    725 AM  12    1996  32     19       34
                                      1965
  AVERAGE         57                        41     16       54

PRECIPITATION (IN)
  YESTERDAY        T                         0.12  -0.12     0.11
  MONTH TO DATE    2.84                      2.87  -0.03     3.21
  SINCE MAR 1      2.84                      2.87  -0.03     3.21
  SINCE JAN 1     10.70                      8.13   2.57     8.11

SNOWFALL (IN)
  YESTERDAY        0.0                       0.2   -0.2      0.0
  MONTH TO DATE   10.7                       7.2    3.5      3.0
  SINCE MAR 1     10.7                       7.2    3.5      3.0
  SINCE JUL 1     32.3                      45.1  -12.8     23.4
  SNOW DEPTH       0

DEGREE DAYS
 HEATING
  YESTERDAY        8                        24    -16       11
  MONTH TO DATE  756                       775    -19      555
  SINCE MAR 1    756                       775    -19      555
  SINCE JUL 1   4426                      5400   -974     4327

 COOLING
  YESTERDAY        0                         0      0        0
  MONTH TO DATE    0                         0      0        0
  SINCE MAR 1      0                         0      0        0
  SINCE JAN 1      0                         0      0        0
..................................................................


WIND (MPH)
  HIGHEST WIND SPEED    17   HIGHEST WIND DIRECTION    SW (230)
  HIGHEST GUST SPEED    22   HIGHEST GUST DIRECTION    SW (240)
  AVERAGE WIND SPEED     7.7


SKY COVER
  POSSIBLE SUNSHINE  MM
  AVERAGE SKY COVER 0.9


WEATHER CONDITIONS
 THE FOLLOWING WEATHER WAS RECORDED YESTERDAY.
  NO SIGNIFICANT WEATHER WAS OBSERVED.


RELATIVE HUMIDITY (PERCENT)
 HIGHEST   100          1200 AM
 LOWEST     64           200 PM
 AVERAGE    82

..........................................................


THE MANSFIELD OH CLIMATE NORMALS FOR TODAY
                         NORMAL    RECORD    YEAR
 MAXIMUM TEMPERATURE (F)   51        77      1989
                                             1946
 MINIMUM TEMPERATURE (F)   32         6      1947


SUNRISE AND SUNSET
MARCH 28 2017.........SUNRISE   720 AM EDT   SUNSET   751 PM EDT
MARCH 29 2017.........SUNRISE   718 AM EDT   SUNSET   752 PM EDT


-  INDICATES NEGATIVE NUMBERS.
R  INDICATES RECORD WAS SET OR TIED.
MM INDICATES DATA IS MISSING.
T  INDICATES TRACE AMOUNT.




$$
