636
CDUS44 KBRO 260629
CLIMFE


CLIMATE REPORT
NATIONAL WEATHER SERVICE BROWNSVILLE TX
127 AM CDT THU MAY 26 2016


...................................

...THE MCALLEN CLIMATE SUMMARY FOR MAY 25 2016...

CLIMATE NORMAL PERIOD 1981 TO 2010
CLIMATE RECORD PERIOD 1961 TO 2016


WEATHER ITEM   OBSERVED TIME   RECORD YEAR NORMAL DEPARTURE LAST
                VALUE   (LST)  VALUE       VALUE  FROM      YEAR
                                                  NORMAL
..................................................................
TEMPERATURE (F)
 YESTERDAY
  MAXIMUM         94    308 PM 103    1989  94      0       93
  MINIMUM         77   1159 PM  62    1967  74      3       76
  AVERAGE         86                        84      2

PRECIPITATION (IN)
  YESTERDAY        0.59R         0.46 2007   0.08   0.51     0.00
  MONTH TO DATE    4.98                      1.79   3.19     3.76
  SINCE MAR 1      5.60                      4.16   1.44     9.74
  SINCE JAN 1      6.00                      6.32  -0.32    10.33

DEGREE DAYS
 HEATING
  YESTERDAY        0                         0      0        0
  MONTH TO DATE    0                         0      0        0
  SINCE MAR 1      7                        46    -39       66
  SINCE JUL 1    318                       579   -261      756

 COOLING
  YESTERDAY       21                        19      2       20
  MONTH TO DATE  462                       409     53      451
  SINCE MAR 1   1284                       981    303     1047
  SINCE JAN 1   1489                      1140    349     1132
..................................................................


WIND (MPH)
  HIGHEST WIND SPEED    24   HIGHEST WIND DIRECTION    SE (120)
  HIGHEST GUST SPEED    31   HIGHEST GUST DIRECTION     E (110)
  AVERAGE WIND SPEED    12.5



WEATHER CONDITIONS
 THE FOLLOWING WEATHER WAS RECORDED YESTERDAY.
  THUNDERSTORM
  HEAVY RAIN
  RAIN
  LIGHT RAIN
  FOG
  HAZE


RELATIVE HUMIDITY (PERCENT)
 HIGHEST    88
 LOWEST     59
 AVERAGE    74

..........................................................


THE MCALLEN CLIMATE NORMALS FOR TODAY
                         NORMAL    RECORD    YEAR
 MAXIMUM TEMPERATURE (F)   94        99      2000
 MINIMUM TEMPERATURE (F)   74        66      1967


SUNRISE AND SUNSET
MAY 26 2016...........SUNRISE   642 AM CDT   SUNSET   818 PM CDT
MAY 27 2016...........SUNRISE   642 AM CDT   SUNSET   819 PM CDT


-  INDICATES NEGATIVE NUMBERS.
R  INDICATES RECORD WAS SET OR TIED.
MM INDICATES DATA IS MISSING.
T  INDICATES TRACE AMOUNT.

$$
