591
CDUS44 KBRO 010639
CLIMFE


CLIMATE REPORT
NATIONAL WEATHER SERVICE BROWNSVILLE TX
139 AM CDT SUN MAY 1 2016


...................................

...THE MCALLEN CLIMATE SUMMARY FOR APRIL 30 2016...

CLIMATE NORMAL PERIOD 1981 TO 2010
CLIMATE RECORD PERIOD 1961 TO 2016


WEATHER ITEM   OBSERVED TIME   RECORD YEAR NORMAL DEPARTURE LAST
                VALUE   (LST)  VALUE       VALUE  FROM      YEAR
                                                  NORMAL
..................................................................
TEMPERATURE (F)
 YESTERDAY
  MAXIMUM        101R   324 PM 100    1962  89     12       83
  MINIMUM         79    320 AM  52    1996  69     10       56
  AVERAGE         90                        79     11

PRECIPITATION (IN)
  YESTERDAY        T             1.04 2003   0.06  -0.06     0.00
  MONTH TO DATE    0.59                      1.34  -0.75     4.59
  SINCE MAR 1      0.62                      2.37  -1.75     5.98
  SINCE JAN 1      1.02                      4.53  -3.51     6.57

SNOWFALL (IN)
  YESTERDAY        0.0
  MONTH TO DATE    0.0
  SINCE MAR 1      0.0
  SINCE JUL 1      0.0

DEGREE DAYS
 HEATING
  YESTERDAY        0                         0      0        0
  MONTH TO DATE    1                         3     -2        0
  SINCE MAR 1      7                        46    -39       66
  SINCE JUL 1    318                       579   -261      756

 COOLING
  YESTERDAY       25                        14     11        5
  MONTH TO DATE  461                       354    107      430
  SINCE MAR 1    822                       572    250      596
  SINCE JAN 1   1027                       731    296      681
..................................................................


WIND (MPH)
  HIGHEST WIND SPEED    17   HIGHEST WIND DIRECTION     E (90)
  HIGHEST GUST SPEED    21   HIGHEST GUST DIRECTION     E (100)
  AVERAGE WIND SPEED     8.1



WEATHER CONDITIONS
 THE FOLLOWING WEATHER WAS RECORDED YESTERDAY.
  LIGHT RAIN
  FOG
  HAZE


RELATIVE HUMIDITY (PERCENT)
 HIGHEST    91
 LOWEST     33
 AVERAGE    62

..........................................................


THE MCALLEN CLIMATE NORMALS FOR TODAY
                         NORMAL    RECORD    YEAR
 MAXIMUM TEMPERATURE (F)   89       100      1980
 MINIMUM TEMPERATURE (F)   69        57      1994


SUNRISE AND SUNSET
MAY  1 2016...........SUNRISE   655 AM CDT   SUNSET   805 PM CDT
MAY  2 2016...........SUNRISE   654 AM CDT   SUNSET   806 PM CDT


-  INDICATES NEGATIVE NUMBERS.
R  INDICATES RECORD WAS SET OR TIED.
MM INDICATES DATA IS MISSING.
T  INDICATES TRACE AMOUNT.




$$
