000
CDUS44 KBRO 270637
CLIMFE


CLIMATE REPORT
NATIONAL WEATHER SERVICE BROWNSVILLE TX
134 AM CDT TUE SEP 27 2016


...................................

...THE MCALLEN CLIMATE SUMMARY FOR SEPTEMBER 26 2016...

CLIMATE NORMAL PERIOD 1981 TO 2010
CLIMATE RECORD PERIOD 1961 TO 2016


WEATHER ITEM   OBSERVED TIME   RECORD YEAR NORMAL DEPARTURE LAST
                VALUE   (LST)  VALUE       VALUE  FROM      YEAR
                                                  NORMAL
..................................................................
TEMPERATURE (F)
 YESTERDAY
  MAXIMUM         90   1243 PM 103    2011  91     -1       92
  MINIMUM         77    812 AM  58    1991  71      6       70
  AVERAGE         84                        81      3

PRECIPITATION (IN)
  YESTERDAY       MM             1.47 1983   0.13  MM        0.55
  MONTH TO DATE    0.68                      4.01  -3.33     5.44
  SINCE SEP 1      0.68                      4.01  -3.33     5.44
  SINCE JAN 1      9.98                     17.58  -7.60    25.20

SNOWFALL (IN)
  YESTERDAY        0.0
  MONTH TO DATE    0.0
  SINCE SEP 1      0.0
  SINCE JUL 1      0.0

DEGREE DAYS
 HEATING
  YESTERDAY        0                         0      0        0
  MONTH TO DATE    0                         0      0        0
  SINCE SEP 1      0                         0      0        0
  SINCE JUL 1      0                         0      0        0

 COOLING
  YESTERDAY       19                        16      3       16
  MONTH TO DATE  650                       486    164      547
  SINCE SEP 1    650                       486    164      547
  SINCE JAN 1   4552                      3737    815     3974
..................................................................


WIND (MPH)
  HIGHEST WIND SPEED    17   HIGHEST WIND DIRECTION     E (100)
  HIGHEST GUST SPEED    20   HIGHEST GUST DIRECTION     E (80)
  AVERAGE WIND SPEED     6.7



WEATHER CONDITIONS
 THE FOLLOWING WEATHER WAS RECORDED YESTERDAY.
  THUNDERSTORM
  HEAVY RAIN
  RAIN
  LIGHT RAIN
  FOG


RELATIVE HUMIDITY (PERCENT)
 HIGHEST    88
 LOWEST     59
 AVERAGE    74

..........................................................


THE MCALLEN CLIMATE NORMALS FOR TODAY
                         NORMAL    RECORD    YEAR
 MAXIMUM TEMPERATURE (F)   91       102      1966
 MINIMUM TEMPERATURE (F)   71        55      1970


SUNRISE AND SUNSET
SEPTEMBER 27 2016.....SUNRISE   724 AM CDT   SUNSET   723 PM CDT
SEPTEMBER 28 2016.....SUNRISE   724 AM CDT   SUNSET   722 PM CDT


-  INDICATES NEGATIVE NUMBERS.
R  INDICATES RECORD WAS SET OR TIED.
MM INDICATES DATA IS MISSING.
T  INDICATES TRACE AMOUNT.




$$
