000
CDUS44 KBRO 272229
CLIMFE


CLIMATE REPORT
NATIONAL WEATHER SERVICE BROWNSVILLE TX
428 PM CST FRI FEB 27 2015


...................................

...THE MCALLEN CLIMATE SUMMARY FOR FEBRUARY 27 2015...
VALID TODAY AS OF 0400 PM LOCAL TIME.

CLIMATE NORMAL PERIOD 1981 TO 2010
CLIMATE RECORD PERIOD 1941 TO 2015


WEATHER ITEM   OBSERVED TIME   RECORD YEAR NORMAL DEPARTURE LAST
                VALUE   (LST)  VALUE       VALUE  FROM      YEAR
                                                  NORMAL
..................................................................
TEMPERATURE (F)
 TODAY
  MAXIMUM         63    249 PM 101    2009  78    -15       61
  MINIMUM         46    829 AM  33    1974  57    -11       42
  AVERAGE         55                        67    -12       52

PRECIPITATION (IN)
  TODAY            0.00          0.39 1985   0.03  -0.03     0.02
  MONTH TO DATE    0.40                      1.07  -0.67     0.22
  SINCE DEC 1      1.42                      3.31  -1.89     3.91
  SINCE JAN 1      0.57                      2.12  -1.55     0.88

DEGREE DAYS
 HEATING
  TODAY           10                         2      8       13
  MONTH TO DATE  136                       104     32      175
  SINCE DEC 1    542                       471     71      650
  SINCE JUL 1    671                       531    140      776

 COOLING
  TODAY            0                         4     -4        0
  MONTH TO DATE   68                        90    -22      109
  SINCE DEC 1    168                       235    -67      171
  SINCE JAN 1     85                       152    -67      125
..................................................................


WIND (MPH)
  HIGHEST WIND SPEED    18   HIGHEST WIND DIRECTION     N (20)
  HIGHEST GUST SPEED    23   HIGHEST GUST DIRECTION     N (10)
  AVERAGE WIND SPEED    10.2



WEATHER CONDITIONS
 THE FOLLOWING WEATHER WAS RECORDED TODAY.
  HAZE


..........................................................


THE MCALLEN CLIMATE NORMALS FOR TOMORROW
                         NORMAL    RECORD    YEAR
 MAXIMUM TEMPERATURE (F)   78        95      1951
 MINIMUM TEMPERATURE (F)   57        38      1942


SUNRISE AND SUNSET
FEBRUARY 27 2015......SUNRISE   658 AM CST   SUNSET   633 PM CST
FEBRUARY 28 2015......SUNRISE   658 AM CST   SUNSET   634 PM CST


-  INDICATES NEGATIVE NUMBERS.
R  INDICATES RECORD WAS SET OR TIED.
MM INDICATES DATA IS MISSING.
T  INDICATES TRACE AMOUNT.

$$
