000
CDUS44 KBRO 290726
CLIMFE


CLIMATE REPORT
NATIONAL WEATHER SERVICE BROWNSVILLE TX
125 AM CST THU JAN 29 2015


...................................

...THE MCALLEN CLIMATE SUMMARY FOR JANUARY 28 2015...

CLIMATE NORMAL PERIOD 1981 TO 2010
CLIMATE RECORD PERIOD 1941 TO 2015


WEATHER ITEM   OBSERVED TIME   RECORD YEAR NORMAL DEPARTURE LAST
                VALUE   (LST)  VALUE       VALUE  FROM      YEAR
                                                  NORMAL
..................................................................
TEMPERATURE (F)
 YESTERDAY
  MAXIMUM         80    356 PM  86    2013  72      8       55
                                      1956
  MINIMUM         49    644 AM  28    1948  52     -3       38
  AVERAGE         65                        62      3

PRECIPITATION (IN)
  YESTERDAY        0.00          0.20 1961   0.03  -0.03     0.10
  MONTH TO DATE    0.17                      0.95  -0.78     0.20
  SINCE DEC 1      1.02                      2.14  -1.12     3.23
  SINCE JAN 1      0.17                      0.95  -0.78     0.20

SNOWFALL (IN)
  YESTERDAY        0.0
  MONTH TO DATE    0.0
  SINCE DEC 1      0.0
  SINCE JUL 1      0.0

DEGREE DAYS
 HEATING
  YESTERDAY        0                         5     -5       18
  MONTH TO DATE  301                       176    125      202
  SINCE DEC 1    406                       353     53      441
  SINCE JUL 1    535                       413    122      567

 COOLING
  YESTERDAY        0                         2     -2        0
  MONTH TO DATE    5                        56    -51       16
  SINCE DEC 1     88                       139    -51       62
  SINCE JAN 1      5                        56    -51       16
..................................................................


WIND (MPH)
  HIGHEST WIND SPEED    21   HIGHEST WIND DIRECTION    SE (130)
  HIGHEST GUST SPEED    26   HIGHEST GUST DIRECTION     S (160)
  AVERAGE WIND SPEED    10.7



WEATHER CONDITIONS
 THE FOLLOWING WEATHER WAS RECORDED YESTERDAY.
  FOG


RELATIVE HUMIDITY (PERCENT)
 HIGHEST   100
 LOWEST     36
 AVERAGE    68

..........................................................


THE MCALLEN CLIMATE NORMALS FOR TODAY
                         NORMAL    RECORD    YEAR
 MAXIMUM TEMPERATURE (F)   72        90      2013
                                             1950
                                             1956
 MINIMUM TEMPERATURE (F)   52        28      1948


SUNRISE AND SUNSET
JANUARY 29 2015.......SUNRISE   719 AM CST   SUNSET   614 PM CST
JANUARY 30 2015.......SUNRISE   718 AM CST   SUNSET   614 PM CST


-  INDICATES NEGATIVE NUMBERS.
R  INDICATES RECORD WAS SET OR TIED.
MM INDICATES DATA IS MISSING.
T  INDICATES TRACE AMOUNT.




$$
