000
CDUS44 KBRO 202226
CLIMFE


CLIMATE REPORT
NATIONAL WEATHER SERVICE BROWNSVILLE TX
426 PM CST MON FEB 20 2017


...................................

...THE MCALLEN CLIMATE SUMMARY FOR FEBRUARY 20 2017...
VALID TODAY AS OF 0400 PM LOCAL TIME.

CLIMATE NORMAL PERIOD 1981 TO 2010
CLIMATE RECORD PERIOD 1961 TO 2017


WEATHER ITEM   OBSERVED TIME   RECORD YEAR NORMAL DEPARTURE LAST
                VALUE   (LST)  VALUE       VALUE  FROM      YEAR
                                                  NORMAL
..................................................................
TEMPERATURE (F)
 TODAY
  MAXIMUM         82    336 PM  99    1996  76      6       89
  MINIMUM         67   1033 AM  37    1968  55     12       71
  AVERAGE         75                        66      9       80

PRECIPITATION (IN)
  TODAY            0.32          0.43 1982   0.03   0.29     0.00
  MONTH TO DATE    0.65                      0.84  -0.19     0.00
  SINCE DEC 1      2.26                      3.08  -0.82     0.44
  SINCE JAN 1      1.63                      1.89  -0.26     0.40

SNOWFALL (IN)
  TODAY            0.0
  MONTH TO DATE    0.0
  SINCE DEC 1      0.0
  SINCE JUL 1      0.0
  SNOW DEPTH       0

DEGREE DAYS
 HEATING
  TODAY            0                         3     -3        0
  MONTH TO DATE    8                        85    -77       38
  SINCE DEC 1    181                       452   -271      273
  SINCE JUL 1    188                       512   -324      307

 COOLING
  TODAY           10                         4      6       15
  MONTH TO DATE  201                        62    139      103
  SINCE DEC 1    563                       207    356      292
  SINCE JAN 1    380                       124    256      148
..................................................................


WIND (MPH)
  HIGHEST WIND SPEED    21   HIGHEST WIND DIRECTION     S (160)
  HIGHEST GUST SPEED    29   HIGHEST GUST DIRECTION     S (170)
  AVERAGE WIND SPEED     9.1



WEATHER CONDITIONS
 THE FOLLOWING WEATHER WAS RECORDED TODAY.
  THUNDERSTORM
  HEAVY RAIN
  RAIN
  LIGHT RAIN
  FOG


..........................................................


THE MCALLEN CLIMATE NORMALS FOR TOMORROW
                         NORMAL    RECORD    YEAR
 MAXIMUM TEMPERATURE (F)   76        96      1996
 MINIMUM TEMPERATURE (F)   55        39      1964


SUNRISE AND SUNSET
FEBRUARY 20 2017......SUNRISE   704 AM CST   SUNSET   629 PM CST
FEBRUARY 21 2017......SUNRISE   703 AM CST   SUNSET   630 PM CST


-  INDICATES NEGATIVE NUMBERS.
R  INDICATES RECORD WAS SET OR TIED.
MM INDICATES DATA IS MISSING.
T  INDICATES TRACE AMOUNT.




$$
