000
CDUS44 KBRO 280639
CLIMFE


CLIMATE REPORT
NATIONAL WEATHER SERVICE BROWNSVILLE TX
139 AM CDT TUE JUL 28 2015


...................................

...THE MCALLEN CLIMATE SUMMARY FOR JULY 27 2015...

CLIMATE NORMAL PERIOD 1981 TO 2010
CLIMATE RECORD PERIOD 1941 TO 2015


WEATHER ITEM   OBSERVED TIME   RECORD YEAR NORMAL DEPARTURE LAST
                VALUE   (LST)  VALUE       VALUE  FROM      YEAR
                                                  NORMAL
..................................................................
TEMPERATURE (F)
 YESTERDAY
  MAXIMUM        101    356 PM 104    2009  98      3      100
  MINIMUM         81    628 AM  69    1976  77      4       80
  AVERAGE         91                        87      4

PRECIPITATION (IN)
  YESTERDAY        0.00          1.58 1975   0.05  -0.05     0.00
  MONTH TO DATE    0.25                      1.81  -1.56     0.60
  SINCE JUN 1      5.64                      4.39   1.25     0.90
  SINCE JAN 1     17.11                     11.17   5.94     3.78

SNOWFALL (IN)
  YESTERDAY        0.0
  MONTH TO DATE    0.0
  SINCE JUN 1      0.0
  SINCE JUL 1      0.0

DEGREE DAYS
 HEATING
  YESTERDAY        0                         0      0        0
  MONTH TO DATE    0                         0      0        0
  SINCE JUN 1      0                         0      0        0
  SINCE JUL 1      0                         0      0        0

 COOLING
  YESTERDAY       26                        22      4       25
  MONTH TO DATE  649                       584     65      611
  SINCE JUN 1   1290                      1212     78     1281
  SINCE JAN 1   2535                      2467     68     2337
..................................................................


WIND (MPH)
  HIGHEST WIND SPEED    26   HIGHEST WIND DIRECTION    SE (130)
  HIGHEST GUST SPEED    34   HIGHEST GUST DIRECTION    SE (130)
  AVERAGE WIND SPEED    16.3



WEATHER CONDITIONS
 THE FOLLOWING WEATHER WAS RECORDED YESTERDAY.
  HAZE


RELATIVE HUMIDITY (PERCENT)
 HIGHEST    85
 LOWEST     37
 AVERAGE    61

..........................................................


THE MCALLEN CLIMATE NORMALS FOR TODAY
                         NORMAL    RECORD    YEAR
 MAXIMUM TEMPERATURE (F)   98       104      1943
 MINIMUM TEMPERATURE (F)   77        70      1952
                                             1956
                                             1961


SUNRISE AND SUNSET
JULY 28 2015..........SUNRISE   656 AM CDT   SUNSET   822 PM CDT
JULY 29 2015..........SUNRISE   657 AM CDT   SUNSET   822 PM CDT


-  INDICATES NEGATIVE NUMBERS.
R  INDICATES RECORD WAS SET OR TIED.
MM INDICATES DATA IS MISSING.
T  INDICATES TRACE AMOUNT.




$$
