000
CDUS44 KBRO 070725
CLIMFE


CLIMATE REPORT
NATIONAL WEATHER SERVICE BROWNSVILLE TX
125 AM CST SUN FEB 7 2016


...................................

...THE MCALLEN CLIMATE SUMMARY FOR FEBRUARY 6 2016...

CLIMATE NORMAL PERIOD 1981 TO 2010
CLIMATE RECORD PERIOD 1941 TO 2016


WEATHER ITEM   OBSERVED TIME   RECORD YEAR NORMAL DEPARTURE LAST
                VALUE   (LST)  VALUE       VALUE  FROM      YEAR
                                                  NORMAL
..................................................................
TEMPERATURE (F)
 YESTERDAY
  MAXIMUM         76    339 PM  88    1950  74      2       62
                                      1951
                                      1976
  MINIMUM         47   1005 PM  30    1989  53     -6       52
  AVERAGE         62                        63     -1

PRECIPITATION (IN)
  YESTERDAY        0.00          0.37 1988   0.04  -0.04     0.00
  MONTH TO DATE    0.00                      0.27  -0.27     0.37
  SINCE DEC 1      0.44                      2.51  -2.07     1.39
  SINCE JAN 1      0.40                      1.32  -0.92     0.54

SNOWFALL (IN)
  YESTERDAY        0.0
  MONTH TO DATE    0.0
  SINCE DEC 1      0.0
  SINCE JUL 1      0.0

DEGREE DAYS
 HEATING
  YESTERDAY        3                         5     -2        8
  MONTH TO DATE   24                        30     -6       48
  SINCE DEC 1    259                       397   -138      454
  SINCE JUL 1    293                       457   -164      583

 COOLING
  YESTERDAY        0                         3     -3        0
  MONTH TO DATE   17                        16      1        6
  SINCE DEC 1    206                       161     45      106
  SINCE JAN 1     62                        78    -16       23
..................................................................


WIND (MPH)
  HIGHEST WIND SPEED    23   HIGHEST WIND DIRECTION    NW (320)
  HIGHEST GUST SPEED    29   HIGHEST GUST DIRECTION    NW (300)
  AVERAGE WIND SPEED     7.3



WEATHER CONDITIONS
 THE FOLLOWING WEATHER WAS RECORDED YESTERDAY.
  NO SIGNIFICANT WEATHER WAS OBSERVED.


RELATIVE HUMIDITY (PERCENT)
 HIGHEST    86
 LOWEST     10
 AVERAGE    48

..........................................................


THE MCALLEN CLIMATE NORMALS FOR TODAY
                         NORMAL    RECORD    YEAR
 MAXIMUM TEMPERATURE (F)   74        88      1948
                                             1974
 MINIMUM TEMPERATURE (F)   53        30      1989


SUNRISE AND SUNSET
FEBRUARY  7 2016......SUNRISE   714 AM CST   SUNSET   620 PM CST
FEBRUARY  8 2016......SUNRISE   714 AM CST   SUNSET   621 PM CST


-  INDICATES NEGATIVE NUMBERS.
R  INDICATES RECORD WAS SET OR TIED.
MM INDICATES DATA IS MISSING.
T  INDICATES TRACE AMOUNT.




$$
