000
CDUS44 KBRO 250730
CLIMFE


CLIMATE REPORT
NATIONAL WEATHER SERVICE BROWNSVILLE TX
130 AM CST SUN FEB 25 2018


...................................

...THE MCALLEN CLIMATE SUMMARY FOR FEBRUARY 24 2018...

CLIMATE NORMAL PERIOD 1981 TO 2010
CLIMATE RECORD PERIOD 1961 TO 2018


WEATHER ITEM   OBSERVED TIME   RECORD YEAR NORMAL DEPARTURE LAST
                VALUE   (LST)  VALUE       VALUE  FROM      YEAR
                                                  NORMAL
..................................................................
TEMPERATURE (F)
 YESTERDAY
  MAXIMUM         93    230 PM  97    2011  77     16       95
  MINIMUM         74    745 AM  33    1968  56     18       69
  AVERAGE         84                        66     18

PRECIPITATION (IN)
  YESTERDAY        0.00          0.99 1985   0.03  -0.03     0.00
  MONTH TO DATE    0.48                      0.97  -0.49     0.65
  SINCE DEC 1      2.25                      3.21  -0.96     2.26
  SINCE JAN 1      1.02                      2.02  -1.00     1.63

SNOWFALL (IN)
  YESTERDAY        0.0
  MONTH TO DATE    0.0
  SINCE DEC 1      0.3
  SINCE JUL 1      0.3

DEGREE DAYS
 HEATING
  YESTERDAY        0                         3     -3        0
  MONTH TO DATE   67                        97    -30        8
  SINCE DEC 1    521                       464     57      181
  SINCE JUL 1    550                       524     26      188

 COOLING
  YESTERDAY       19                         4     15       17
  MONTH TO DATE  175                        78     97      248
  SINCE DEC 1    301                       223     78      610
  SINCE JAN 1    213                       140     73      427
..................................................................


WIND (MPH)
  HIGHEST WIND SPEED    29   HIGHEST WIND DIRECTION     S (160)
  HIGHEST GUST SPEED    39   HIGHEST GUST DIRECTION     S (160)
  AVERAGE WIND SPEED    18.0



WEATHER CONDITIONS
 THE FOLLOWING WEATHER WAS RECORDED YESTERDAY.
  FOG


RELATIVE HUMIDITY (PERCENT)
 HIGHEST    87
 LOWEST     41
 AVERAGE    64

..........................................................


THE MCALLEN CLIMATE NORMALS FOR TODAY
                         NORMAL    RECORD    YEAR
 MAXIMUM TEMPERATURE (F)   77        97      2008
 MINIMUM TEMPERATURE (F)   56        30      1961


SUNRISE AND SUNSET
FEBRUARY 25 2018......SUNRISE   700 AM CST   SUNSET   632 PM CST
FEBRUARY 26 2018......SUNRISE   659 AM CST   SUNSET   633 PM CST


-  INDICATES NEGATIVE NUMBERS.
R  INDICATES RECORD WAS SET OR TIED.
MM INDICATES DATA IS MISSING.
T  INDICATES TRACE AMOUNT.




$$
