000
CDUS44 KBRO 300626
CLIMFE


CLIMATE REPORT
NATIONAL WEATHER SERVICE BROWNSVILLE TX
126 AM CDT TUE AUG 30 2016


...................................

...THE MCALLEN CLIMATE SUMMARY FOR AUGUST 29 2016...

CLIMATE NORMAL PERIOD 1981 TO 2010
CLIMATE RECORD PERIOD 1961 TO 2016


WEATHER ITEM   OBSERVED TIME   RECORD YEAR NORMAL DEPARTURE LAST
                VALUE   (LST)  VALUE       VALUE  FROM      YEAR
                                                  NORMAL
..................................................................
TEMPERATURE (F)
 YESTERDAY
  MAXIMUM        101    407 PM 107    2012  97      4       98
  MINIMUM         78    529 AM  70    1970  76      2       74
                                      1961
  AVERAGE         90                        86      4

PRECIPITATION (IN)
  YESTERDAY        0.00          3.26 1977   0.12  -0.12     0.00
  MONTH TO DATE    0.80                      1.98  -1.18     2.65
  SINCE JUN 1      1.29                      6.56  -5.27     8.29
  SINCE JAN 1      9.26                     13.34  -4.08    19.76

SNOWFALL (IN)
  YESTERDAY        0.0
  MONTH TO DATE    0.0
  SINCE JUN 1      0.0
  SINCE JUL 1      0.0

DEGREE DAYS
 HEATING
  YESTERDAY        0                         0      0        0
  MONTH TO DATE    0                         0      0        0
  SINCE JUN 1      0                         0      0        0
  SINCE JUL 1      0                         0      0        0

 COOLING
  YESTERDAY       25                        22      3       21
  MONTH TO DATE  760                       656    104      743
  SINCE JUN 1   2238                      1958    280     2137
  SINCE JAN 1   3856                      3213    643     3382
..................................................................


WIND (MPH)
  HIGHEST WIND SPEED    18   HIGHEST WIND DIRECTION     N (20)
  HIGHEST GUST SPEED    26   HIGHEST GUST DIRECTION    NE (30)
  AVERAGE WIND SPEED     6.9



WEATHER CONDITIONS
 THE FOLLOWING WEATHER WAS RECORDED YESTERDAY.
  NO SIGNIFICANT WEATHER WAS OBSERVED.


RELATIVE HUMIDITY (PERCENT)
 HIGHEST    85
 LOWEST     36
 AVERAGE    61

..........................................................


THE MCALLEN CLIMATE NORMALS FOR TODAY
                         NORMAL    RECORD    YEAR
 MAXIMUM TEMPERATURE (F)   97       107      2012
 MINIMUM TEMPERATURE (F)   76        70      1976


SUNRISE AND SUNSET
AUGUST 30 2016........SUNRISE   712 AM CDT   SUNSET   754 PM CDT
AUGUST 31 2016........SUNRISE   713 AM CDT   SUNSET   753 PM CDT


-  INDICATES NEGATIVE NUMBERS.
R  INDICATES RECORD WAS SET OR TIED.
MM INDICATES DATA IS MISSING.
T  INDICATES TRACE AMOUNT.




$$
