000
CDUS44 KBRO 200633
CLIMFE


CLIMATE REPORT
NATIONAL WEATHER SERVICE BROWNSVILLE TX
133 AM CDT WED SEP 20 2017


...................................

...THE MCALLEN CLIMATE SUMMARY FOR SEPTEMBER 19 2017...

CLIMATE NORMAL PERIOD 1981 TO 2010
CLIMATE RECORD PERIOD 1961 TO 2017


WEATHER ITEM   OBSERVED TIME   RECORD YEAR NORMAL DEPARTURE LAST
                VALUE   (LST)  VALUE       VALUE  FROM      YEAR
                                                  NORMAL
..................................................................
TEMPERATURE (F)
 YESTERDAY
  MAXIMUM        101    341 PM 104    2016  92      9      104
  MINIMUM         80    651 AM  58    1981  73      7       80
  AVERAGE         91                        82      9

PRECIPITATION (IN)
  YESTERDAY        0.00          3.69 2003   0.15  -0.15     0.00
  MONTH TO DATE    0.47                      3.07  -2.60     0.68
  SINCE SEP 1      0.47                      3.07  -2.60     0.68
  SINCE JAN 1      7.26                     16.64  -9.38     9.98

SNOWFALL (IN)
  YESTERDAY        0.0
  MONTH TO DATE    0.0
  SINCE SEP 1      0.0
  SINCE JUL 1      0.0

DEGREE DAYS
 HEATING
  YESTERDAY        0                         0      0        0
  MONTH TO DATE    0                         0      0        0
  SINCE SEP 1      0                         0      0        0
  SINCE JUL 1      0                         0      0        0

 COOLING
  YESTERDAY       26                        18      8       27
  MONTH TO DATE  406                       369     37      478
  SINCE SEP 1    406                       369     37      478
  SINCE JAN 1   4672                      3620   1052     4380
..................................................................


WIND (MPH)
  HIGHEST WIND SPEED    25   HIGHEST WIND DIRECTION    SE (130)
  HIGHEST GUST SPEED    29   HIGHEST GUST DIRECTION    SE (120)
  AVERAGE WIND SPEED    13.5



WEATHER CONDITIONS
 THE FOLLOWING WEATHER WAS RECORDED YESTERDAY.
  FOG
  HAZE


RELATIVE HUMIDITY (PERCENT)
 HIGHEST    91
 LOWEST     39
 AVERAGE    65

..........................................................


THE MCALLEN CLIMATE NORMALS FOR TODAY
                         NORMAL    RECORD    YEAR
 MAXIMUM TEMPERATURE (F)   92       103      2016
 MINIMUM TEMPERATURE (F)   73        59      1981


SUNRISE AND SUNSET
SEPTEMBER 20 2017.....SUNRISE   721 AM CDT   SUNSET   731 PM CDT
SEPTEMBER 21 2017.....SUNRISE   721 AM CDT   SUNSET   730 PM CDT


-  INDICATES NEGATIVE NUMBERS.
R  INDICATES RECORD WAS SET OR TIED.
MM INDICATES DATA IS MISSING.
T  INDICATES TRACE AMOUNT.




$$
