727
CDUS44 KBRO 240726
CLIMFE


CLIMATE REPORT
NATIONAL WEATHER SERVICE BROWNSVILLE TX
125 AM CST FRI NOV 24 2017


...................................

...THE MCALLEN CLIMATE SUMMARY FOR NOVEMBER 23 2017...

CLIMATE NORMAL PERIOD 1981 TO 2010
CLIMATE RECORD PERIOD 1961 TO 2017


WEATHER ITEM   OBSERVED TIME   RECORD YEAR NORMAL DEPARTURE LAST
                VALUE   (LST)  VALUE       VALUE  FROM      YEAR
                                                  NORMAL
..................................................................
TEMPERATURE (F)
 YESTERDAY
  MAXIMUM         76    412 PM  92    1981  78     -2       88
  MINIMUM         46    642 AM  36    1975  57    -11       66
  AVERAGE         61                        67     -6

PRECIPITATION (IN)
  YESTERDAY        0.00          0.78 2012   0.03  -0.03     0.00
  MONTH TO DATE    3.14                      0.71   2.43     1.90
  SINCE SEP 1     11.72                      7.26   4.46     3.74
  SINCE JAN 1     18.51                     20.83  -2.32    13.04

SNOWFALL (IN)
  YESTERDAY        0.0
  MONTH TO DATE    0.0
  SINCE SEP 1      0.0
  SINCE JUL 1      0.0

DEGREE DAYS
 HEATING
  YESTERDAY        4                         3      1        0
  MONTH TO DATE   18                        34    -16        7
  SINCE SEP 1     28                        39    -11        7
  SINCE JUL 1     28                        39    -11        7

 COOLING
  YESTERDAY        0                         5     -5       12
  MONTH TO DATE  235                       158     77      247
  SINCE SEP 1   1294                      1089    205     1529
  SINCE JAN 1   5560                      4340   1220     5431
..................................................................


WIND (MPH)
  HIGHEST WIND SPEED     9   HIGHEST WIND DIRECTION     E (100)
  HIGHEST GUST SPEED    14   HIGHEST GUST DIRECTION    NW (310)
  AVERAGE WIND SPEED     4.0



WEATHER CONDITIONS
 THE FOLLOWING WEATHER WAS RECORDED YESTERDAY.
  NO SIGNIFICANT WEATHER WAS OBSERVED.


RELATIVE HUMIDITY (PERCENT)
 HIGHEST    86
 LOWEST     27
 AVERAGE    57

..........................................................


THE MCALLEN CLIMATE NORMALS FOR TODAY
                         NORMAL    RECORD    YEAR
 MAXIMUM TEMPERATURE (F)   77        91      2010
                                             1985
 MINIMUM TEMPERATURE (F)   56        36      1970


SUNRISE AND SUNSET
NOVEMBER 24 2017......SUNRISE   658 AM CST   SUNSET   541 PM CST
NOVEMBER 25 2017......SUNRISE   659 AM CST   SUNSET   541 PM CST


-  INDICATES NEGATIVE NUMBERS.
R  INDICATES RECORD WAS SET OR TIED.
MM INDICATES DATA IS MISSING.
T  INDICATES TRACE AMOUNT.




$$
