000
CDUS46 KMFR 181813
CLIMFR

CLIMATE REPORT
NATIONAL WEATHER SERVICE MEDFORD, OR
1013 AM PST SAT NOV 18 2017


...................................

...THE MEDFORD OR CLIMATE SUMMARY FOR NOVEMBER 17 2017...

CLIMATE NORMAL PERIOD 1981 TO 2010
CLIMATE RECORD PERIOD 1911 TO 2017


WEATHER ITEM   OBSERVED TIME   RECORD YEAR NORMAL DEPARTURE LAST
                VALUE   (LST)  VALUE       VALUE  FROM      YEAR
                                                  NORMAL
..................................................................
TEMPERATURE (F)
 YESTERDAY
  MAXIMUM         52    310 PM  69    1936  52      0       51
  MINIMUM         32   1159 PM  14    1961  36     -4       38
  AVERAGE         42                        44     -2       45

PRECIPITATION (IN)
  YESTERDAY        T             1.75 1920   0.10  -0.10     0.00
  MONTH TO DATE    1.66                      1.54   0.12     0.81
  SINCE OCT 1      2.55                      2.67  -0.12     6.30
  SINCE JAN 1     16.07                     13.38   2.69    16.32

SNOWFALL (IN)
  YESTERDAY       MM                         0.1   MM        0.0
  MONTH TO DATE    0.0                       0.1   -0.1      0.0
  SINCE JUL 1      0.0                       0.1   -0.1      0.0
  SNOW DEPTH       0

DEGREE DAYS
 HEATING
  YESTERDAY       23                        21      2       20
  MONTH TO DATE  316                       313      3      207
  SINCE SEP 1    687                       663     24      533
  SINCE JUL 1    687                       673     14      535

 COOLING
  YESTERDAY        0                         0      0        0
  MONTH TO DATE    0                         0      0        0
  SINCE SEP 1    156                       122     34      113
  SINCE JAN 1   1281                       829    452     1058
..................................................................


WIND (MPH)
  HIGHEST WIND SPEED     8   HIGHEST WIND DIRECTION     N (10)
  HIGHEST GUST SPEED    10   HIGHEST GUST DIRECTION     N (360)
  AVERAGE WIND SPEED     1.4


SKY COVER
  POSSIBLE SUNSHINE  MM
  AVERAGE SKY COVER 0.5


WEATHER CONDITIONS
 THE FOLLOWING WEATHER WAS RECORDED YESTERDAY.
  FOG


RELATIVE HUMIDITY (PERCENT)
 HIGHEST   100          1200 AM
 LOWEST     44           200 PM
 AVERAGE    72

..........................................................


THE MEDFORD OR CLIMATE NORMALS FOR TODAY
                         NORMAL    RECORD    YEAR
 MAXIMUM TEMPERATURE (F)   51        68      2007
 MINIMUM TEMPERATURE (F)   36        19      1975


SUNRISE AND SUNSET
NOVEMBER 18 2017......SUNRISE   706 AM PST   SUNSET   447 PM PST
NOVEMBER 19 2017......SUNRISE   708 AM PST   SUNSET   446 PM PST


-  INDICATES NEGATIVE NUMBERS.
R  INDICATES RECORD WAS SET OR TIED.
MM INDICATES DATA IS MISSING.
T  INDICATES TRACE AMOUNT.

&&

THE LOW TEMPERATURE THIS MORNING WAS 26 DEGREES.

PRECIPITATION IN THE LAST 24 HOURS, AS OF 10 AM PST THIS MORNING,
WAS 0.00 INCHES.


$$
