000
CDUS46 KMFR 280036
CLIMFR


CLIMATE REPORT
NATIONAL WEATHER SERVICE MEDFORD, OR
435 PM PST THU NOV 27 2014


...................................

...THE MEDFORD OR CLIMATE SUMMARY FOR NOVEMBER 27 2014...
VALID TODAY AS OF 0400 PM LOCAL TIME.

CLIMATE NORMAL PERIOD 1981 TO 2010
CLIMATE RECORD PERIOD 1911 TO 2014


WEATHER ITEM   OBSERVED TIME   RECORD YEAR NORMAL DEPARTURE LAST
                VALUE   (LST)  VALUE       VALUE  FROM      YEAR
                                                  NORMAL
..................................................................
TEMPERATURE (F)
 TODAY
  MAXIMUM         59    310 PM  64    1949  49     10       49
                                      1936
  MINIMUM         45    804 AM  13    1919  35     10       30
  AVERAGE         52                        42     10       40

PRECIPITATION (IN)
  TODAY            T             1.09 1984   0.12  -0.12     0.00
  MONTH TO DATE    1.20                      2.66  -1.46     1.12
  SINCE SEP 1      5.83                      4.36   1.47     4.08
  SINCE JAN 1     17.22                     14.50   2.72     8.63

SNOWFALL (IN)
  TODAY            0.0                       0.1   -0.1      0.0
  MONTH TO DATE    0.0                       0.2   -0.2      0.0
  SINCE JUL 1      0.0                       0.2   -0.2      0.0
  SNOW DEPTH       0

DEGREE DAYS
 HEATING
  TODAY           13                        23    -10       25
  MONTH TO DATE  446                       537    -91      540
  SINCE SEP 1    615                       887   -272      982
  SINCE JUL 1    615                       897   -282      982

 COOLING
  TODAY            0                         0      0        0
  MONTH TO DATE    0                         0      0        0
  SINCE SEP 1    224                       122    102      142
  SINCE JAN 1   1238                       829    409     1057
..................................................................


WIND (MPH)
  HIGHEST WIND SPEED    10   HIGHEST WIND DIRECTION    NE (50)
  HIGHEST GUST SPEED    13   HIGHEST GUST DIRECTION    NE (50)
  AVERAGE WIND SPEED     3.7


SKY COVER
  POSSIBLE SUNSHINE  MM
  AVERAGE SKY COVER 0.9


WEATHER CONDITIONS
 THE FOLLOWING WEATHER WAS RECORDED TODAY.
  LIGHT RAIN
  FOG
  FOG W/VISIBILITY <= 1/4 MILE


RELATIVE HUMIDITY (PERCENT)
 HIGHEST   100           600 AM
 LOWEST     72           100 PM
 AVERAGE    86

..........................................................


THE MEDFORD OR CLIMATE NORMALS FOR TOMORROW
                         NORMAL    RECORD    YEAR
 MAXIMUM TEMPERATURE (F)   48        64      2002
                                             1993
 MINIMUM TEMPERATURE (F)   35        15      1952


SUNRISE AND SUNSET
NOVEMBER 27 2014......SUNRISE   717 AM PST   SUNSET   441 PM PST
NOVEMBER 28 2014......SUNRISE   718 AM PST   SUNSET   441 PM PST


-  INDICATES NEGATIVE NUMBERS.
R  INDICATES RECORD WAS SET OR TIED.
MM INDICATES DATA IS MISSING.
T  INDICATES TRACE AMOUNT.




$$
