000
CDUS46 KMFR 290047
CLIMFR


CLIMATE REPORT
NATIONAL WEATHER SERVICE MEDFORD, OR
447 PM PST SUN DEC 28 2014


...................................

...THE MEDFORD OR CLIMATE SUMMARY FOR DECEMBER 28 2014...
VALID TODAY AS OF 0400 PM LOCAL TIME.

CLIMATE NORMAL PERIOD 1981 TO 2010
CLIMATE RECORD PERIOD 1911 TO 2014


WEATHER ITEM   OBSERVED TIME   RECORD YEAR NORMAL DEPARTURE LAST
                VALUE   (LST)  VALUE       VALUE  FROM      YEAR
                                                  NORMAL
..................................................................
TEMPERATURE (F)
 TODAY
  MAXIMUM         50    313 PM  63    2011  45      5       32
  MINIMUM         39    907 AM  16    1930  32      7       28
  AVERAGE         45                        39      6       30

PRECIPITATION (IN)
  TODAY            0.06          1.54 1945   0.10  -0.04     0.00
  MONTH TO DATE    2.25                      3.19  -0.94     0.36
  SINCE SEP 1      8.83                      7.91   0.92     4.44
  SINCE JAN 1     20.22                     18.05   2.17     8.99

SNOWFALL (IN)
  TODAY            0.0                       0.1   -0.1      0.0
  MONTH TO DATE    0.0                       1.3   -1.3      3.4
  SINCE JUL 1      0.0                       1.5   -1.5      3.4
  SNOW DEPTH       0

DEGREE DAYS
 HEATING
  TODAY           20                        26     -6       35
  MONTH TO DATE  497                       716   -219      949
  SINCE DEC 1    497                       716   -219      949
  SINCE JUL 1   1171                      1685   -514     2000

 COOLING
  TODAY            0                         0      0        0
  MONTH TO DATE    0                         0      0        0
  SINCE DEC 1      0                         0      0        0
  SINCE JAN 1   1238                       829    409     1057
..................................................................


WIND (MPH)
  HIGHEST WIND SPEED    10   HIGHEST WIND DIRECTION     N (10)
  HIGHEST GUST SPEED    12   HIGHEST GUST DIRECTION    NE (30)
  AVERAGE WIND SPEED     0.8


SKY COVER
  POSSIBLE SUNSHINE  MM
  AVERAGE SKY COVER 0.9


WEATHER CONDITIONS
 THE FOLLOWING WEATHER WAS RECORDED TODAY.
  LIGHT RAIN
  FOG
  HAZE


RELATIVE HUMIDITY (PERCENT)
 HIGHEST    92           100 AM
 LOWEST     66           300 PM
 AVERAGE    79

..........................................................


THE MEDFORD OR CLIMATE NORMALS FOR TOMORROW
                         NORMAL    RECORD    YEAR
 MAXIMUM TEMPERATURE (F)   46        61      1937
 MINIMUM TEMPERATURE (F)   32        14      1978
                                             1916


SUNRISE AND SUNSET
DECEMBER 28 2014......SUNRISE   740 AM PST   SUNSET   446 PM PST
DECEMBER 29 2014......SUNRISE   740 AM PST   SUNSET   447 PM PST


-  INDICATES NEGATIVE NUMBERS.
R  INDICATES RECORD WAS SET OR TIED.
MM INDICATES DATA IS MISSING.
T  INDICATES TRACE AMOUNT.




$$
