000
CDUS46 KMFR 190856
CLIMFR


CLIMATE REPORT
NATIONAL WEATHER SERVICE MEDFORD, OR
1252 AM PST FRI JAN 19 2018


...................................

...THE MEDFORD OR CLIMATE SUMMARY FOR JANUARY 18 2018...

CLIMATE NORMAL PERIOD 1981 TO 2010
CLIMATE RECORD PERIOD 1911 TO 2018


WEATHER ITEM   OBSERVED TIME   RECORD YEAR NORMAL DEPARTURE LAST
                VALUE   (LST)  VALUE       VALUE  FROM      YEAR
                                                  NORMAL
..................................................................
TEMPERATURE (F)
 YESTERDAY
  MAXIMUM         53   1257 PM  65    1981  48      5       54
  MINIMUM         36   1028 PM  13    1943  33      3       41
  AVERAGE         45                        40      5       48

PRECIPITATION (IN)
  YESTERDAY        0.37          1.07 1953   0.07   0.30     0.53
  MONTH TO DATE    1.08                      1.55  -0.47     4.24
  SINCE OCT 1      5.69                      9.19  -3.50    15.93
  SINCE JAN 1      1.08                      1.55  -0.47     4.24

SNOWFALL (IN)
  YESTERDAY       MM                         0.0   MM        0.0
  MONTH TO DATE    0.0                       0.8   -0.8     11.4
  SINCE JUL 1      0.0                       2.5   -2.5     11.8
  SNOW DEPTH       0

DEGREE DAYS
 HEATING
  YESTERDAY       20                        25     -5       17
  MONTH TO DATE  385                       459    -74      554
  SINCE DEC 1   1211                      1256    -45     1406
  SINCE JUL 1   2146                      2225    -79     2179

 COOLING
  YESTERDAY        0                         0      0        0
  MONTH TO DATE    0                         0      0        0
  SINCE DEC 1      0                         0      0        0
  SINCE JAN 1      0                         0      0        0
..................................................................


WIND (MPH)
  HIGHEST WIND SPEED    15   HIGHEST WIND DIRECTION    NW (300)
  HIGHEST GUST SPEED    20   HIGHEST GUST DIRECTION    NW (300)
  AVERAGE WIND SPEED     3.6


SKY COVER
  POSSIBLE SUNSHINE  MM
  AVERAGE SKY COVER 0.8


WEATHER CONDITIONS
 THE FOLLOWING WEATHER WAS RECORDED YESTERDAY.
  LIGHT RAIN
  FOG


RELATIVE HUMIDITY (PERCENT)
 HIGHEST   100           100 AM
 LOWEST     71           100 PM
 AVERAGE    86

..........................................................


THE MEDFORD OR CLIMATE NORMALS FOR TODAY
                         NORMAL    RECORD    YEAR
 MAXIMUM TEMPERATURE (F)   48        63      1981
 MINIMUM TEMPERATURE (F)   33         9      1922


SUNRISE AND SUNSET
JANUARY 19 2018.......SUNRISE   736 AM PST   SUNSET   509 PM PST
JANUARY 20 2018.......SUNRISE   735 AM PST   SUNSET   510 PM PST


-  INDICATES NEGATIVE NUMBERS.
R  INDICATES RECORD WAS SET OR TIED.
MM INDICATES DATA IS MISSING.
T  INDICATES TRACE AMOUNT.




$$
