000
CDUS46 KMFR 030038
CLIMFR


CLIMATE REPORT
NATIONAL WEATHER SERVICE MEDFORD, OR
538 PM PDT TUE JUN 2 2015


...................................

...THE MEDFORD OR CLIMATE SUMMARY FOR JUNE 2 2015...
VALID TODAY AS OF 0500 PM LOCAL TIME.

CLIMATE NORMAL PERIOD 1981 TO 2010
CLIMATE RECORD PERIOD 1911 TO 2015


WEATHER ITEM   OBSERVED TIME   RECORD YEAR NORMAL DEPARTURE LAST
                VALUE   (LST)  VALUE       VALUE  FROM      YEAR
                                                  NORMAL
..................................................................
TEMPERATURE (F)
 TODAY
  MAXIMUM         71   1235 PM 102    1924  78     -7       86
  MINIMUM         57    522 AM  35    1976  50      7       50
  AVERAGE         64                        64      0       68

PRECIPITATION (IN)
  TODAY            0.01          0.50 1943   0.03  -0.02     0.00
  MONTH TO DATE    0.26                      0.07   0.19     0.00
  SINCE OCT 1     13.94                     16.55  -2.61    11.80
  SINCE JAN 1      7.09                      8.91  -1.82    10.12

SNOWFALL (IN)
  TODAY            0.0                       0.0    0.0      0.0
  MONTH TO DATE    0.0                       0.0    0.0      0.0
  SINCE JUL 1      T                         4.1   -4.1      3.4
  SNOW DEPTH       0

DEGREE DAYS
 HEATING
  TODAY            1                         4     -3        0
  MONTH TO DATE    7                         8     -1        0
  SINCE JUN 1      7                         8     -1        0
  SINCE JUL 1   3243                      4205   -962     4157

 COOLING
  TODAY            0                         2     -2        3
  MONTH TO DATE    0                         4     -4        5
  SINCE JUN 1      0                         4     -4        5
  SINCE JAN 1     45                        42      3       61
..................................................................


WIND (MPH)
  HIGHEST WIND SPEED    14   HIGHEST WIND DIRECTION     N (350)
  HIGHEST GUST SPEED    19   HIGHEST GUST DIRECTION    NW (300)
  AVERAGE WIND SPEED     4.8


SKY COVER
  POSSIBLE SUNSHINE  MM
  AVERAGE SKY COVER 0.9


WEATHER CONDITIONS
 THE FOLLOWING WEATHER WAS RECORDED TODAY.
  LIGHT RAIN


RELATIVE HUMIDITY (PERCENT)
 HIGHEST    93           100 AM
 LOWEST     36           100 PM
 AVERAGE    65

..........................................................


THE MEDFORD OR CLIMATE NORMALS FOR TOMORROW
                         NORMAL    RECORD    YEAR
 MAXIMUM TEMPERATURE (F)   78       100      1987
 MINIMUM TEMPERATURE (F)   50        35      1962
                                             1917


SUNRISE AND SUNSET
JUNE  2 2015..........SUNRISE   537 AM PDT   SUNSET   842 PM PDT
JUNE  3 2015..........SUNRISE   536 AM PDT   SUNSET   843 PM PDT


-  INDICATES NEGATIVE NUMBERS.
R  INDICATES RECORD WAS SET OR TIED.
MM INDICATES DATA IS MISSING.
T  INDICATES TRACE AMOUNT.




$$
