000
CDUS46 KMFR 211207
CLIMFR

CLIMATE REPORT
NATIONAL WEATHER SERVICE MEDFORD, OR
500 AM PDT TUE OCT 21 2014


...................................

...THE MEDFORD OR CLIMATE SUMMARY FOR OCTOBER 20 2014...

CLIMATE NORMAL PERIOD 1981 TO 2010
CLIMATE RECORD PERIOD 1911 TO 2014


WEATHER ITEM   OBSERVED TIME   RECORD YEAR NORMAL DEPARTURE LAST
                VALUE   (LST)  VALUE       VALUE  FROM      YEAR
                                                  NORMAL
..................................................................
TEMPERATURE (F)
 YESTERDAY
  MAXIMUM         65    213 PM  83    1987  68     -3       75
  MINIMUM         48   1159 PM  23    1949  41      7       38
  AVERAGE         57                        54      3       57

PRECIPITATION (IN)
  YESTERDAY        0.56          0.73 1985   0.04   0.52     0.00
  MONTH TO DATE    0.90                      0.56   0.34     0.19
  SINCE SEP 1      2.94                      1.13   1.81     2.95
  SINCE JAN 1     14.33                     11.27   3.06     7.50

SNOWFALL (IN)
  YESTERDAY       MM                         0.0   MM        0.0
  MONTH TO DATE    0.0                       0.0    0.0      0.0
  SINCE JUL 1      0.0                       0.0    0.0      0.0
  SNOW DEPTH       0

DEGREE DAYS
 HEATING
  YESTERDAY        8                        11     -3        8
  MONTH TO DATE   59                       146    -87      233
  SINCE SEP 1     71                       205   -134      317
  SINCE JUL 1     71                       215   -144      317

 COOLING
  YESTERDAY        0                         0      0        0
  MONTH TO DATE   21                         8     13        0
  SINCE SEP 1    224                       120    104      142
  SINCE JAN 1   1238                       827    411     1057
..................................................................


WIND (MPH)
  HIGHEST WIND SPEED    17   HIGHEST WIND DIRECTION    NW (300)
  HIGHEST GUST SPEED    23   HIGHEST GUST DIRECTION     W (290)
  AVERAGE WIND SPEED     4.9


SKY COVER
  POSSIBLE SUNSHINE  MM
  AVERAGE SKY COVER 0.8


WEATHER CONDITIONS
 THE FOLLOWING WEATHER WAS RECORDED YESTERDAY.

  HEAVY RAIN
  RAIN
  LIGHT RAIN
  FOG
  HAZE


RELATIVE HUMIDITY (PERCENT)
 HIGHEST    93           400 AM
 LOWEST     60           200 PM
 AVERAGE    77

..........................................................


THE MEDFORD OR CLIMATE NORMALS FOR TODAY
                         NORMAL    RECORD    YEAR
 MAXIMUM TEMPERATURE (F)   67        83      2003
 MINIMUM TEMPERATURE (F)   41        26      1933


SUNRISE AND SUNSET
OCTOBER 21 2014.......SUNRISE   731 AM PDT   SUNSET   620 PM PDT
OCTOBER 22 2014.......SUNRISE   733 AM PDT   SUNSET   618 PM PDT


-  INDICATES NEGATIVE NUMBERS.
R  INDICATES RECORD WAS SET OR TIED.
MM INDICATES DATA IS MISSING.
T  INDICATES TRACE AMOUNT.


&&

LOW TEMPERATURE THIS MORNING...... 47
24-HOUR PRECIPITATION.............0.38

$$
