000
CDUS46 KMFR 260845
CLIMFR


CLIMATE REPORT
NATIONAL WEATHER SERVICE MEDFORD, OR
1244 AM PST MON JAN 26 2015


...................................

...THE MEDFORD OR CLIMATE SUMMARY FOR JANUARY 25 2015...

CLIMATE NORMAL PERIOD 1981 TO 2010
CLIMATE RECORD PERIOD 1911 TO 2015


WEATHER ITEM   OBSERVED TIME   RECORD YEAR NORMAL DEPARTURE LAST
                VALUE   (LST)  VALUE       VALUE  FROM      YEAR
                                                  NORMAL
..................................................................
TEMPERATURE (F)
 YESTERDAY
  MAXIMUM         58    449 PM  65    2014  49      9       65
  MINIMUM         32    342 AM   8    1949  33     -1       31
  AVERAGE         45                        41      4       48

PRECIPITATION (IN)
  YESTERDAY        0.00          0.96 1912   0.06  -0.06     0.00
  MONTH TO DATE    1.25                      2.04  -0.79     0.53
  SINCE OCT 1      8.10                      9.68  -1.58     2.21
  SINCE JAN 1      1.25                      2.04  -0.79     0.53

SNOWFALL (IN)
  YESTERDAY        0.0                       0.1   -0.1      0.0
  MONTH TO DATE    T                         1.1   -1.1       T
  SINCE JUL 1      T                         2.8   -2.8      3.4
  SNOW DEPTH       0

DEGREE DAYS
 HEATING
  YESTERDAY       20                        24     -4       17
  MONTH TO DATE  578                       627    -49      632
  SINCE DEC 1   1170                      1424   -254     1672
  SINCE JUL 1   1844                      2393   -549     2723

 COOLING
  YESTERDAY        0                         0      0        0
  MONTH TO DATE    0                         0      0        0
  SINCE DEC 1      0                         0      0        0
  SINCE JAN 1      0                         0      0        0
..................................................................


WIND (MPH)
  HIGHEST WIND SPEED     8   HIGHEST WIND DIRECTION     W (260)
  HIGHEST GUST SPEED     8   HIGHEST GUST DIRECTION     W (260)
  AVERAGE WIND SPEED     0.3


SKY COVER
  POSSIBLE SUNSHINE  MM
  AVERAGE SKY COVER 0.4


WEATHER CONDITIONS
 THE FOLLOWING WEATHER WAS RECORDED YESTERDAY.
  FOG
  FOG W/VISIBILITY <= 1/4 MILE
  HAZE


RELATIVE HUMIDITY (PERCENT)
 HIGHEST   100           400 AM
 LOWEST     57           300 PM
 AVERAGE    79

..........................................................


THE MEDFORD OR CLIMATE NORMALS FOR TODAY
                         NORMAL    RECORD    YEAR
 MAXIMUM TEMPERATURE (F)   50        62      1961
                                             1924
 MINIMUM TEMPERATURE (F)   33        13      1963


SUNRISE AND SUNSET
JANUARY 26 2015.......SUNRISE   731 AM PST   SUNSET   518 PM PST
JANUARY 27 2015.......SUNRISE   730 AM PST   SUNSET   519 PM PST


-  INDICATES NEGATIVE NUMBERS.
R  INDICATES RECORD WAS SET OR TIED.
MM INDICATES DATA IS MISSING.
T  INDICATES TRACE AMOUNT.




$$
