000
CDUS44 KBMX 250739
CLIMGM


CLIMATE REPORT
NATIONAL WEATHER SERVICE BIRMINGHAM, AL
238 AM CDT TUE APR 25 2017


...................................

...THE MONTGOMERY CLIMATE SUMMARY FOR APRIL 24 2017...

CLIMATE NORMAL PERIOD 1981 TO 2010
CLIMATE RECORD PERIOD 1872 TO 2017


WEATHER ITEM   OBSERVED TIME   RECORD YEAR NORMAL DEPARTURE LAST
                VALUE   (LST)  VALUE       VALUE  FROM      YEAR
                                                  NORMAL
..................................................................
TEMPERATURE (F)
 YESTERDAY
  MAXIMUM         74    448 PM  91    1925  79     -5       84
  MINIMUM         54    557 AM  36    1986  54      0       54
  AVERAGE         64                        66     -2       69

PRECIPITATION (IN)
  YESTERDAY        0.00          3.92 1908   0.11  -0.11     0.00
  MONTH TO DATE    1.50                      3.36  -1.86     5.31
  SINCE MAR 1      5.22                      9.31  -4.09     9.53
  SINCE JAN 1     19.92                     19.24   0.68    20.19

SNOWFALL (IN)
  YESTERDAY        0.0                       0.0    0.0      0.0
  MONTH TO DATE    0.0                       0.0    0.0      0.0
  SINCE MAR 1      0.0                       0.3   -0.3      0.0
  SINCE JUL 1      0.0                       0.4   -0.4       T
  SNOW DEPTH       0

DEGREE DAYS
 HEATING
  YESTERDAY        1                         2     -1        0
  MONTH TO DATE   26                        89    -63       37
  SINCE MAR 1    195                       344   -149      159
  SINCE JUL 1   1192                      2216  -1024     1484

 COOLING
  YESTERDAY        0                         3     -3        4
  MONTH TO DATE  124                        50     74       40
  SINCE MAR 1    205                        73    132      113
  SINCE JAN 1    251                        79    172      126
..................................................................


WIND (MPH)
  HIGHEST WIND SPEED    16   HIGHEST WIND DIRECTION     W (250)
  HIGHEST GUST SPEED    20   HIGHEST GUST DIRECTION     W (290)
  AVERAGE WIND SPEED     8.4


SKY COVER
  AVERAGE SKY COVER 0.8


WEATHER CONDITIONS
 THE FOLLOWING WEATHER WAS RECORDED YESTERDAY.
  NO SIGNIFICANT WEATHER WAS OBSERVED.


RELATIVE HUMIDITY (PERCENT)
 HIGHEST    72          1200 AM
 LOWEST     46           500 PM
 AVERAGE    59

..........................................................


THE MONTGOMERY CLIMATE NORMALS FOR TODAY
                         NORMAL    RECORD    YEAR
 MAXIMUM TEMPERATURE (F)   79        89      2009
                                             1960
 MINIMUM TEMPERATURE (F)   54        34      1910


SUNRISE AND SUNSET
APRIL 25 2017.........SUNRISE   605 AM CDT   SUNSET   722 PM CDT
APRIL 26 2017.........SUNRISE   604 AM CDT   SUNSET   723 PM CDT


-  INDICATES NEGATIVE NUMBERS.
R  INDICATES RECORD WAS SET OR TIED.
MM INDICATES DATA IS MISSING.
T  INDICATES TRACE AMOUNT.




$$
