000
CDUS44 KBMX 080834
CLIMGM


CLIMATE REPORT
NATIONAL WEATHER SERVICE BIRMINGHAM, AL
233 AM CST THU DEC 8 2016


...................................

...THE MONTGOMERY CLIMATE SUMMARY FOR DECEMBER 7 2016...

CLIMATE NORMAL PERIOD 1981 TO 2010
CLIMATE RECORD PERIOD 1872 TO 2016


WEATHER ITEM   OBSERVED TIME   RECORD YEAR NORMAL DEPARTURE LAST
                VALUE   (LST)  VALUE       VALUE  FROM      YEAR
                                                  NORMAL
..................................................................
TEMPERATURE (F)
 YESTERDAY
  MAXIMUM         57    417 PM  83    1951  62     -5       71
  MINIMUM         52   1159 PM  16    1937  39     13       42
  AVERAGE         55                        50      5       57

PRECIPITATION (IN)
  YESTERDAY        0.00          2.20 1919   0.16  -0.16     0.00
  MONTH TO DATE    1.90                      1.16   0.74     0.21
  SINCE DEC 1      1.90                      1.16   0.74     0.21
  SINCE JAN 1     39.29                     49.37 -10.08    42.76

SNOWFALL (IN)
  YESTERDAY        0.0                       0.0    0.0      0.0
  MONTH TO DATE    0.0                       0.0    0.0      0.0
  SINCE DEC 1      0.0                       0.0    0.0      0.0
  SINCE JUL 1      0.0                       0.0    0.0      0.0
  SNOW DEPTH       0

DEGREE DAYS
 HEATING
  YESTERDAY       10                        15     -5        8
  MONTH TO DATE   74                       101    -27       67
  SINCE DEC 1     74                       101    -27       67
  SINCE JUL 1    249                       472   -223      254
..................................................................


WIND (MPH)
  HIGHEST WIND SPEED    10   HIGHEST WIND DIRECTION    NW (310)
  HIGHEST GUST SPEED    13   HIGHEST GUST DIRECTION    NW (310)
  AVERAGE WIND SPEED     4.8


SKY COVER
  AVERAGE SKY COVER 1.0


WEATHER CONDITIONS
 THE FOLLOWING WEATHER WAS RECORDED YESTERDAY.
  NO SIGNIFICANT WEATHER WAS OBSERVED.


RELATIVE HUMIDITY (PERCENT)
 HIGHEST    77          1200 AM
 LOWEST     66          1000 AM
 AVERAGE    72

..........................................................


THE MONTGOMERY CLIMATE NORMALS FOR TODAY
                         NORMAL    RECORD    YEAR
 MAXIMUM TEMPERATURE (F)   61        82      1998
                                             1978
 MINIMUM TEMPERATURE (F)   39        19      1882


SUNRISE AND SUNSET
DECEMBER  8 2016......SUNRISE   635 AM CST   SUNSET   441 PM CST
DECEMBER  9 2016......SUNRISE   636 AM CST   SUNSET   441 PM CST


-  INDICATES NEGATIVE NUMBERS.
R  INDICATES RECORD WAS SET OR TIED.
MM INDICATES DATA IS MISSING.
T  INDICATES TRACE AMOUNT.




$$
