000
CDUS44 KBMX 250838
CLIMGM


CLIMATE REPORT
NATIONAL WEATHER SERVICE BIRMINGHAM, AL
338 AM CDT SAT MAR 25 2017


...................................

...THE MONTGOMERY CLIMATE SUMMARY FOR MARCH 24 2017...

CLIMATE NORMAL PERIOD 1981 TO 2010
CLIMATE RECORD PERIOD 1872 TO 2017


WEATHER ITEM   OBSERVED TIME   RECORD YEAR NORMAL DEPARTURE LAST
                VALUE   (LST)  VALUE       VALUE  FROM      YEAR
                                                  NORMAL
..................................................................
TEMPERATURE (F)
 YESTERDAY
  MAXIMUM         80    219 PM  90    1929  72      8       76
  MINIMUM         63   1159 PM  27    1968  47     16       58
  AVERAGE         72                        59     13       67

PRECIPITATION (IN)
  YESTERDAY        0.00          3.36 1892   0.19  -0.19     0.42
  MONTH TO DATE    2.47                      4.63  -2.16     3.21
  SINCE MAR 1      2.47                      4.63  -2.16     3.21
  SINCE JAN 1     17.17                     14.56   2.61    13.87

SNOWFALL (IN)
  YESTERDAY        0.0                       0.1   -0.1      0.0
  MONTH TO DATE    0.0                       0.3   -0.3      0.0
  SINCE MAR 1      0.0                       0.3   -0.3      0.0
  SINCE JUL 1      0.0                       0.4   -0.4       T
  SNOW DEPTH       0

DEGREE DAYS
 HEATING
  YESTERDAY        0                         7     -7        0
  MONTH TO DATE  169                       214    -45      117
  SINCE MAR 1    169                       214    -45      117
  SINCE JUL 1   1166                      2086   -920     1442

 COOLING
  YESTERDAY        7                         1      6        2
  MONTH TO DATE   32                        19     13       64
  SINCE MAR 1     32                        19     13       64
  SINCE JAN 1     78                        25     53       77
..................................................................


WIND (MPH)
  HIGHEST WIND SPEED    20   HIGHEST WIND DIRECTION    SE (120)
  HIGHEST GUST SPEED    25   HIGHEST GUST DIRECTION    SE (140)
  AVERAGE WIND SPEED     9.2


SKY COVER
  AVERAGE SKY COVER 0.8


WEATHER CONDITIONS
 THE FOLLOWING WEATHER WAS RECORDED YESTERDAY.
  NO SIGNIFICANT WEATHER WAS OBSERVED.


RELATIVE HUMIDITY (PERCENT)
 HIGHEST    67           700 AM
 LOWEST     39           300 PM
 AVERAGE    53

..........................................................


THE MONTGOMERY CLIMATE NORMALS FOR TODAY
                         NORMAL    RECORD    YEAR
 MAXIMUM TEMPERATURE (F)   72        89      1954
                                             1907
 MINIMUM TEMPERATURE (F)   47        29      2008


SUNRISE AND SUNSET
MARCH 25 2017.........SUNRISE   643 AM CDT   SUNSET   701 PM CDT
MARCH 26 2017.........SUNRISE   641 AM CDT   SUNSET   702 PM CDT


-  INDICATES NEGATIVE NUMBERS.
R  INDICATES RECORD WAS SET OR TIED.
MM INDICATES DATA IS MISSING.
T  INDICATES TRACE AMOUNT.




$$
