000
CDUS44 KBMX 010630
CLIMGM


CLIMATE REPORT
NATIONAL WEATHER SERVICE BIRMINGHAM, AL
129 AM CDT WED JUL 1 2015


...................................

...THE MONTGOMERY CLIMATE SUMMARY FOR JUNE 30 2015...

CLIMATE NORMAL PERIOD 1981 TO 2010
CLIMATE RECORD PERIOD 1994 TO 2015


WEATHER ITEM   OBSERVED TIME   RECORD YEAR NORMAL DEPARTURE LAST
                VALUE   (LST)  VALUE       VALUE  FROM      YEAR
                                                  NORMAL
..................................................................
TEMPERATURE (F)
 YESTERDAY
  MAXIMUM         83   1051 AM 102    1954  91     -8       94
  MINIMUM         73   1159 PM  59    1923  71      2       73
  AVERAGE         78                        81     -3       84

PRECIPITATION (IN)
  YESTERDAY        0.06          3.62 1884   0.17  -0.11     0.00
  MONTH TO DATE    3.99                      4.07  -0.08     5.17
  SINCE JUN 1      3.99                      4.07  -0.08     5.17
  SINCE JAN 1     24.49                     27.51  -3.02    34.06

DEGREE DAYS
 COOLING
  YESTERDAY       13                        16     -3       19
  MONTH TO DATE  497                       419     78      472
  SINCE JUN 1    497                       419     78      472
  SINCE JAN 1   1035                       758    277      838
..................................................................


WIND (MPH)
  HIGHEST WIND SPEED    21   HIGHEST WIND DIRECTION     W (270)
  HIGHEST GUST SPEED    27   HIGHEST GUST DIRECTION     W (280)
  AVERAGE WIND SPEED     5.1


SKY COVER
  AVERAGE SKY COVER 0.3


WEATHER CONDITIONS
 THE FOLLOWING WEATHER WAS RECORDED YESTERDAY.
  THUNDERSTORM
  RAIN
  LIGHT RAIN


RELATIVE HUMIDITY (PERCENT)
 HIGHEST    87           200 AM
 LOWEST     58          1100 AM
 AVERAGE    73

..........................................................


THE MONTGOMERY CLIMATE NORMALS FOR TODAY
                         NORMAL    RECORD    YEAR
 MAXIMUM TEMPERATURE (F)   92       101      2012
 MINIMUM TEMPERATURE (F)   71        60      1950


SUNRISE AND SUNSET
JULY  1 2015..........SUNRISE   542 AM CDT   SUNSET   756 PM CDT
JULY  2 2015..........SUNRISE   543 AM CDT   SUNSET   756 PM CDT


-  INDICATES NEGATIVE NUMBERS.
R  INDICATES RECORD WAS SET OR TIED.
MM INDICATES DATA IS MISSING.
T  INDICATES TRACE AMOUNT.




$$
