000
CDUS44 KBMX 020030
CLIMGM


CLIMATE REPORT
NATIONAL WEATHER SERVICE BIRMINGHAM, AL
730 PM CDT MON JUN 1 2015


...................................

...THE MONTGOMERY CLIMATE SUMMARY FOR JUNE 1 2015...
VALID TODAY AS OF 0700 PM LOCAL TIME.

CLIMATE NORMAL PERIOD 1981 TO 2010
CLIMATE RECORD PERIOD 1994 TO 2015


WEATHER ITEM   OBSERVED TIME   RECORD YEAR NORMAL DEPARTURE LAST
                VALUE   (LST)  VALUE       VALUE  FROM      YEAR
                                                  NORMAL
..................................................................
TEMPERATURE (F)
 TODAY
  MAXIMUM         82    321 PM 100    2011  88     -6       87
  MINIMUM         69   1249 AM  48    1889  65      4       70
  AVERAGE         76                        76      0       79

PRECIPITATION (IN)
  TODAY            T             7.11 1946   0.11  -0.11     0.37
  MONTH TO DATE    T                         0.11  -0.11     0.37
  SINCE JUN 1      T                         0.11  -0.11     0.37
  SINCE JAN 1     20.50                     23.55  -3.05    29.26

DEGREE DAYS
 COOLING
  TODAY           11                        11      0       14
  MONTH TO DATE   11                        11      0       14
  SINCE JUN 1     11                        11      0       14
  SINCE JAN 1    549                       350    199      380
..................................................................


WIND (MPH)
  HIGHEST WIND SPEED     8   HIGHEST WIND DIRECTION    SE (140)
  HIGHEST GUST SPEED    12   HIGHEST GUST DIRECTION    SE (140)
  AVERAGE WIND SPEED     2.2


SKY COVER
  AVERAGE SKY COVER 0.7


WEATHER CONDITIONS
 THE FOLLOWING WEATHER WAS RECORDED TODAY.
  LIGHT RAIN


RELATIVE HUMIDITY (PERCENT)
 HIGHEST    90          1200 AM
 LOWEST     55           200 PM
 AVERAGE    73

..........................................................


THE MONTGOMERY CLIMATE NORMALS FOR TOMORROW
                         NORMAL    RECORD    YEAR
 MAXIMUM TEMPERATURE (F)   88        99      2011
 MINIMUM TEMPERATURE (F)   65        50      1972


SUNRISE AND SUNSET
JUNE  1 2015..........SUNRISE   540 AM CDT   SUNSET   747 PM CDT
JUNE  2 2015..........SUNRISE   539 AM CDT   SUNSET   748 PM CDT


-  INDICATES NEGATIVE NUMBERS.
R  INDICATES RECORD WAS SET OR TIED.
MM INDICATES DATA IS MISSING.
T  INDICATES TRACE AMOUNT.




$$
