000
CDUS44 KBMX 290907
CLIMGM


CLIMATE REPORT
NATIONAL WEATHER SERVICE BIRMINGHAM, AL
307 AM CST MON DEC 29 2014


...................................

...THE MONTGOMERY CLIMATE SUMMARY FOR DECEMBER 28 2014...

CLIMATE NORMAL PERIOD 1981 TO 2010
CLIMATE RECORD PERIOD 1872 TO 2014


WEATHER ITEM   OBSERVED TIME   RECORD YEAR NORMAL DEPARTURE LAST
                VALUE   (LST)  VALUE       VALUE  FROM      YEAR
                                                  NORMAL
..................................................................
TEMPERATURE (F)
 YESTERDAY
  MAXIMUM         69   1205 PM  82    1984  57     12       49
  MINIMUM         55    356 AM  12    1925  36     19       43
  AVERAGE         62                        47     15       46

PRECIPITATION (IN)
  YESTERDAY        0.19          3.58 1915   0.15   0.04     1.76
  MONTH TO DATE    4.65                      4.44   0.21     8.94
  SINCE DEC 1      4.65                      4.44   0.21     8.94
  SINCE JAN 1     48.36                     52.65  -4.29    56.20

SNOWFALL (IN)
  YESTERDAY        0.0                       0.0    0.0      0.0
  MONTH TO DATE    0.0                       0.1   -0.1      0.0
  SINCE DEC 1      0.0                       0.1   -0.1      0.0
  SINCE JUL 1      0.0                       0.1   -0.1      0.0
  SNOW DEPTH       0

DEGREE DAYS
 HEATING
  YESTERDAY        3                        19    -16       19
  MONTH TO DATE  339                       461   -122      368
  SINCE DEC 1    339                       461   -122      368
  SINCE JUL 1    802                       832    -30      736
..................................................................


WIND (MPH)
  HIGHEST WIND SPEED    14   HIGHEST WIND DIRECTION    NW (320)
  HIGHEST GUST SPEED    17   HIGHEST GUST DIRECTION    NW (320)
  AVERAGE WIND SPEED     2.5


SKY COVER
  AVERAGE SKY COVER 0.9


WEATHER CONDITIONS
 THE FOLLOWING WEATHER WAS RECORDED YESTERDAY.
  HEAVY RAIN
  LIGHT RAIN
  FOG


RELATIVE HUMIDITY (PERCENT)
 HIGHEST   100           600 AM
 LOWEST     75           200 AM
 AVERAGE    88

..........................................................


THE MONTGOMERY CLIMATE NORMALS FOR TODAY
                         NORMAL    RECORD    YEAR
 MAXIMUM TEMPERATURE (F)   57        77      1971
 MINIMUM TEMPERATURE (F)   36        12      1880


SUNRISE AND SUNSET
DECEMBER 29 2014......SUNRISE   646 AM CST   SUNSET   449 PM CST
DECEMBER 30 2014......SUNRISE   646 AM CST   SUNSET   450 PM CST


-  INDICATES NEGATIVE NUMBERS.
R  INDICATES RECORD WAS SET OR TIED.
MM INDICATES DATA IS MISSING.
T  INDICATES TRACE AMOUNT.




$$
