000
CDUS44 KBMX 280824
CLIMGM


CLIMATE REPORT
NATIONAL WEATHER SERVICE BIRMINGHAM, AL
221 AM CST WED JAN 28 2015


...................................

...THE MONTGOMERY CLIMATE SUMMARY FOR JANUARY 27 2015...

CLIMATE NORMAL PERIOD 1981 TO 2010
CLIMATE RECORD PERIOD 1872 TO 2015


WEATHER ITEM   OBSERVED TIME   RECORD YEAR NORMAL DEPARTURE LAST
                VALUE   (LST)  VALUE       VALUE  FROM      YEAR
                                                  NORMAL
..................................................................
TEMPERATURE (F)
 YESTERDAY
  MAXIMUM         63    306 PM  79    1999  58      5       65
  MINIMUM         33    334 AM  10    1940  36     -3       35
  AVERAGE         48                        47      1       50

PRECIPITATION (IN)
  YESTERDAY        0.00          1.16 1874   0.17  -0.17     0.07
  MONTH TO DATE    2.82                      3.96  -1.14     2.36
  SINCE DEC 1      7.71                      8.82  -1.11    11.32
  SINCE JAN 1      2.82                      3.96  -1.14     2.36

SNOWFALL (IN)
  YESTERDAY        0.0                       0.0    0.0      0.0
  MONTH TO DATE    0.0                       0.0    0.0      0.0
  SINCE DEC 1      0.0                       0.1   -0.1      0.0
  SINCE JUL 1      0.0                       0.1   -0.1      0.0
  SNOW DEPTH       0

DEGREE DAYS
 HEATING
  YESTERDAY       17                        18     -1       15
  MONTH TO DATE  493                       506    -13      637
  SINCE DEC 1    878                      1023   -145     1063
  SINCE JUL 1   1341                      1394    -53     1431
..................................................................


WIND (MPH)
  HIGHEST WIND SPEED    21   HIGHEST WIND DIRECTION    NW (330)
  HIGHEST GUST SPEED    26   HIGHEST GUST DIRECTION     N (340)
  AVERAGE WIND SPEED     7.5


SKY COVER
  AVERAGE SKY COVER 0.0


WEATHER CONDITIONS
 THE FOLLOWING WEATHER WAS RECORDED YESTERDAY.
  NO SIGNIFICANT WEATHER WAS OBSERVED.


RELATIVE HUMIDITY (PERCENT)
 HIGHEST    89           400 AM
 LOWEST     36           300 PM
 AVERAGE    63

..........................................................


THE MONTGOMERY CLIMATE NORMALS FOR TODAY
                         NORMAL    RECORD    YEAR
 MAXIMUM TEMPERATURE (F)   58        78      1975
                                             1957
 MINIMUM TEMPERATURE (F)   36        13      1986


SUNRISE AND SUNSET
JANUARY 28 2015.......SUNRISE   642 AM CST   SUNSET   515 PM CST
JANUARY 29 2015.......SUNRISE   642 AM CST   SUNSET   516 PM CST


-  INDICATES NEGATIVE NUMBERS.
R  INDICATES RECORD WAS SET OR TIED.
MM INDICATES DATA IS MISSING.
T  INDICATES TRACE AMOUNT.




$$
