330
CDUS44 KBMX 130751
CLIMGM


CLIMATE REPORT
NATIONAL WEATHER SERVICE BIRMINGHAM, AL
150 AM CST SAT FEB 13 2016


...................................

...THE MONTGOMERY CLIMATE SUMMARY FOR FEBRUARY 12 2016...

CLIMATE NORMAL PERIOD 1981 TO 2010
CLIMATE RECORD PERIOD 1872 TO 2016


WEATHER ITEM   OBSERVED TIME   RECORD YEAR NORMAL DEPARTURE LAST
                VALUE   (LST)  VALUE       VALUE  FROM      YEAR
                                                  NORMAL
..................................................................
TEMPERATURE (F)
 YESTERDAY
  MAXIMUM         70    332 PM  80    1922  61      9       58
  MINIMUM         39    639 AM   7    1899  39      0       32
  AVERAGE         55                        50      5       45

PRECIPITATION (IN)
  YESTERDAY        0.00          2.82 2013   0.19  -0.19     0.00
  MONTH TO DATE    1.45                      2.24  -0.79     1.32
  SINCE DEC 1     20.83                     11.75   9.08     9.03
  SINCE JAN 1      6.70                      6.89  -0.19     4.14

SNOWFALL (IN)
  YESTERDAY        0.0                       0.0    0.0      0.0
  MONTH TO DATE    0.0                       0.0    0.0      0.0
  SINCE DEC 1      T                         0.1   -0.1      0.0
  SINCE JUL 1      T                         0.1   -0.1      0.0
  SNOW DEPTH       0

DEGREE DAYS
 HEATING
  YESTERDAY       10                        15     -5       20
  MONTH TO DATE  185                       197    -12      211
  SINCE DEC 1    973                      1288   -315     1156
  SINCE JUL 1   1160                      1659   -499     1619
..................................................................


WIND (MPH)
  HIGHEST WIND SPEED    20   HIGHEST WIND DIRECTION     W (260)
  HIGHEST GUST SPEED    26   HIGHEST GUST DIRECTION     W (260)
  AVERAGE WIND SPEED     7.7


SKY COVER
  AVERAGE SKY COVER 0.2


WEATHER CONDITIONS
 THE FOLLOWING WEATHER WAS RECORDED YESTERDAY.
  NO SIGNIFICANT WEATHER WAS OBSERVED.


RELATIVE HUMIDITY (PERCENT)
 HIGHEST    86           700 AM
 LOWEST     28           400 PM
 AVERAGE    57

..........................................................


THE MONTGOMERY CLIMATE NORMALS FOR TODAY
                         NORMAL    RECORD    YEAR
 MAXIMUM TEMPERATURE (F)   61        85      1962
 MINIMUM TEMPERATURE (F)   39        -5      1899


SUNRISE AND SUNSET
FEBRUARY 13 2016......SUNRISE   630 AM CST   SUNSET   530 PM CST
FEBRUARY 14 2016......SUNRISE   630 AM CST   SUNSET   530 PM CST


-  INDICATES NEGATIVE NUMBERS.
R  INDICATES RECORD WAS SET OR TIED.
MM INDICATES DATA IS MISSING.
T  INDICATES TRACE AMOUNT.




$$
