000
CDUS44 KBMX 202144
CLIMGM


CLIMATE REPORT
NATIONAL WEATHER SERVICE BIRMINGHAM, AL
444 PM CDT WED SEP 20 2017


...................................

...THE MONTGOMERY CLIMATE SUMMARY FOR SEPTEMBER 20 2017...
VALID TODAY AS OF 0400 PM LOCAL TIME.

CLIMATE NORMAL PERIOD 1981 TO 2010
CLIMATE RECORD PERIOD 1872 TO 2017


WEATHER ITEM   OBSERVED TIME   RECORD YEAR NORMAL DEPARTURE LAST
                VALUE   (LST)  VALUE       VALUE  FROM      YEAR
                                                  NORMAL
..................................................................
TEMPERATURE (F)
 TODAY
  MAXIMUM         92    246 PM 101    1925  86      6       95
  MINIMUM         69    515 AM  50    1889  64      5       71
  AVERAGE         81                        75      6       83

PRECIPITATION (IN)
  TODAY            0.00          3.83 1926   0.13  -0.13     0.00
  MONTH TO DATE    2.22                      2.73  -0.51     2.24
  SINCE SEP 1      2.22                      2.73  -0.51     2.24
  SINCE JAN 1     60.82                     39.44  21.38    35.28

DEGREE DAYS

 COOLING
  TODAY           16                        10      6       18
  MONTH TO DATE  230                       257    -27      365
  SINCE SEP 1    230                       257    -27      365
  SINCE JAN 1   2398                      2046    352     2594
..................................................................


WIND (MPH)
  HIGHEST WIND SPEED     8   HIGHEST WIND DIRECTION     N (20)
  HIGHEST GUST SPEED    11   HIGHEST GUST DIRECTION     N (20)
  AVERAGE WIND SPEED     1.9


SKY COVER
  AVERAGE SKY COVER 0.1


WEATHER CONDITIONS
 THE FOLLOWING WEATHER WAS RECORDED TODAY.
  FOG
  HAZE


RELATIVE HUMIDITY (PERCENT)
 HIGHEST    90           100 AM
 LOWEST     49           200 PM
 AVERAGE    70

..........................................................


THE MONTGOMERY CLIMATE NORMALS FOR TOMORROW
                         NORMAL    RECORD    YEAR
 MAXIMUM TEMPERATURE (F)   86       100      1925
 MINIMUM TEMPERATURE (F)   64        46      1918


SUNRISE AND SUNSET
SEPTEMBER 20 2017.....SUNRISE   633 AM CDT   SUNSET   645 PM CDT
SEPTEMBER 21 2017.....SUNRISE   633 AM CDT   SUNSET   643 PM CDT


-  INDICATES NEGATIVE NUMBERS.
R  INDICATES RECORD WAS SET OR TIED.
MM INDICATES DATA IS MISSING.
T  INDICATES TRACE AMOUNT.




$$
