000
CDUS44 KBMX 272217
CLIMGM


CLIMATE REPORT
NATIONAL WEATHER SERVICE BIRMINGHAM, AL
516 PM CDT THU JUL 27 2017


...................................

...THE MONTGOMERY CLIMATE SUMMARY FOR JULY 27 2017...
VALID TODAY AS OF 0500 PM LOCAL TIME.

CLIMATE NORMAL PERIOD 1981 TO 2010
CLIMATE RECORD PERIOD 1872 TO 2017


WEATHER ITEM   OBSERVED TIME   RECORD YEAR NORMAL DEPARTURE LAST
                VALUE   (LST)  VALUE       VALUE  FROM      YEAR
                                                  NORMAL
..................................................................
TEMPERATURE (F)
 TODAY
  MAXIMUM         97    229 PM 101    1987  92      5       92
  MINIMUM         73    433 AM  62    1911  72      1       75
  AVERAGE         85                        82      3       84

PRECIPITATION (IN)
  TODAY            0.00          2.14 1887   0.15  -0.15     0.01
  MONTH TO DATE    3.27                      4.66  -1.39     5.61
  SINCE JUN 1     15.31                      8.73   6.58     8.34
  SINCE JAN 1     49.23                     32.17  17.06    30.57

DEGREE DAYS
 COOLING
  TODAY           20                        17      3       19
  MONTH TO DATE  522                       453     69      540
  SINCE JUN 1    958                       872     86     1058
  SINCE JAN 1   1540                      1211    329     1519
..................................................................


WIND (MPH)
  HIGHEST WIND SPEED    14   HIGHEST WIND DIRECTION    NE (30)
  HIGHEST GUST SPEED    17   HIGHEST GUST DIRECTION    NE (30)
  AVERAGE WIND SPEED     2.2


SKY COVER
  AVERAGE SKY COVER 0.1


WEATHER CONDITIONS
 THE FOLLOWING WEATHER WAS RECORDED TODAY.
  NO SIGNIFICANT WEATHER WAS OBSERVED.


RELATIVE HUMIDITY (PERCENT)
 HIGHEST    87           400 AM
 LOWEST     49           100 PM
 AVERAGE    68

..........................................................


THE MONTGOMERY CLIMATE NORMALS FOR TOMORROW
                         NORMAL    RECORD    YEAR
 MAXIMUM TEMPERATURE (F)   92       102      1952
 MINIMUM TEMPERATURE (F)   72        63      1911


SUNRISE AND SUNSET
JULY 27 2017..........SUNRISE   557 AM CDT   SUNSET   747 PM CDT
JULY 28 2017..........SUNRISE   558 AM CDT   SUNSET   746 PM CDT


-  INDICATES NEGATIVE NUMBERS.
R  INDICATES RECORD WAS SET OR TIED.
MM INDICATES DATA IS MISSING.
T  INDICATES TRACE AMOUNT.




$$
